000
CXUS53 KARX 010724
CLMRST


CLIMATE REPORT
NATIONAL WEATHER SERVICE LA CROSSE WI
122 AM CST SAT MAR 1 2014

...................................

...THE ROCHESTER MN CLIMATE SUMMARY FOR THE MONTH OF FEBRUARY 2014...

CLIMATE NORMAL PERIOD 1981 TO 2010
CLIMATE RECORD PERIOD 1886 TO 2014

WEATHER         OBSERVED          NORMAL  DEPART  LAST YEAR`S
                 VALUE   DATE(S)  VALUE   FROM    VALUE  DATE(S)
                                          NORMAL
................................................................
TEMPERATURE (F)
RECORD
 HIGH              63   02/17/1981
 LOW              -35   02/02/1996
HIGHEST            38   02/18        MM      MM       37  02/25
                                                          02/13
                                                          02/10
LOWEST            -19   02/11        MM      MM      -10  02/01
AVG. MAXIMUM     15.7              28.1   -12.4     26.6
AVG. MINIMUM     -2.4              12.4   -14.8     12.3
MEAN              6.7              20.3   -13.6     19.4
DAYS MAX >= 90      0               0.0     0.0        0
DAYS MAX <= 32     25              16.3     8.7       17
DAYS MIN <= 32     28              26.3     1.7       28
DAYS MIN <= 0      17               6.0    11.0        3

PRECIPITATION (INCHES)
RECORD
 MAXIMUM         2.30   1915
 MINIMUM         0.04   1964
TOTALS           1.76              0.83    0.93     1.22
DAILY AVG.       0.06              0.03    0.03     0.04
DAYS >= .01         6               7.9    -1.9       14
DAYS >= .10         4               2.3     1.7        3
DAYS >= .50         1               0.3     0.7        0
DAYS >= 1.00        1               0.0     1.0        0
GREATEST
 24 HR. TOTAL    1.12   02/20 TO 02/20           02/22 TO 02/22
                                                          02/22 TO 02/22
                                                          02/22 TO 02/22

SNOWFALL (INCHES)
RECORDS
 TOTAL           20.1   2007
 24 HR TOTAL       MM
TOTALS           18.6               8.5    10.1     15.4
SINCE 7/1        47.8              39.9     7.9     31.8
SNOWDEPTH AVG.     16                 6      10        4
DAYS >= TRACE      14               7.5     6.5       21
DAYS >= 1.0         4               2.7     1.3        6
GREATEST
 SNOW DEPTH        21   02/28                          9
                        02/26
                        02/25
 24 HR TOTAL      8.8   MM                           6.2

DEGREE_DAYS
HEATING TOTAL    1628              1253     375     1268
 SINCE 7/1       6725              5861     864     5451
COOLING TOTAL       0                 0       0        0
 SINCE 1/1          0                 0       0        0
...................................................

WIND (MPH)
AVERAGE WIND SPEED              13.7
HIGHEST WIND SPEED/DIRECTION    43/300    DATE  02/20
HIGHEST GUST SPEED/DIRECTION    52/290    DATE  02/21

SKY COVER
POSSIBLE SUNSHINE (PERCENT)   MM
AVERAGE SKY COVER           0.30
NUMBER OF DAYS FAIR           16
NUMBER OF DAYS PC              9
NUMBER OF DAYS CLOUDY          3

AVERAGE RH (PERCENT)     74

WEATHER CONDITIONS. NUMBER OF DAYS WITH
THUNDERSTORM              0     MIXED PRECIP               0
HEAVY RAIN                0     RAIN                       0
LIGHT RAIN                2     FREEZING RAIN              0
LT FREEZING RAIN          0     HAIL                       0
HEAVY SNOW                3     SNOW                       5
LIGHT SNOW               14     SLEET                      0
FOG                      12     FOG W/VIS <= 1/4 MILE      3
HAZE                     14

-  INDICATES NEGATIVE NUMBERS.
R  INDICATES RECORD WAS SET OR TIED.
MM INDICATES DATA IS MISSING.
T  INDICATES TRACE AMOUNT.

$$
