000
CXUS53 KARX 011520
CLMRST


CLIMATE REPORT
NATIONAL WEATHER SERVICE LA CROSSE WI
919 AM CST SUN DEC 1 2013

...................................

...THE ROCHESTER MN CLIMATE SUMMARY FOR THE MONTH OF NOVEMBER 2013...

CLIMATE NORMAL PERIOD 1981 TO 2010
CLIMATE RECORD PERIOD 1886 TO 2013

WEATHER         OBSERVED          NORMAL  DEPART  LAST YEAR`S
                 VALUE   DATE(S)  VALUE   FROM    VALUE  DATE(S)
                                          NORMAL
................................................................
TEMPERATURE (F)
RECORD
 HIGH              75   11/10/2012
                        11/03/2008
                        11/08/1999
 LOW              -24   11/28/1887
HIGHEST            56   11/16        MM      MM       75  11/10
LOWEST              2   11/24        MM      MM        9  11/27
                                                          11/26
AVG. MAXIMUM     39.5              41.6    -2.1     48.2
AVG. MINIMUM     22.6              26.0    -3.4     28.6
MEAN             31.0              33.8    -2.8     38.4
DAYS MAX >= 90      0               0.0     0.0        0
DAYS MAX <= 32      8               6.1     1.9        4
DAYS MIN <= 32     27              21.3     5.7       15
DAYS MIN <= 0       0               0.7    -0.7        0

PRECIPITATION (INCHES)
RECORD
 MAXIMUM         5.91   1909
 MINIMUM         0.01   1917
TOTALS           1.76              1.91   -0.15     0.51
DAILY AVG.       0.06              0.06    0.00     0.02
DAYS >= .01        10               9.3     0.7        5
DAYS >= .10         4               4.1    -0.1        2
DAYS >= .50         1               1.2    -0.2        0
DAYS >= 1.00        0               0.3    -0.3        0
GREATEST
 24 HR. TOTAL    0.98   11/05 TO 11/05           11/10 TO 11/11
                                                          11/12 TO 11/12
                                                          11/12 TO 11/12

SNOWFALL (INCHES)
RECORDS
 TOTAL           22.5   1985
 24 HR TOTAL     10.5   11/10/2006 TO 11/10/2006
TOTALS            1.3               6.1    -4.8      0.1
SINCE 7/1         1.3               6.9    -5.6      0.1
SNOWDEPTH AVG.      0                MM      MM        0
DAYS >= TRACE       7               5.2     1.8        5
DAYS >= 1.0         0               1.8    -1.8        0
GREATEST
 SNOW DEPTH         1   11/11                          0
 24 HR TOTAL      0.5   11/21 TO 11/21               0.1

DEGREE_DAYS
HEATING TOTAL    1010               936      74      789
 SINCE 7/1       1693              1672      21     1454
COOLING TOTAL       0                 0       0        0
 SINCE 1/1        656               585      71      888

FREEZE DATES
RECORD
 EARLIEST     MM
 LATEST       MM
EARLIEST                        MM
LATEST                          MM
...................................................

WIND (MPH)
AVERAGE WIND SPEED              13.7
HIGHEST WIND SPEED/DIRECTION    35/200    DATE  11/24
HIGHEST GUST SPEED/DIRECTION    45/290    DATE  11/17

SKY COVER
POSSIBLE SUNSHINE (PERCENT)   MM
AVERAGE SKY COVER           0.40
NUMBER OF DAYS FAIR           13
NUMBER OF DAYS PC             13
NUMBER OF DAYS CLOUDY          4

AVERAGE RH (PERCENT)     72

WEATHER CONDITIONS. NUMBER OF DAYS WITH
THUNDERSTORM              0     MIXED PRECIP               0
HEAVY RAIN                3     RAIN                       6
LIGHT RAIN                8     FREEZING RAIN              1
LT FREEZING RAIN          1     HAIL                       0
HEAVY SNOW                0     SNOW                       1
LIGHT SNOW                7     SLEET                      1
FOG                      12     FOG W/VIS <= 1/4 MILE      1
HAZE                      5

-  INDICATES NEGATIVE NUMBERS.
R  INDICATES RECORD WAS SET OR TIED.
MM INDICATES DATA IS MISSING.
T  INDICATES TRACE AMOUNT.

$$
