269
CXUS53 KARX 011044
CLMRST


CLIMATE REPORT
NATIONAL WEATHER SERVICE LA CROSSE WI
543 AM CDT WED JUN 1 2016

...................................

...THE ROCHESTER MN CLIMATE SUMMARY FOR THE MONTH OF MAY 2016...

CLIMATE NORMAL PERIOD 1981 TO 2010
CLIMATE RECORD PERIOD 1886 TO 2016

WEATHER         OBSERVED          NORMAL  DEPART  LAST YEAR`S
                 VALUE   DATE(S)  VALUE   FROM    VALUE  DATE(S)
                                          NORMAL
................................................................
TEMPERATURE (F)
RECORD
 HIGH             106   05/31/1934
 LOW               20   05/17/1909
HIGHEST            90   05/06        MM      MM       83  05/03
LOWEST             31   05/15        MM      MM       35  05/19
AVG. MAXIMUM     69.4              68.7     0.7     67.0
AVG. MINIMUM     48.3              47.4     0.9     48.4
MEAN             58.9              58.1     0.8     57.7
DAYS MAX >= 90      1               0.4     0.6        0
DAYS MAX <= 32      0               0.0     0.0        0
DAYS MIN <= 32      1               0.7     0.3        0
DAYS MIN <= 0       0               0.0     0.0        0

PRECIPITATION (INCHES)
RECORD
 MAXIMUM        12.26   2013
 MINIMUM         0.40   1934
TOTALS           4.59              3.63    0.96     5.25
DAILY AVG.       0.15              0.12    0.03     0.17
DAYS >= .01        13              12.4     0.6       16
DAYS >= .10        10               6.9     3.1       11
DAYS >= .50         4               2.3     1.7        5
DAYS >= 1.00        0               0.8    -0.8        1
GREATEST
 24 HR. TOTAL    1.61   05/25 TO 05/26           05/06 TO 05/07
                                                          05/31 TO 05/31
                                                          05/31 TO 05/31

SNOWFALL (INCHES)
RECORDS
 TOTAL           14.5   2013
 24 HR TOTAL       MM
TOTALS            0.0                 T     0.0      0.0
SINCE 7/1        47.9              51.9    -4.0     50.4
SNOWDEPTH AVG.      0                MM      MM        0
DAYS >= TRACE       0               0.1    -0.1        0
DAYS >= 1.0         0               0.0     0.0        0
GREATEST
 SNOW DEPTH         0   MM                             0
 24 HR TOTAL      0.0   05/31 TO 05/31               0.0

DEGREE_DAYS
HEATING TOTAL     229               245     -16      236
 SINCE 7/1       6775              7670    -895     8048
COOLING TOTAL      47                30      17       16
 SINCE 1/1         48                34      14       16
..................................................

WIND (MPH)
AVERAGE WIND SPEED              10.7
HIGHEST WIND SPEED/DIRECTION    40/220    DATE  05/23
HIGHEST GUST SPEED/DIRECTION    47/210    DATE  05/23

SKY COVER
POSSIBLE SUNSHINE (PERCENT)   MM
AVERAGE SKY COVER           0.40
NUMBER OF DAYS FAIR           18
NUMBER OF DAYS PC              8
NUMBER OF DAYS CLOUDY          5

AVERAGE RH (PERCENT)     65

WEATHER CONDITIONS. NUMBER OF DAYS WITH
THUNDERSTORM              0     MIXED PRECIP               0
HEAVY RAIN                7     RAIN                      10
LIGHT RAIN               17     FREEZING RAIN              0
LT FREEZING RAIN          0     HAIL                       0
HEAVY SNOW                0     SNOW                       0
LIGHT SNOW                0     SLEET                      0
FOG                      14     FOG W/VIS <= 1/4 MILE      2
HAZE                      3

-  INDICATES NEGATIVE NUMBERS.
R  INDICATES RECORD WAS SET OR TIED.
MM INDICATES DATA IS MISSING.
T  INDICATES TRACE AMOUNT.

$$
