060
CXUS53 KARX 010716
CLMRST


CLIMATE REPORT
NATIONAL WEATHER SERVICE LA CROSSE WI
215 AM CDT FRI SEP 1 2017

...................................

...THE ROCHESTER MN CLIMATE SUMMARY FOR THE MONTH OF AUGUST 2017...

CLIMATE NORMAL PERIOD 1981 TO 2010
CLIMATE RECORD PERIOD 1886 TO 2017

WEATHER         OBSERVED          NORMAL  DEPART  LAST YEAR`S
                 VALUE   DATE(S)  VALUE   FROM    VALUE  DATE(S)
                                          NORMAL
................................................................
TEMPERATURE (F)
RECORD
 HIGH             100   08/24/1948
                        08/23/1948
                        08/04/1947
 LOW               32   08/30/1915
HIGHEST            83   08/20        MM      MM       86  08/10
                                                          08/03
LOWEST             49   08/31        MM      MM       53  08/26
                                                          08/22
                                                          08/21
AVG. MAXIMUM     74.1              78.9    -4.8     79.7
AVG. MINIMUM     55.4              59.3    -3.9     60.6
MEAN             64.8              69.1    -4.3     70.1
DAYS MAX >= 90      0               1.4    -1.4        0
DAYS MAX <= 32      0               0.0     0.0        0
DAYS MIN <= 32      0               0.0     0.0        0
DAYS MIN <= 0       0               0.0     0.0        0

PRECIPITATION (INCHES)
RECORD
 MAXIMUM        14.07   2007
 MINIMUM         0.31   1941
TOTALS           4.17              4.52   -0.35     5.74
DAILY AVG.       0.13              0.15   -0.02     0.19
DAYS >= .01        13              10.0     3.0        9
DAYS >= .10         5               6.4    -1.4        8
DAYS >= .50         3               3.1    -0.1        5
DAYS >= 1.00        2               1.2     0.8        2
GREATEST
 24 HR. TOTAL    2.01   08/03 TO 08/03           08/18 TO 08/19
                                                          08/31 TO 08/31
                                                          08/31 TO 08/31

SNOWFALL (INCHES)
RECORDS
 TOTAL             MM   MM
 24 HR TOTAL       MM
TOTALS            0.0               0.0     0.0      0.0
SINCE 7/1         0.0               0.0     0.0      0.0
SNOWDEPTH AVG.      0                MM      MM        0
DAYS >= TRACE       0               0.0     0.0        0
DAYS >= 1.0         0               0.0     0.0        0
GREATEST
 SNOW DEPTH         0   MM                             0
 24 HR TOTAL      0.0   08/31 TO 08/31               0.0

DEGREE_DAYS
HEATING TOTAL      40                27      13        7
 SINCE 7/1         41                38       3       11
COOLING TOTAL      41               154    -113      173
 SINCE 1/1        402               525    -123      573
..................................................

WIND (MPH)
AVERAGE WIND SPEED              8.5
HIGHEST WIND SPEED/DIRECTION    28/300    DATE  08/17
HIGHEST GUST SPEED/DIRECTION    37/320    DATE  08/03

SKY COVER
POSSIBLE SUNSHINE (PERCENT)   MM
AVERAGE SKY COVER           0.40
NUMBER OF DAYS FAIR           15
NUMBER OF DAYS PC             13
NUMBER OF DAYS CLOUDY          3

AVERAGE RH (PERCENT)     81

WEATHER CONDITIONS. NUMBER OF DAYS WITH
THUNDERSTORM              0     MIXED PRECIP               0
HEAVY RAIN                2     RAIN                       4
LIGHT RAIN               15     FREEZING RAIN              0
LT FREEZING RAIN          0     HAIL                       0
HEAVY SNOW                0     SNOW                       0
LIGHT SNOW                0     SLEET                      0
FOG                      18     FOG W/VIS <= 1/4 MILE      5
HAZE                      1

-  INDICATES NEGATIVE NUMBERS.
R  INDICATES RECORD WAS SET OR TIED.
MM INDICATES DATA IS MISSING.
T  INDICATES TRACE AMOUNT.

$$
