000
CXUS53 KARX 021059 RRA
CLMRST

CLIMATE REPORT
NATIONAL WEATHER SERVICE LA CROSSE WI
324 AM CDT THU OCT 1 2015

...SEPTEMBER IN ROCHESTER WAS MARKED BY WELL ABOVE-NORMAL
TEMPERATURES AND BELOW-NORMAL PRECIPITATION...

TEMPERATURES...2ND WARMEST

THE AVERAGE TEMPERATURE FOR THE MONTH WAS 66.2 DEGREES WHICH WAS 5.3
DEGREES ABOVE THE 1981-2010 NORMAL OF 60.9 DEGREES. THIS RANKS AS
THE 2ND WARMEST SEPTEMBER ON RECORD.  THE WARMEST SEPTEMBER OCCURRED
IN 1931 WHEN THE AVERAGE TEMPERATURE WAS 66.9 DEGREES. THE AVERAGE
HIGH TEMPERATURE WAS 76.3 DEGREES WHICH WAS 4.9 DEGREES WARMER THAN
THE 1981-2010 AVERAGE OF 71.4 DEGREES.  THIS WAS THE 8TH WARMEST.
THE WARMEST AVERAGE HIGH TEMPERATURE OCCURRED BACK IN 1948 WHEN THE
AVERAGE TEMPERATURE WAS 79.2 DEGREES.  THE AVERAGE LOW TEMPERATURE
WAS 56.1 DEGREES WHICH WAS 5.7 DEGREES WARMER THAN THE 1981-2010
AVERAGE OF 50.4 DEGREES. THIS WAS THE WARMEST.  THE PREVIOUS RECORD
LOW TEMPERATURE AVERAGE OCCURRED BACK IN 1931 WHEN THE AVERAGE
TEMPERATURE WAS 55.1 DEGREES.

THE HIGHEST TEMPERATURE FOR THE MONTH WAS 88 DEGREES...WHICH
OCCURRED ON THE 3RD. WHILE THE LOWEST TEMPERATURE IN SEPTEMBER WAS
38 DEGREES WHICH OCCURRED ON THE 30TH.

PRECIPITATION...

ROCHESTER RECEIVED 2.88 INCHES OF PRECIPITATION DURING THE MONTH
WHICH WAS 0.57 INCHES BELOW THE 1981-2010 NORMAL OF 3.45 INCHES. THE
GREATEST 24-HOUR AMOUNT WAS 1.55 INCHES THAT OCCURRED ON THE 17TH.

...RECORDS...

WARMEST LOW TEMPERATURE - 70 ON THE 4TH - PREVIOUS RECORD 69 IN 2014.
TIED WARMEST LOW TEMPERATURE - 59 ON THE 28TH - PREVIOUS RECORD 59
IN 1983.

...DISCUSSION...

A RIDGE OF HIGH PRESSURE WAS LOCATED ACROSS THE REGION FOR MUCH OF
THE MONTH. THIS RESULTED IN MAINLY SOUTHERLY WINDS THROUGHOUT MUCH
OF THE MONTH. THIS RESULTED IN SEVERAL WELL ABOVE-NORMAL TEMPERATURE
STREAKS DURING THE MONTH.  TEMPERATURES AVERAGED 10 TO 14 DEGREES
ABOVE NORMAL FROM THE 1ST THROUGH 6TH...15TH AND 16TH...AND FROM THE
23RD THROUGH THE 28TH.

...................................

...THE ROCHESTER MN CLIMATE SUMMARY FOR THE MONTH OF SEPTEMBER 2015...

CLIMATE NORMAL PERIOD 1981 TO 2010
CLIMATE RECORD PERIOD 1886 TO 2015

WEATHER         OBSERVED          NORMAL  DEPART  LAST YEAR`S
                 VALUE   DATE(S)  VALUE   FROM    VALUE  DATE(S)
                                          NORMAL
................................................................
TEMPERATURE (F)
RECORD
 HIGH             100   09/06/1913
 LOW               22   09/28/1942
                        09/28/1893
HIGHEST            88   09/03        MM      MM       85  09/04
LOWEST             38   09/30        MM      MM       34  09/13
AVG. MAXIMUM     76.3              71.4     4.9     70.0
AVG. MINIMUM     56.1              50.4     5.7     49.5
MEAN             66.2              60.9     5.3     59.8
DAYS MAX >= 90      0               0.1    -0.1        0
DAYS MAX <= 32      0               0.0     0.0        0
DAYS MIN <= 32      0               0.5    -0.5        0
DAYS MIN <= 0       0               0.0     0.0        0

PRECIPITATION (INCHES)
RECORD
 MAXIMUM        10.50   1986
 MINIMUM         0.33   1953
TOTALS           2.88              3.45   -0.57     3.54
DAILY AVG.       0.10              0.12   -0.02     0.12
DAYS >= .01         8               9.9    -1.9        9
DAYS >= .10         4               5.8    -1.8        6
DAYS >= .50         2               1.9     0.1        2
DAYS >= 1.00        1               0.9     0.1        2
GREATEST
 24 HR. TOTAL    1.55   09/17 TO 09/17           08/31 TO 09/01
                        09/16 TO 09/17                    09/30 TO 09/30
                        09/17 TO 09/17                    09/30 TO 09/30

SNOWFALL (INCHES)
RECORDS
 TOTAL            0.0   MM
 24 HR TOTAL      0.0   09/30/2002 TO 09/30/2002
                        09/01/2001 TO 09/01/2001
TOTALS            0.0               0.0     0.0      0.0
SINCE 7/1         0.0               0.0     0.0      0.0
SNOWDEPTH AVG.      0                MM      MM        0
DAYS >= TRACE       0               0.0     0.0        0
DAYS >= 1.0         0               0.0     0.0        0
GREATEST
 SNOW DEPTH         0   MM                             0
 24 HR TOTAL      0.0   09/30 TO 09/30               0.0

DEGREE_DAYS
HEATING TOTAL      82               177     -95      180
 SINCE 7/1        141               215     -74      205
COOLING TOTAL     127                54      73       31
 SINCE 1/1        502               579     -77      491
.................................................

WIND (MPH)
AVERAGE WIND SPEED              9.6
HIGHEST WIND SPEED/DIRECTION    35/230    DATE  09/09
HIGHEST GUST SPEED/DIRECTION    43/170    DATE  09/15

SKY COVER
POSSIBLE SUNSHINE (PERCENT)   MM
AVERAGE SKY COVER           0.20
NUMBER OF DAYS FAIR           21
NUMBER OF DAYS PC              9
NUMBER OF DAYS CLOUDY          0

AVERAGE RH (PERCENT)     74

WEATHER CONDITIONS. NUMBER OF DAYS WITH
THUNDERSTORM              7     MIXED PRECIP               0
HEAVY RAIN                4     RAIN                       6
LIGHT RAIN               14     FREEZING RAIN              0
LT FREEZING RAIN          0     HAIL                       0
HEAVY SNOW                0     SNOW                       0
LIGHT SNOW                0     SLEET                      0
FOG                      16     FOG W/VIS <= 1/4 MILE      2
HAZE                      3

-  INDICATES NEGATIVE NUMBERS.
R  INDICATES RECORD WAS SET OR TIED.
MM INDICATES DATA IS MISSING.
T  INDICATES TRACE AMOUNT.

$$

BOYNE
