000
CXUS53 KARX 010654
CLMRST


CLIMATE REPORT
NATIONAL WEATHER SERVICE LA CROSSE WI
153 AM CDT SUN SEP 1 2013

...................................

...THE ROCHESTER CLIMATE SUMMARY FOR THE MONTH OF AUGUST 2013...

CLIMATE NORMAL PERIOD 1981 TO 2010
CLIMATE RECORD PERIOD 1886 TO 2013

WEATHER         OBSERVED          NORMAL  DEPART  LAST YEAR`S
                 VALUE   DATE(S)  VALUE   FROM    VALUE  DATE(S)
                                          NORMAL
................................................................
TEMPERATURE (F)
RECORD
 HIGH             100   08/24/1948
                        08/23/1948
                        08/04/1947
 LOW               32   08/30/1915
HIGHEST            91   08/26        MM      MM       95  08/30
LOWEST             49   08/14        MM      MM       47  08/17
AVG. MAXIMUM     79.9              78.9     1.0     80.4
AVG. MINIMUM     59.8              59.3     0.5     57.9
MEAN             69.9              69.1     0.8     69.2
DAYS MAX >= 90      3               1.4     1.6        3
DAYS MAX <= 32      0               0.0     0.0        0
DAYS MIN <= 32      0               0.0     0.0        0
DAYS MIN <= 0       0               0.0     0.0        0

PRECIPITATION (INCHES)
RECORD
 MAXIMUM        14.07   2007
 MINIMUM         0.31   1941
TOTALS           1.80              4.52   -2.72     1.96
DAILY AVG.       0.06              0.15   -0.09     0.06
DAYS >= .01         7              10.0    -3.0       12
DAYS >= .10         4               6.4    -2.4        6
DAYS >= .50         2               3.1    -1.1        1
DAYS >= 1.00        0               1.2    -1.2        0
GREATEST
 24 HR. TOTAL    0.75   08/10 TO 08/11

SNOWFALL (INCHES)
RECORDS
 TOTAL             MM   MM
TOTALS            0.0               0.0     0.0      0.0
SINCE 7/1         0.0               0.0     0.0      0.0
SNOWDEPTH AVG.      0                MM      MM        0
DAYS >= 1.0         0               0.0     0.0        0
GREATEST
 SNOW DEPTH         0   MM                             0  MM
 24 HR TOTAL      0.0   08/31 TO 08/31

DEGREE_DAYS
HEATING TOTAL      11                27     -16
 SINCE 7/1         34                38      -4
COOLING TOTAL     171               154      17
 SINCE 1/1        556               525      31
.................................................................

WIND (MPH)
AVERAGE WIND SPEED              7.8
HIGHEST WIND SPEED/DIRECTION    24/190    DATE  08/25
HIGHEST GUST SPEED/DIRECTION    32/200    DATE  08/25

SKY COVER
POSSIBLE SUNSHINE (PERCENT)   MM
AVERAGE SKY COVER           0.20
NUMBER OF DAYS FAIR           26
NUMBER OF DAYS PC              4
NUMBER OF DAYS CLOUDY          1

AVERAGE RH (PERCENT)     73

WEATHER CONDITIONS. NUMBER OF DAYS WITH
THUNDERSTORM              0     MIXED PRECIP               0
HEAVY RAIN                4     RAIN                       2
LIGHT RAIN               11     FREEZING RAIN              0
LT FREEZING RAIN          0     HAIL                       0
HEAVY SNOW                0     SNOW                       0
LIGHT SNOW                0     SLEET                      0
FOG                      11     FOG W/VIS <= 1/4 MILE      5
HAZE                      3

-  INDICATES NEGATIVE NUMBERS.
R  INDICATES RECORD WAS SET OR TIED.
MM INDICATES DATA IS MISSING.
T  INDICATES TRACE AMOUNT.

$$
