000
CXUS53 KARX 011703
CLMRST

CLIMATE REPORT
NATIONAL WEATHER SERVICE LA CROSSE WI
415 AM CDT WED NOV 1 2017

...TEMPERATURES AT ROCHESTER, MINNESOTA WERE ABOVE NORMAL AND
PRECIPITATION WAS ABOVE NORMAL DURING THE MONTH OF OCTOBER...

THE AVERAGE TEMPERATURE WAS 49.6 DEGREES. THIS WAS 1.2 DEGREES ABOVE
NORMAL. THE AVERAGE HIGH TEMPERATURE WAS 58,2 DEGREES AND THE
AVERAGE LOW TEMPERATURE WAS 41.1 DEGREES. THE HIGHEST TEMPERATURE
FOR THE MONTH WAS 77 DEGREES WHICH OCCURRED ON THE 8TH. THE COLDEST
TEMPERATURE WAS 22 DEGREES WHICH OCCURRED ON THE 13TH AND 31ST.

ROCHESTER RECEIVED 5.09 INCHES OF PRECIPITATION DURING THE MONTH.
THIS WAS 2.85 INCHES ABOVE NORMAL. THIS MADE IT THE 4TH WETTEST
OCTOBER.  THE GREATEST 24-HOUR PRECIPITATION TOTAL WAS 1.44 INCHES
WHICH OCCURRED FROM THE 6TH. 2.6 INCHES OF SNOW FELL DURING THE
MONTH AT ROCHESTER AND IT ALL FELL ON THE 27TH.  THIS TIED 1989 FOR
THE 8TH SNOWIEST OCTOBER.

...RECORDS...

DAILY RECORD FOR SNOWFALL SET ON OCTOBER 27TH. A TOTAL OF 2.6 INCHES
OF SNOW FELL ON THE 27TH. THIS BREAKS THE OLD RECORD OF 1.5 INCHES
SET IN 1917.

...DISCUSSION...

IT WAS A WARM MONTH OF OCTOBER AT ROCHESTER, MINNESOTA. THERE WAS
ONLY 7 DAYS WITH A TEMPERATURE AT OR BELOW FREEZING. THE AVERAGE FOR
THE MONTH OF OCTOBER IS 8 DAYS WITH AT OR BELOW FREEZING
TEMPERATURES. THERE WERE 7 DAYS IN OCTOBER WITH A HIGH TEMPERATURE
OF 70 DEGREES OR GREATER. 2 MORE THAN THE AVERAGE OF 5 DAYS. THE
AVERAGE OVERALL TEMPERATURE FOR THE MONTH OF OCTOBER WAS 1.2 DEGREES
ABOVE NORMAL.

PRECIPITATION WAS 2.85 INCHES GREATER THAN NORMAL FOR THE MONTH OF
OCTOBER. 1.44 OF THE 2.85 INCHES THAT FELL DURING THE MONTH OCCURRED
WITHIN A 24-HOUR PERIOD ON THE 6TH.  THE DRIEST STRETCH WAS FROM THE
15TH THROUGH THE 20TH WHEN ONLY FOUR HUNDREDTHS OF AN INCH OF
PRECIPITATION WAS RECORDED. 2.6 INCHES OF SNOW FELL DURING THE MONTH
OF OCTOBER. ALL OF THE SNOWFALL OCCURRED ON THE 27TH. ON AVERAGE IT
IS EXPECTED THAT THERE BE ONE DAY IN OCTOBER WITH MEASURABLE
SNOWFALL.

...................................

...THE ROCHESTER MN CLIMATE SUMMARY FOR THE MONTH OF OCTOBER 2017...

CLIMATE NORMAL PERIOD 1981 TO 2010
CLIMATE RECORD PERIOD 1886 TO 2017

WEATHER         OBSERVED          NORMAL  DEPART  LAST YEAR`S
                 VALUE   DATE(S)  VALUE   FROM    VALUE  DATE(S)
                                          NORMAL
................................................................
TEMPERATURE (F)
RECORD
 HIGH              93   10/03/1997
 LOW               -6   10/25/1887
HIGHEST            77   10/08        MM      MM       75  10/11
                                                          10/04
LOWEST             22   10/31        MM      MM       29  10/21
                                                          10/13
AVG. MAXIMUM     58.2              58.4    -0.2     61.8
AVG. MINIMUM     41.1              38.4     2.7     42.2
MEAN             49.6              48.4     1.2     52.0
DAYS MAX >= 90      0               0.1    -0.1        0
DAYS MAX <= 32      1               0.1     0.9        0
DAYS MIN <= 32      7               8.1    -1.1        3
DAYS MIN <= 0       0               0.0     0.0        0

PRECIPITATION (INCHES)
RECORD
 MAXIMUM         9.11   1911
 MINIMUM         0.01   1952
TOTALS           5.09              2.24    2.85     2.74
DAILY AVG.       0.16              0.07    0.09     0.09
DAYS >= .01        13               9.4     3.6        9
DAYS >= .10        10               4.8     5.2        5
DAYS >= .50         3               1.4     1.6        2
DAYS >= 1.00        2               0.4     1.6        0
GREATEST
 24 HR. TOTAL    1.44   10/06 TO 10/06           10/25 TO 10/26
                                                          10/31 TO 10/31
                                                          10/31 TO 10/31

SNOWFALL (INCHES)
RECORDS
 TOTAL           10.0   1887
 24 HR TOTAL      4.2   MM
TOTALS            2.6               0.8     1.8      0.0
SINCE 7/1         2.6               0.8     1.8      0.0
SNOWDEPTH AVG.      0                MM      MM        0
DAYS >= TRACE       4               0.9     3.1        0
DAYS >= 1.0         1               0.2     0.8        0
GREATEST
 SNOW DEPTH         0   MM                             0
 24 HR TOTAL      2.6   10/27 TO 10/27               0.0

DEGREE_DAYS
HEATING TOTAL     470               521     -51      398
 SINCE 7/1        622               736    -114      475
COOLING TOTAL       1                 6      -5        1
 SINCE 1/1        494               585     -91      629
..................................................

WIND (MPH)
AVERAGE WIND SPEED              12.5
HIGHEST WIND SPEED/DIRECTION    33/290    DATE  10/30
HIGHEST GUST SPEED/DIRECTION    47/210    DATE  10/21

SKY COVER
POSSIBLE SUNSHINE (PERCENT)   MM
AVERAGE SKY COVER           0.50
NUMBER OF DAYS FAIR            9
NUMBER OF DAYS PC             12
NUMBER OF DAYS CLOUDY         10

AVERAGE RH (PERCENT)     75

WEATHER CONDITIONS. NUMBER OF DAYS WITH
THUNDERSTORM              6     MIXED PRECIP               0
HEAVY RAIN                5     RAIN                       8
LIGHT RAIN               15     FREEZING RAIN              0
LT FREEZING RAIN          0     HAIL                       0
HEAVY SNOW                1     SNOW                       1
LIGHT SNOW                4     SLEET                      0
FOG                      12     FOG W/VIS <= 1/4 MILE      1
HAZE                      1

-  INDICATES NEGATIVE NUMBERS.
R  INDICATES RECORD WAS SET OR TIED.
MM INDICATES DATA IS MISSING.
T  INDICATES TRACE AMOUNT.

$$
