000
CXUS53 KARX 010705
CLMRST


CLIMATE REPORT
NATIONAL WEATHER SERVICE LA CROSSE WI
203 AM CDT SAT OCT 1 2016

...................................

...THE ROCHESTER MN CLIMATE SUMMARY FOR THE MONTH OF SEPTEMBER 2016...

CLIMATE NORMAL PERIOD 1981 TO 2010
CLIMATE RECORD PERIOD 1886 TO 2016

WEATHER         OBSERVED          NORMAL  DEPART  LAST YEAR`S
                 VALUE   DATE(S)  VALUE   FROM    VALUE  DATE(S)
                                          NORMAL
................................................................
TEMPERATURE (F)
RECORD
 HIGH             100   09/06/1913
 LOW               22   09/28/1942
                        09/28/1893
HIGHEST            83   09/18        MM      MM       88  09/03
                        09/05
LOWEST             45   09/27        MM      MM       38  09/30
AVG. MAXIMUM     73.9              71.4     2.5     76.3
AVG. MINIMUM     54.9              50.4     4.5     56.1
MEAN             64.4              60.9     3.5     66.2
DAYS MAX >= 90      0               0.1    -0.1        0
DAYS MAX <= 32      0               0.0     0.0        0
DAYS MIN <= 32      0               0.5    -0.5        0
DAYS MIN <= 0       0               0.0     0.0        0

PRECIPITATION (INCHES)
RECORD
 MAXIMUM        10.50   1986
 MINIMUM         0.33   1953
TOTALS           9.10              3.45    5.65     2.88
DAILY AVG.       0.30              0.12    0.18     0.10
DAYS >= .01        13               9.9     3.1        8
DAYS >= .10         9               5.8     3.2        4
DAYS >= .50         6               1.9     4.1        2
DAYS >= 1.00        3               0.9     2.1        1
GREATEST
 24 HR. TOTAL    3.60   09/21 TO 09/21           09/17 TO 09/17
                                                          09/16 TO 09/17
                                                          09/17 TO 09/17

SNOWFALL (INCHES)
RECORDS
 TOTAL            0.0   MM
 24 HR TOTAL      0.0   09/30/2002 TO 09/30/2002
                        09/01/2001 TO 09/01/2001
TOTALS            0.0               0.0     0.0      0.0
SINCE 7/1         0.0               0.0     0.0      0.0
SNOWDEPTH AVG.      0                MM      MM        0
DAYS >= TRACE       0               0.0     0.0        0
DAYS >= 1.0         0               0.0     0.0        0
GREATEST
 SNOW DEPTH         0   MM                             0
 24 HR TOTAL      0.0   09/30 TO 09/30               0.0

DEGREE_DAYS
HEATING TOTAL      66               177    -111       82
 SINCE 7/1         77               215    -138      141
COOLING TOTAL      55                54       1      127
 SINCE 1/1        628               579      49      502
........................................................

WIND (MPH)
AVERAGE WIND SPEED              10.1
HIGHEST WIND SPEED/DIRECTION    32/260    DATE  09/21
HIGHEST GUST SPEED/DIRECTION    44/260    DATE  09/21

SKY COVER
POSSIBLE SUNSHINE (PERCENT)   MM
AVERAGE SKY COVER           0.40
NUMBER OF DAYS FAIR           12
NUMBER OF DAYS PC             15
NUMBER OF DAYS CLOUDY          3

AVERAGE RH (PERCENT)     77

WEATHER CONDITIONS. NUMBER OF DAYS WITH
THUNDERSTORM              0     MIXED PRECIP               0
HEAVY RAIN                6     RAIN                      10
LIGHT RAIN               18     FREEZING RAIN              0
LT FREEZING RAIN          0     HAIL                       0
HEAVY SNOW                0     SNOW                       0
LIGHT SNOW                0     SLEET                      0
FOG                      17     FOG W/VIS <= 1/4 MILE      1
HAZE                      0

-  INDICATES NEGATIVE NUMBERS.
R  INDICATES RECORD WAS SET OR TIED.
MM INDICATES DATA IS MISSING.
T  INDICATES TRACE AMOUNT.

$$
