000
CXUS53 KARX 011455
CLMRST

MKECLMRST 000
TTAA00 KARX 011445


CLIMATE REPORT
NATIONAL WEATHER SERVICE LA CROSSE WI
926 AM CDT TUE SEP 1 2015

...AUGUST IN ROCHESTER HAD COOLER THAN NORMAL TEMPERATURES AND
BELOW NORMAL PRECIPITATION...

THE AVERAGE MONTHLY TEMPERATURE IN ROCHESTER WAS 66.5 DEGREES. THIS
WAS 2.6 DEGREES BELOW NORMAL FOR THE MONTH. THE AVERAGE HIGH WAS
75.9 DEGREES AND THE AVERAGE LOW WAS 57.2 DEGREES. THE HIGHEST
TEMPERATURE FOR THE MONTH WAS 86 DEGREES...WHICH OCCURRED ON THE
14TH. THE LOWEST TEMPERATURE IN AUGUST WAS 47 DEGREES...WHICH
OCCURRED ON THE 26TH.

ROCHESTER RECEIVED 3.16 INCHES OF RAINFALL DURING THE MONTH. THIS
WAS 1.36 INCHES BELOW NORMAL. THE GREATEST 24 HOUR RAINFALL WAS 1.42
INCHES FELL FROM THE 18TH TO THE 19TH. THE TOTAL PRECIPITATION FOR
THE YEAR AT MONTHS END WAS 25.17 INCHES...NORMAL IS 24.19 INCHES.

...RECORDS...

NO RECORDS WERE SET OR TIED

...DISCUSSION...

A RATHER PERSISTENT RIDGE OF HIGH PRESSURE OVER THE WESTERN UNITED
STATES PUT THE AREA INTO A PREDOMINATELY NORTHWEST FLOW THAT
PRODUCED COOLER AND DRIER WEATHER. A TOTAL OF 19 DAYS DURING THE
MONTH HAD BELOW NORMAL AVERAGE TEMPERATURES...WITH THE COOLEST DAY
BEING THE 24TH WHEN THE AVERAGE TEMPERATURE FOR THE DAY WAS 57
DEGREES...WHICH WAS 11 DEGREES BELOW NORMAL. RAINFALL FOR THE MONTH
WAS SPARSE WITH THE MAJORITY OF THE RAIN FALLING ON THE 18TH AND
28TH...WHEN 1.41 INCHES AND 0.86 HUNDREDTHS OF RAIN FELL.


...................................

...THE ROCHESTER MN CLIMATE SUMMARY FOR THE MONTH OF AUGUST 2015...

CLIMATE NORMAL PERIOD 1981 TO 2010
CLIMATE RECORD PERIOD 1886 TO 2015

WEATHER         OBSERVED          NORMAL  DEPART  LAST YEAR`S
                 VALUE   DATE(S)  VALUE   FROM    VALUE  DATE(S)
                                          NORMAL
................................................................
TEMPERATURE (F)
RECORD
 HIGH             100   08/24/1948
                        08/23/1948
                        08/04/1947
 LOW               32   08/30/1915
HIGHEST            86   08/14        MM      MM       87  08/24
LOWEST             47   08/26        MM      MM       53  08/14
AVG. MAXIMUM     75.9              78.9    -3.0     79.7
AVG. MINIMUM     57.2              59.3    -2.1     61.2
MEAN             66.5              69.1    -2.6     70.5
DAYS MAX >= 90      0               1.4    -1.4        0
DAYS MAX <= 32      0               0.0     0.0        0
DAYS MIN <= 32      0               0.0     0.0        0
DAYS MIN <= 0       0               0.0     0.0        0

PRECIPITATION (INCHES)
RECORD
 MAXIMUM        14.07   2007
 MINIMUM         0.31   1941
TOTALS           3.16              4.52   -1.36     5.36
DAILY AVG.       0.10              0.15   -0.05     0.17
DAYS >= .01         9              10.0    -1.0       13
DAYS >= .10         6               6.4    -0.4        8
DAYS >= .50         2               3.1    -1.1        5
DAYS >= 1.00        1               1.2    -0.2        1
GREATEST
 24 HR. TOTAL    1.42   08/18 TO 08/19           08/28 TO 08/29
                                                          08/31 TO 08/31
                                                          08/31 TO 08/31

SNOWFALL (INCHES)
RECORDS
 TOTAL             MM   MM
 24 HR TOTAL       MM
TOTALS            0.0               0.0     0.0      0.0
SINCE 7/1         0.0               0.0     0.0      0.0
SNOWDEPTH AVG.      0                MM      MM        0
DAYS >= TRACE       0               0.0     0.0        0
DAYS >= 1.0         0               0.0     0.0        0
GREATEST
 SNOW DEPTH         0   MM                             0
 24 HR TOTAL      0.0   08/31 TO 08/31               0.0

DEGREE_DAYS
HEATING TOTAL      42                27      15        3
 SINCE 7/1         59                38      21       25
COOLING TOTAL      98               154     -56      180
 SINCE 1/1        375               525    -150      460
..................................................

WIND (MPH)
AVERAGE WIND SPEED              9.8
HIGHEST WIND SPEED/DIRECTION    31/170    DATE  08/22
HIGHEST GUST SPEED/DIRECTION    44/180    DATE  08/22

SKY COVER
POSSIBLE SUNSHINE (PERCENT)   MM
AVERAGE SKY COVER           0.30
NUMBER OF DAYS FAIR           17
NUMBER OF DAYS PC             10
NUMBER OF DAYS CLOUDY          4

AVERAGE RH (PERCENT)     79

WEATHER CONDITIONS. NUMBER OF DAYS WITH
THUNDERSTORM              8     MIXED PRECIP               0
HEAVY RAIN                3     RAIN                       6
LIGHT RAIN               14     FREEZING RAIN              0
LT FREEZING RAIN          0     HAIL                       0
HEAVY SNOW                0     SNOW                       0
LIGHT SNOW                0     SLEET                      0
FOG                      17     FOG W/VIS <= 1/4 MILE      5
HAZE                      2

-  INDICATES NEGATIVE NUMBERS.
R  INDICATES RECORD WAS SET OR TIED.
MM INDICATES DATA IS MISSING.
T  INDICATES TRACE AMOUNT.

$$

BOYNE
