000
CXUS53 KARX 011417
CLMRST

CLIMATE REPORT
NATIONAL WEATHER SERVICE LA CROSSE WI
817 AM CST FRI DEC 1 2017

...BELOW NORMAL TEMPERATURES AND PRECIPITATION DURING NOVEMBER IN
ROCHESTER MINNESOTA...

THE AVERAGE TEMPERATURE FOR THE MONTH WAS 32.9 DEGREES. THIS WAS 0.9
DEGREES BELOW NORMAL. THE AVERAGE HIGH TEMPERATURE WAS 47.0 DEGREES
AND THE AVERAGE LOW WAS 23.8 DEGREES. THE HIGHEST TEMPERATURE WAS 61
DEGREES ON THE 24TH...WHILE THE LOWEST READING WAS 9 DEGREES WHICH
OCCURRED ON THE 10TH.

ROCHESTER RECEIVED 0.42 INCHES OF PRECIPITATION DURING THE MONTH OF
NOVEMBER. THIS WAS 1.49 INCHES BELOW NORMAL. THE GREATEST 24-HOUR
PRECIPITATION WAS 0.13 INCHES WHICH OCCURRED ON THE 14TH. TOTAL
SNOWFALL WAS 0.7 INCHES...WHICH ALL FELL ON THE 1ST. THIS WAS 5.4
INCHES BELOW THE NORMAL OF 6.1 INCHES. THERE WERE 8 DAYS WHERE A
TRACE OF SNOW FELL.

...RECORDS...

NOV 24TH...NEW DAILY HIGH TEMPERATURE OF 61 DEGREES. THE OLD RECORD
WAS 60 SET IN 2011.

...DISCUSSION...

AFTER A RECORD WET OCTOBER, PRECIPITATION WAS HARD TO COME BY WITH
ONLY 0.42 INCHES RECORDED. THE BULK OF THE PRECIPITATION...0.30
INCHES...FELL DURING THE 1ST 5 DAYS OF THE MONTH. THE FIRST HALF OF
THE MONTH TENDED TO AVERAGE BELOW NORMAL TEMPERATURES, WHILE THE
LAST HALF TENDED TO BE ABOVE.

...................................

...THE ROCHESTER MN CLIMATE SUMMARY FOR THE MONTH OF NOVEMBER 2017...

CLIMATE NORMAL PERIOD 1981 TO 2010
CLIMATE RECORD PERIOD 1886 TO 2017

WEATHER         OBSERVED          NORMAL  DEPART  LAST YEAR`S
                 VALUE   DATE(S)  VALUE   FROM    VALUE  DATE(S)
                                          NORMAL
................................................................
TEMPERATURE (F)
RECORD
 HIGH              75   11/10/2012
                        11/03/2008
                        11/08/1999
 LOW              -24   11/28/1887
HIGHEST            61   11/24        MM      MM       71  11/05
LOWEST              9   11/10        MM      MM       18  11/21
AVG. MAXIMUM     42.0              41.6     0.4     51.7
AVG. MINIMUM     23.8              26.0    -2.2     33.8
MEAN             32.9              33.8    -0.9     42.8
DAYS MAX >= 90      0               0.0     0.0        0
DAYS MAX <= 32      2               6.1    -4.1        1
DAYS MIN <= 32     26              21.3     4.7       13
DAYS MIN <= 0       0               0.7    -0.7        0

PRECIPITATION (INCHES)
RECORD
 MAXIMUM         5.91   1909
 MINIMUM         0.01   1917
TOTALS           0.42              1.91   -1.49     1.37
DAILY AVG.       0.01              0.06   -0.05     0.05
DAYS >= .01         9               9.3    -0.3        7
DAYS >= .10         2               4.1    -2.1        4
DAYS >= .50         0               1.2    -1.2        0
DAYS >= 1.00        0               0.3    -0.3        0
GREATEST
 24 HR. TOTAL    0.13   11/04 TO 11/04           11/22 TO 11/23
                                                          11/23 TO 11/23
                                                          11/23 TO 11/23

SNOWFALL (INCHES)
RECORDS
 TOTAL           22.5   1985
 24 HR TOTAL     10.5   11/10/2006 TO 11/10/2006
TOTALS            0.7               6.1    -5.4      1.0
SINCE 7/1         3.3               6.9    -3.6      1.0
SNOWDEPTH AVG.      0                MM      MM        0
DAYS >= TRACE       9               5.2     3.8        7
DAYS >= 1.0         0               1.8    -1.8        0
GREATEST
 SNOW DEPTH         0   MM                             0
 24 HR TOTAL      0.7   11/01 TO 11/01               0.7

DEGREE_DAYS
HEATING TOTAL     956               936      20      660
 SINCE 7/1       1578              1672     -94     1135
COOLING TOTAL       0                 0       0        0
 SINCE 1/1        494               585     -91      629
....................................................

WIND (MPH)
AVERAGE WIND SPEED              13.1
HIGHEST WIND SPEED/DIRECTION    39/300    DATE  11/21
HIGHEST GUST SPEED/DIRECTION    49/300    DATE  11/21

SKY COVER
POSSIBLE SUNSHINE (PERCENT)   MM
AVERAGE SKY COVER           0.40
NUMBER OF DAYS FAIR           14
NUMBER OF DAYS PC              7
NUMBER OF DAYS CLOUDY          9

AVERAGE RH (PERCENT)     76

WEATHER CONDITIONS. NUMBER OF DAYS WITH
THUNDERSTORM              0     MIXED PRECIP               0
HEAVY RAIN                0     RAIN                       1
LIGHT RAIN                9     FREEZING RAIN              0
LT FREEZING RAIN          2     HAIL                       0
HEAVY SNOW                0     SNOW                       1
LIGHT SNOW                9     SLEET                      0
FOG                      13     FOG W/VIS <= 1/4 MILE      3
HAZE                      1

-  INDICATES NEGATIVE NUMBERS.
R  INDICATES RECORD WAS SET OR TIED.
MM INDICATES DATA IS MISSING.
T  INDICATES TRACE AMOUNT.

$$

BOYNE
