000
CXUS53 KARX 010938
CLMRST


CLIMATE REPORT
NATIONAL WEATHER SERVICE LA CROSSE WI
437 AM CDT WED JUL 1 2015

...................................

...THE ROCHESTER MN CLIMATE SUMMARY FOR THE MONTH OF JUNE 2015...

CLIMATE NORMAL PERIOD 1981 TO 2010
CLIMATE RECORD PERIOD 1886 TO 2015

WEATHER         OBSERVED          NORMAL  DEPART  LAST YEAR`S
                 VALUE   DATE(S)  VALUE   FROM    VALUE  DATE(S)
                                          NORMAL
................................................................
TEMPERATURE (F)
RECORD
 HIGH             105   06/27/1934
 LOW               31   06/09/1937
HIGHEST            93   06/09        MM      MM       85  06/06
LOWEST             43   06/01        MM      MM       47  06/13
AVG. MAXIMUM     77.2              78.0    -0.8     78.1
AVG. MINIMUM     57.4              57.2     0.2     59.5
MEAN             67.3              67.6    -0.3     68.8
DAYS MAX >= 90      1               1.5    -0.5        0
DAYS MAX <= 32      0               0.0     0.0        0
DAYS MIN <= 32      0               0.0     0.0        0
DAYS MIN <= 0       0               0.0     0.0        0

PRECIPITATION (INCHES)
RECORD
 MAXIMUM        12.52   2000
 MINIMUM            T   1910
TOTALS           4.46              4.68   -0.22     6.50
DAILY AVG.       0.15              0.16   -0.01     0.22
DAYS >= .01        12              11.7     0.3       15
DAYS >= .10         9               7.1     1.9        9
DAYS >= .50         4               3.4     0.6        6
DAYS >= 1.00        1               1.2    -0.2        2
GREATEST
 24 HR. TOTAL    1.39   06/11 TO 06/12           06/16 TO 06/17
                                                          06/30 TO 06/30
                                                          06/30 TO 06/30

SNOWFALL (INCHES)
RECORDS
 TOTAL             MM   MM
 24 HR TOTAL       MM
TOTALS            0.0               0.0     0.0      0.0
SINCE 7/1        50.4              51.9    -1.5     60.5
SNOWDEPTH AVG.      0                MM      MM        0
DAYS >= TRACE       0               0.0     0.0        0
DAYS >= 1.0         0               0.0     0.0        0
GREATEST
 SNOW DEPTH         0   MM                             0
 24 HR TOTAL      0.0   06/30 TO 06/30               0.0

DEGREE_DAYS
HEATING TOTAL      20                52     -32       11
 SINCE 7/1       8068              7722     346     8917
COOLING TOTAL      97               130     -33      131
 SINCE 1/1        113               164     -51      170
.................................................

WIND (MPH)
AVERAGE WIND SPEED              9.4
HIGHEST WIND SPEED/DIRECTION    31/220    DATE  06/22
HIGHEST GUST SPEED/DIRECTION    37/220    DATE  06/22

SKY COVER
POSSIBLE SUNSHINE (PERCENT)   MM
AVERAGE SKY COVER           0.30
NUMBER OF DAYS FAIR           19
NUMBER OF DAYS PC              9
NUMBER OF DAYS CLOUDY          2

AVERAGE RH (PERCENT)     73

WEATHER CONDITIONS. NUMBER OF DAYS WITH
THUNDERSTORM              0     MIXED PRECIP               0
HEAVY RAIN                6     RAIN                       8
LIGHT RAIN               14     FREEZING RAIN              0
LT FREEZING RAIN          0     HAIL                       0
HEAVY SNOW                0     SNOW                       0
LIGHT SNOW                0     SLEET                      0
FOG                      20     FOG W/VIS <= 1/4 MILE      1
HAZE                      3

-  INDICATES NEGATIVE NUMBERS.
R  INDICATES RECORD WAS SET OR TIED.
MM INDICATES DATA IS MISSING.
T  INDICATES TRACE AMOUNT.

$$
