000
CXUS53 KARX 011123
CLMRST


CLIMATE REPORT
NATIONAL WEATHER SERVICE LA CROSSE WI
622 AM CDT WED APR 1 2015

...................................

...THE ROCHESTER MN CLIMATE SUMMARY FOR THE MONTH OF MARCH 2015...

CLIMATE NORMAL PERIOD 1981 TO 2010
CLIMATE RECORD PERIOD 1886 TO 2015

WEATHER         OBSERVED          NORMAL  DEPART  LAST YEAR`S
                 VALUE   DATE(S)  VALUE   FROM    VALUE  DATE(S)
                                          NORMAL
................................................................
TEMPERATURE (F)
RECORD
 HIGH              82   03/24/1910
 LOW              -29   03/11/1948
HIGHEST            62   03/31        MM      MM       60  03/31
                        03/16
                        03/15
LOWEST            -12   03/05        MM      MM      -15  03/02
AVG. MAXIMUM     42.0              40.5     1.5     32.5
AVG. MINIMUM     22.9              24.3    -1.4     16.0
MEAN             32.5              32.4     0.1     24.2
DAYS MAX >= 90      0               0.0     0.0        0
DAYS MAX <= 32      8               6.2     1.8       14
DAYS MIN <= 32     25              23.4     1.6       29
DAYS MIN <= 0       2               1.3     0.7        3

PRECIPITATION (INCHES)
RECORD
 MAXIMUM         4.02   1888
 MINIMUM            T   1910
TOTALS           1.07              1.88   -0.81     1.15
DAILY AVG.       0.03              0.06   -0.03     0.04
DAYS >= .01         6              10.2    -4.2       11
DAYS >= .10         2               4.9    -2.9        4
DAYS >= .50         1               1.1    -0.1        0
DAYS >= 1.00        0               0.2    -0.2        0
GREATEST
 24 HR. TOTAL    0.62   03/22 TO 03/22           03/27 TO 03/27
                                                          03/27 TO 03/27
                                                          03/27 TO 03/27

SNOWFALL (INCHES)
RECORDS
 TOTAL           35.1   1951
 24 HR TOTAL       MM
TOTALS           10.9               8.7     2.2      6.2
SINCE 7/1        48.9              48.6     0.3     54.0
SNOWDEPTH AVG.      4                 4       0       10
DAYS >= TRACE       6               6.0     0.0       13
DAYS >= 1.0         2               2.5    -0.5        2
GREATEST
 SNOW DEPTH        10   03/25                         25
 24 HR TOTAL      7.4   03/22 TO 03/22               3.2

DEGREE_DAYS
HEATING TOTAL    1003              1011      -8     1255
 SINCE 7/1       7298              6872     426     7980
COOLING TOTAL       0                 0       0        0
 SINCE 1/1          0                 0       0        0
........................................................

WIND (MPH)
AVERAGE WIND SPEED              12.8
HIGHEST WIND SPEED/DIRECTION    38/310    DATE  03/29
HIGHEST GUST SPEED/DIRECTION    46/320    DATE  03/29

SKY COVER
POSSIBLE SUNSHINE (PERCENT)   MM
AVERAGE SKY COVER           0.30
NUMBER OF DAYS FAIR           22
NUMBER OF DAYS PC              4
NUMBER OF DAYS CLOUDY          5

AVERAGE RH (PERCENT)     68

WEATHER CONDITIONS. NUMBER OF DAYS WITH
THUNDERSTORM              0     MIXED PRECIP               0
HEAVY RAIN                0     RAIN                       0
LIGHT RAIN                0     FREEZING RAIN              0
LT FREEZING RAIN          3     HAIL                       0
HEAVY SNOW                1     SNOW                       2
LIGHT SNOW                6     SLEET                      1
FOG                      13     FOG W/VIS <= 1/4 MILE      1
HAZE                      8

-  INDICATES NEGATIVE NUMBERS.
R  INDICATES RECORD WAS SET OR TIED.
MM INDICATES DATA IS MISSING.
T  INDICATES TRACE AMOUNT.

$$
