000
CXUS53 KARX 010839
CLMRST


CLIMATE REPORT
NATIONAL WEATHER SERVICE LA CROSSE WI
338 AM CDT THU MAY 1 2014

...................................

...THE ROCHESTER MN CLIMATE SUMMARY FOR THE MONTH OF APRIL 2014...

CLIMATE NORMAL PERIOD 1981 TO 2010
CLIMATE RECORD PERIOD 1886 TO 2014

WEATHER         OBSERVED          NORMAL  DEPART  LAST YEAR`S
                 VALUE   DATE(S)  VALUE   FROM    VALUE  DATE(S)
                                          NORMAL
................................................................
TEMPERATURE (F)
RECORD
 HIGH              92   04/24/2009
 LOW                5   04/06/1982
HIGHEST            69   04/19        MM      MM       76  04/30
LOWEST             21   04/15        MM      MM       19  04/01
AVG. MAXIMUM     50.8              57.0    -6.2     47.8
AVG. MINIMUM     33.5              36.4    -2.9     32.6
MEAN             42.2              46.7    -4.5     40.2
DAYS MAX >= 90      0               0.0     0.0        0
DAYS MAX <= 32      1               0.5     0.5        1
DAYS MIN <= 32     13               8.6     4.4       17
DAYS MIN <= 0       0               0.0     0.0        0

PRECIPITATION (INCHES)
RECORD
 MAXIMUM         7.30   2001
 MINIMUM         0.46   1946
TOTALS           5.64              3.24    2.40     6.79
DAILY AVG.       0.19              0.11    0.08     0.23
DAYS >= .01        20              11.2     8.8       17
DAYS >= .10        12               6.8     5.2       12
DAYS >= .50         5               2.1     2.9        5
DAYS >= 1.00        0               0.6    -0.6        2
GREATEST
 24 HR. TOTAL    0.87   04/24 TO 04/24           04/09 TO 04/10
                        04/23 TO 04/24                    04/10 TO 04/10
                        04/24 TO 04/24                    04/10 TO 04/10

SNOWFALL (INCHES)
RECORDS
 TOTAL           16.4   1983
 24 HR TOTAL       MM
TOTALS            6.5               3.3     3.2      4.2
SINCE 7/1        60.5              51.9     8.6     59.5
SNOWDEPTH AVG.      0                MM      MM        0
DAYS >= TRACE       9               2.3     6.7       11
DAYS >= 1.0         3               0.8     2.2        2
GREATEST
 SNOW DEPTH         2   04/04                          1
 24 HR TOTAL      3.2   04/04 TO 04/04               1.2

DEGREE_DAYS
HEATING TOTAL     675               553     122      736
 SINCE 7/1       8655              7425    1230     7453
COOLING TOTAL       0                 4      -4        0
 SINCE 1/1          0                 4      -4        0
.................................................

WIND (MPH)
AVERAGE WIND SPEED              14.9
HIGHEST WIND SPEED/DIRECTION    36/220    DATE  04/01
HIGHEST GUST SPEED/DIRECTION    45/100    DATE  04/28

SKY COVER
POSSIBLE SUNSHINE (PERCENT)   MM
AVERAGE SKY COVER           0.60
NUMBER OF DAYS FAIR           11
NUMBER OF DAYS PC              7
NUMBER OF DAYS CLOUDY         12

AVERAGE RH (PERCENT)     70

WEATHER CONDITIONS. NUMBER OF DAYS WITH
THUNDERSTORM              0     MIXED PRECIP               0
HEAVY RAIN                2     RAIN                       8
LIGHT RAIN               19     FREEZING RAIN              1
LT FREEZING RAIN          2     HAIL                       1
HEAVY SNOW                1     SNOW                       2
LIGHT SNOW                8     SLEET                      0
FOG                      20     FOG W/VIS <= 1/4 MILE      2
HAZE                     11

-  INDICATES NEGATIVE NUMBERS.
R  INDICATES RECORD WAS SET OR TIED.
MM INDICATES DATA IS MISSING.
T  INDICATES TRACE AMOUNT.

$$
