000
CXUS53 KARX 011034
CLMRST


CLIMATE REPORT
NATIONAL WEATHER SERVICE LA CROSSE WI
433 AM CST SUN FEB 1 2015

...................................

...THE ROCHESTER MN CLIMATE SUMMARY FOR THE MONTH OF JANUARY 2015...

CLIMATE NORMAL PERIOD 1981 TO 2010
CLIMATE RECORD PERIOD 1886 TO 2015

WEATHER         OBSERVED          NORMAL  DEPART  LAST YEAR`S
                 VALUE   DATE(S)  VALUE   FROM    VALUE  DATE(S)
                                          NORMAL
................................................................
TEMPERATURE (F)
RECORD
 HIGH              58   01/25/1944
 LOW              -42   01/07/1887
HIGHEST            38   01/26        MM      MM       37  01/12
LOWEST            -17   01/13        MM      MM      -23  01/06
AVG. MAXIMUM     24.2              23.6     0.6     17.1
AVG. MINIMUM      9.6               7.7     1.9     -4.0
MEAN             16.9              15.7     1.2      6.5
DAYS MAX >= 90      0               0.0     0.0        0
DAYS MAX <= 32     22              22.4    -0.4       24
DAYS MIN <= 32     31              30.5     0.5       31
DAYS MIN <= 0       9               9.4    -0.4       21

PRECIPITATION (INCHES)
RECORD
 MAXIMUM         4.40   1886
 MINIMUM         0.07   1961
TOTALS           0.62              0.86   -0.24     1.00
DAILY AVG.       0.02              0.03   -0.01     0.03
DAYS >= .01        10               8.4     1.6       11
DAYS >= .10         3               2.7     0.3        4
DAYS >= .50         0               0.2    -0.2        0
DAYS >= 1.00        0               0.0     0.0        0
GREATEST
 24 HR. TOTAL    0.18   01/04 TO 01/05           01/25 TO 01/26
                        01/05 TO 01/05                    01/26 TO 01/26
                        01/05 TO 01/06                    01/26 TO 01/26

SNOWFALL (INCHES)
RECORDS
 TOTAL           30.2   1996
 24 HR TOTAL      8.5   01/21/2005 TO 01/21/2005
TOTALS           10.0              12.0    -2.0     14.8
SINCE 7/1        27.4              31.4    -4.0     29.2
SNOWDEPTH AVG.      5                 6      -1        8
DAYS >= TRACE      14               8.6     5.4       16
DAYS >= 1.0         5               3.6     1.4        6
GREATEST
 SNOW DEPTH         8   01/10                         14
                        01/09
 24 HR TOTAL      2.2   MM                           4.1

DEGREE_DAYS
HEATING TOTAL    1481              1530     -49     1803
 SINCE 7/1       4701              4608      93     5097
COOLING TOTAL       0                 0       0        0
 SINCE 1/1          0                 0       0        0
.......................................................

WIND (MPH)
AVERAGE WIND SPEED              12.7
HIGHEST WIND SPEED/DIRECTION    38/310    DATE  01/08
HIGHEST GUST SPEED/DIRECTION    48/320    DATE  01/08

SKY COVER
POSSIBLE SUNSHINE (PERCENT)   MM
AVERAGE SKY COVER           0.60
NUMBER OF DAYS FAIR            9
NUMBER OF DAYS PC             12
NUMBER OF DAYS CLOUDY         10

AVERAGE RH (PERCENT)     81

WEATHER CONDITIONS. NUMBER OF DAYS WITH
THUNDERSTORM              0     MIXED PRECIP               0
HEAVY RAIN                0     RAIN                       0
LIGHT RAIN                1     FREEZING RAIN              0
LT FREEZING RAIN          1     HAIL                       0
HEAVY SNOW                1     SNOW                       4
LIGHT SNOW               14     SLEET                      0
FOG                      20     FOG W/VIS <= 1/4 MILE      5
HAZE                      9

-  INDICATES NEGATIVE NUMBERS.
R  INDICATES RECORD WAS SET OR TIED.
MM INDICATES DATA IS MISSING.
T  INDICATES TRACE AMOUNT.

$$
