000
CXUS53 KARX 010720
CLMRST


CLIMATE REPORT
NATIONAL WEATHER SERVICE LA CROSSE WI
219 AM CDT SUN JUN 1 2014

...................................

...THE ROCHESTER MN CLIMATE SUMMARY FOR THE MONTH OF MAY 2014...

CLIMATE NORMAL PERIOD 1981 TO 2010
CLIMATE RECORD PERIOD 1886 TO 2014

WEATHER         OBSERVED          NORMAL  DEPART  LAST YEAR`S
                 VALUE   DATE(S)  VALUE   FROM    VALUE  DATE(S)
                                          NORMAL
................................................................
TEMPERATURE (F)
RECORD
 HIGH             106   05/31/1934
 LOW               20   05/17/1909
HIGHEST            86   05/30        MM      MM       97  05/14
                        05/26
LOWEST             35   05/14        MM      MM       31  05/12
                                                          05/03
                                                          05/02
AVG. MAXIMUM     68.6              68.7    -0.1     65.0
AVG. MINIMUM     47.1              47.4    -0.3     46.4
MEAN             57.9              58.1    -0.2     55.7
DAYS MAX >= 90      0               0.4    -0.4        1
DAYS MAX <= 32      0               0.0     0.0        0
DAYS MIN <= 32      0               0.7    -0.7        5
DAYS MIN <= 0       0               0.0     0.0        0

PRECIPITATION (INCHES)
RECORD
 MAXIMUM        12.26   2013
 MINIMUM         0.40   1934
TOTALS           1.78              3.63   -1.85    12.26
DAILY AVG.       0.06              0.12   -0.06     0.40
DAYS >= .01         9              12.4    -3.4       20
DAYS >= .10         5               6.9    -1.9       13
DAYS >= .50         1               2.3    -1.3        8
DAYS >= 1.00        0               0.8    -0.8        6
GREATEST
 24 HR. TOTAL    1.11   05/11 TO 05/12           05/17 TO 05/17
                                                          05/02 TO 05/02
                                                          05/02 TO 05/02

SNOWFALL (INCHES)
RECORDS
 TOTAL           14.5   2013
 24 HR TOTAL       MM
TOTALS            0.0                 T     0.0     14.5
SINCE 7/1        60.5              51.9     8.6     74.0
SNOWDEPTH AVG.      0                MM      MM        1
DAYS >= TRACE       0               0.1    -0.1        2
DAYS >= 1.0         0               0.0     0.0        1
GREATEST
 SNOW DEPTH         0   MM                            13
 24 HR TOTAL      0.0   05/31 TO 05/31              14.0

DEGREE_DAYS
HEATING TOTAL     251               245       6      312
 SINCE 7/1       8906              7670    1236     7765
COOLING TOTAL      39                30       9       30
 SINCE 1/1         39                34       5       30
...................................................

WIND (MPH)
AVERAGE WIND SPEED              11.5
HIGHEST WIND SPEED/DIRECTION    38/150    DATE  05/08
HIGHEST GUST SPEED/DIRECTION    49/170    DATE  05/08

SKY COVER
POSSIBLE SUNSHINE (PERCENT)   MM
AVERAGE SKY COVER           0.40
NUMBER OF DAYS FAIR           14
NUMBER OF DAYS PC             11
NUMBER OF DAYS CLOUDY          6

AVERAGE RH (PERCENT)     63

WEATHER CONDITIONS. NUMBER OF DAYS WITH
THUNDERSTORM              0     MIXED PRECIP               0
HEAVY RAIN                3     RAIN                       2
LIGHT RAIN               12     FREEZING RAIN              0
LT FREEZING RAIN          0     HAIL                       0
HEAVY SNOW                0     SNOW                       0
LIGHT SNOW                0     SLEET                      0
FOG                      12     FOG W/VIS <= 1/4 MILE      0
HAZE                      7

-  INDICATES NEGATIVE NUMBERS.
R  INDICATES RECORD WAS SET OR TIED.
MM INDICATES DATA IS MISSING.
T  INDICATES TRACE AMOUNT.

$$
