642
CXUS53 KARX 010806
CLMRST


CLIMATE REPORT
NATIONAL WEATHER SERVICE LA CROSSE WI
304 AM CDT FRI JUL 1 2016

...................................

...THE ROCHESTER MN CLIMATE SUMMARY FOR THE MONTH OF JUNE 2016...

CLIMATE NORMAL PERIOD 1981 TO 2010
CLIMATE RECORD PERIOD 1886 TO 2016

WEATHER         OBSERVED          NORMAL  DEPART  LAST YEAR`S
                 VALUE   DATE(S)  VALUE   FROM    VALUE  DATE(S)
                                          NORMAL
................................................................
TEMPERATURE (F)
RECORD
 HIGH             105   06/27/1934
 LOW               31   06/09/1937
HIGHEST            93   06/10        MM      MM       93  06/09
LOWEST             48   06/08        MM      MM       43  06/01
AVG. MAXIMUM     79.0              78.0     1.0     77.2
AVG. MINIMUM     58.5              57.2     1.3     57.4
MEAN             68.7              67.6     1.1     67.3
DAYS MAX >= 90      1               1.5    -0.5        1
DAYS MAX <= 32      0               0.0     0.0        0
DAYS MIN <= 32      0               0.0     0.0        0
DAYS MIN <= 0       0               0.0     0.0        0

PRECIPITATION (INCHES)
RECORD
 MAXIMUM        12.52   2000
 MINIMUM            T   1910
TOTALS           5.24              4.68    0.56     4.46
DAILY AVG.       0.17              0.16    0.01     0.15
DAYS >= .01        13              11.7     1.3       12
DAYS >= .10         8               7.1     0.9        9
DAYS >= .50         3               3.4    -0.4        4
DAYS >= 1.00        2               1.2     0.8        1
GREATEST
 24 HR. TOTAL    1.60   06/08 TO 06/09           06/11 TO 06/12
                                                          06/30 TO 06/30
                                                          06/30 TO 06/30

SNOWFALL (INCHES)
RECORDS
 TOTAL             MM   MM
 24 HR TOTAL       MM
TOTALS            0.0               0.0     0.0      0.0
SINCE 7/1        47.9              51.9    -4.0     50.4
SNOWDEPTH AVG.      0                MM      MM        0
DAYS >= TRACE       0               0.0     0.0        0
DAYS >= 1.0         0               0.0     0.0        0
GREATEST
 SNOW DEPTH         0   MM                             0
 24 HR TOTAL      0.0   06/30 TO 06/30               0.0

DEGREE_DAYS
HEATING TOTAL      21                52     -31       20
 SINCE 7/1       6796              7722    -926     8068
COOLING TOTAL     141               130      11       97
 SINCE 1/1        189               164      25      113
.................................................

WIND (MPH)
AVERAGE WIND SPEED              10.6
HIGHEST WIND SPEED/DIRECTION    39/320    DATE  06/10
HIGHEST GUST SPEED/DIRECTION    51/270    DATE  06/14

SKY COVER
POSSIBLE SUNSHINE (PERCENT)   MM
AVERAGE SKY COVER           0.30
NUMBER OF DAYS FAIR           20
NUMBER OF DAYS PC             10
NUMBER OF DAYS CLOUDY          0

AVERAGE RH (PERCENT)     74

WEATHER CONDITIONS. NUMBER OF DAYS WITH
THUNDERSTORM              0     MIXED PRECIP               0
HEAVY RAIN                5     RAIN                       7
LIGHT RAIN               14     FREEZING RAIN              0
LT FREEZING RAIN          0     HAIL                       0
HEAVY SNOW                0     SNOW                       0
LIGHT SNOW                0     SLEET                      0
FOG                      16     FOG W/VIS <= 1/4 MILE      2
HAZE                      1

-  INDICATES NEGATIVE NUMBERS.
R  INDICATES RECORD WAS SET OR TIED.
MM INDICATES DATA IS MISSING.
T  INDICATES TRACE AMOUNT.

$$
