000
CXUS53 KARX 010912
CLMRST


CLIMATE REPORT
NATIONAL WEATHER SERVICE LA CROSSE WI
308 AM CST SAT FEB 1 2014

...................................

...THE ROCHESTER MN CLIMATE SUMMARY FOR THE MONTH OF JANUARY 2014...

CLIMATE NORMAL PERIOD 1981 TO 2010
CLIMATE RECORD PERIOD 1886 TO 2014

WEATHER         OBSERVED          NORMAL  DEPART  LAST YEAR`S
                 VALUE   DATE(S)  VALUE   FROM    VALUE  DATE(S)
                                          NORMAL
................................................................
TEMPERATURE (F)
RECORD
 HIGH              58   01/25/1944
 LOW              -42   01/07/1887
HIGHEST            37   01/12        MM      MM       44  01/18
LOWEST            -23   01/06        MM      MM      -10  01/01
AVG. MAXIMUM     17.1              23.6    -6.5     26.3
AVG. MINIMUM     -4.0               7.7   -11.7      8.8
MEAN              6.5              15.7    -9.2     17.5
DAYS MAX >= 90      0               0.0     0.0        0
DAYS MAX <= 32     24              22.4     1.6       21
DAYS MIN <= 32     31              30.5     0.5       30
DAYS MIN <= 0      21               9.4    11.6        7

PRECIPITATION (INCHES)
RECORD
 MAXIMUM         4.40   1886
 MINIMUM         0.07   1961
TOTALS           1.00              0.86    0.14     0.78
DAILY AVG.       0.03              0.03    0.00     0.03
DAYS >= .01        11               8.4     2.6       10
DAYS >= .10         4               2.7     1.3        3
DAYS >= .50         0               0.2    -0.2        0
DAYS >= 1.00        0               0.0     0.0        0
GREATEST
 24 HR. TOTAL    0.26   01/25 TO 01/26           01/27 TO 01/28
                                                          01/28 TO 01/28
                                                          01/28 TO 01/28

SNOWFALL (INCHES)
RECORDS
 TOTAL           30.2   1996
 24 HR TOTAL      8.5   01/21/2005 TO 01/21/2005
TOTALS           14.8              12.0     2.8      1.9
SINCE 7/1        29.2              31.4    -2.2     16.4
SNOWDEPTH AVG.      8                 6       2        1
DAYS >= TRACE      16               8.6     7.4       15
DAYS >= 1.0         6               3.6     2.4        1
GREATEST
 SNOW DEPTH        14   01/31                          5
 24 HR TOTAL      4.1   MM                           1.1

DEGREE_DAYS
HEATING TOTAL    1803              1530     273     1465
 SINCE 7/1       5097              4608     489     4183
COOLING TOTAL       0                 0       0        0
 SINCE 1/1          0                 0       0        0
.........................................................

WIND (MPH)
AVERAGE WIND SPEED              16.0
HIGHEST WIND SPEED/DIRECTION    44/310    DATE  01/26
HIGHEST GUST SPEED/DIRECTION    58/300    DATE  01/26

SKY COVER
POSSIBLE SUNSHINE (PERCENT)   MM
AVERAGE SKY COVER           0.50
NUMBER OF DAYS FAIR           13
NUMBER OF DAYS PC             11
NUMBER OF DAYS CLOUDY          7

AVERAGE RH (PERCENT)     72

WEATHER CONDITIONS. NUMBER OF DAYS WITH
THUNDERSTORM              0     MIXED PRECIP               0
HEAVY RAIN                0     RAIN                       0
LIGHT RAIN                1     FREEZING RAIN              1
LT FREEZING RAIN          4     HAIL                       0
HEAVY SNOW                1     SNOW                       6
LIGHT SNOW               16     SLEET                      1
FOG                      14     FOG W/VIS <= 1/4 MILE      3
HAZE                     16

-  INDICATES NEGATIVE NUMBERS.
R  INDICATES RECORD WAS SET OR TIED.
MM INDICATES DATA IS MISSING.
T  INDICATES TRACE AMOUNT.

$$
