000
CXUS53 KARX 011305
CLMRST


CLIMATE REPORT
NATIONAL WEATHER SERVICE LA CROSSE WI
758 AM CDT FRI APR 1 2016

...8TH WARMEST AND 3RD WETTEST MARCH IN ROCHESTER MN...

DURING MARCH OF 2016...THE AVERAGE TEMPERATURE IN ROCHESTER MN
WAS 38.5 DEGREES. THIS WAS 6.1 DEGREES ABOVE NORMAL. THIS WAS THE
8TH WARMEST MARCH. IT WAS THE WARMEST MARCH SINCE 2012. BELOW ARE
THE TOP TEN WARMEST MARCHES IN ROCHESTER MN...

        WARMEST MARCHES
        IN ROCHESTER MN
           1886-2016

            AVERAGE
   RANK   TEMPERATURE   YEAR
   ----   -----------   ----
     1   49.1 DEGREES   2012
     2   42.8 DEGREES   1910
     3   42.5 DEGREES   1946
     4   39.2 DEGREES   2000
         39.2 DEGREES   1973
     6   39.0 DEGREES   1945
     7   38.7 DEGREES   1977
     8   38.5 DEGREES   2016
     9   38.3 DEGREES   2010
    10   37.1 DEGREES   1918

THE AVERAGE HIGH TEMPERATURE WAS 46.6 DEGREES. THIS WAS
6.1 DEGREES WARMER THAN THE 1981-2010 NORMAL OF 40.5 DEGREES. THIS
MADE IT THE 13TH WARMEST.  MEANWHILE THE AVERAGE LOW TEMPERATURE
WAS 32.5 DEGREES. THIS WAS 6.1 DEGREES WARMER THAN THE 1981-2010
NORMAL OF 24.3 DEGREES.  THIS MADE IT THE 4TH WARMEST.

THE HIGHEST TEMPERATURE FOR THE MONTH WAS 68 DEGREES ON THE 8TH.
THE LOWEST TEMPERATURE WAS 2 DEGREES ON THE 2ND.

A TOTAL OF 3.98 INCHES OF LIQUID PRECIPITATION WAS MEASURED DURING
THE MONTH. THIS AMOUNT WAS 2.10 INCHES WETTER THAN NORMAL. THIS MADE
IT THE 3RD WETTEST MARCH AND THE WETTEST SINCE 1951. BELOW ARE THE
TOP TEN WETTEST MARCHES IN ROCHESTER MN...

        WETTEST MARCHES
        IN ROCHESTER MN
           1886-2016

          PRECIPITATION
   RANK       TOTAL       YEAR
   ----   -------------   ----
     1     4.02 INCHES    1888
     2     4.01 INCHES    1951
     3     3.98 INCHES    2016
     4     3.58 INCHES    1990
     5     3.51 INCHES    2011
     6     3.42 INCHES    1996
     7     3.32 INCHES    1956
     8     3.27 INCHES    1998
     9     3.21 INCHES    2007
    10     3.10 INCHES    1920

THE GREATEST 24-HOUR PRECIPITATION TOTAL WAS 1.16 INCHES
WHICH OCCURRED FROM THE 15TH INTO THE 16TH.

THERE WAS A TOTAL OF 14.9 INCHES OF SNOW DURING THE MONTH.
THIS WAS 6.1 INCHES SNOWIER THAN THE 1981-2010 NORMAL OF
8.7 INCHES. THE GREATEST ONE-DAY SNOWFALL TOTAL WAS
5.9 INCHES WHICH OCCURRED ON THE 23RD.

...RECORDS...

WARMEST MAXIMUM TEMPERATURE - MARCH 8TH - 68 DEGREES
- TIED PREVIOUS RECORD OF 68 DEGREES IN 2000.

WARMEST MINIMUM TEMPERATURE - MARCH 15TH - 45 DEGREES
- PREVIOUS RECORD OF 41 DEGREES IN 1946.

SNOWIEST - MARCH 24TH - 5.9 INCHES - PREVIOUS RECORD WAS
2.6 INCHES IN 2015

...DISCUSSION...

WHILE THE FIRST 2 DAYS OF MARCH AVERAGED WERE WELL BELOW NORMAL
/AVERAGING 13.0 DEGREES COLDER THAN NORMAL/...MUCH OF THE
REMAINDER MONTH AVERAGED ABOVE-NORMAL.  WITH AN AVERAGE
TEMPERATURE OF 38.5 DEGREES...IT WAS THE 8TH WARMEST
MARCH.  WITH THE WARMTH CAME...SEVERAL ROUNDS OF PRECIPITATION.
THIS PRECIPITATION AMOUNTED TO 3.98 INCHES WHICH MADE IT THE
3RD WETTEST MARCH AND THE WETTEST SINCE 1951. ABOVE-NORMAL
MARCH TEMPERATURES AND PRECIPITATION ARE FAIRLY TYPICAL
DURING STRONG EL NINOS.

...................................

...THE ROCHESTER MN CLIMATE SUMMARY FOR THE MONTH OF MARCH 2016...

CLIMATE NORMAL PERIOD 1981 TO 2010
CLIMATE RECORD PERIOD 1886 TO 2016

WEATHER         OBSERVED          NORMAL  DEPART  LAST YEAR`S
                 VALUE   DATE(S)  VALUE   FROM    VALUE  DATE(S)
                                          NORMAL
................................................................
TEMPERATURE (F)
RECORD
 HIGH              82   03/24/1910
 LOW              -29   03/11/1948
HIGHEST            68   03/08        MM      MM       62  03/31
                                                          03/16
                                                          03/15
LOWEST              2   03/02        MM      MM      -12  03/05
AVG. MAXIMUM     46.6              40.5     6.1     42.0
AVG. MINIMUM     30.4              24.3     6.1     22.9
MEAN             38.5              32.4     6.1     32.5
DAYS MAX >= 90      0               0.0     0.0        0
DAYS MAX <= 32      3               6.2    -3.2        8
DAYS MIN <= 32     18              23.4    -5.4       25
DAYS MIN <= 0       0               1.3    -1.3        2

PRECIPITATION (INCHES)
RECORD
 MAXIMUM         4.02   1888
 MINIMUM            T   1910
TOTALS           3.98              1.88    2.10     1.07
DAILY AVG.       0.13              0.06    0.07     0.03
DAYS >= .01        14              10.2     3.8        6
DAYS >= .10         7               4.9     2.1        2
DAYS >= .50         4               1.1     2.9        1
DAYS >= 1.00        1               0.2     0.8        0
GREATEST
 24 HR. TOTAL    1.16   03/15 TO 03/16           03/22 TO 03/22
                                                          03/22 TO 03/22
                                                          03/22 TO 03/22

SNOWFALL (INCHES)
RECORDS
 TOTAL           35.1   1951
 24 HR TOTAL       MM
TOTALS           14.9               8.7     6.2     10.9
SINCE 7/1        47.4              48.6    -1.2     48.9
SNOWDEPTH AVG.      1                 4      -3        4
DAYS >= TRACE       8               6.0     2.0        6
DAYS >= 1.0         4               2.5     1.5        2
GREATEST
 SNOW DEPTH        11   03/24                         10
 24 HR TOTAL      5.9   MM                           7.4

DEGREE_DAYS
HEATING TOTAL     815              1011    -196     1003
 SINCE 7/1       6015              6872    -857     7298
COOLING TOTAL       0                 0       0        0
 SINCE 1/1          0                 0       0        0
...................................................

WIND (MPH)
AVERAGE WIND SPEED              12.0
HIGHEST WIND SPEED/DIRECTION    43/290    DATE  03/16
HIGHEST GUST SPEED/DIRECTION    52/300    DATE  03/16

SKY COVER
POSSIBLE SUNSHINE (PERCENT)   MM
AVERAGE SKY COVER           0.60
NUMBER OF DAYS FAIR            9
NUMBER OF DAYS PC             10
NUMBER OF DAYS CLOUDY         12

AVERAGE RH (PERCENT)     78

WEATHER CONDITIONS. NUMBER OF DAYS WITH
THUNDERSTORM              2     MIXED PRECIP               0
HEAVY RAIN                3     RAIN                       4
LIGHT RAIN               11     FREEZING RAIN              0
LT FREEZING RAIN          1     HAIL                       0
HEAVY SNOW                1     SNOW                       3
LIGHT SNOW                8     SLEET                      0
FOG                      20     FOG W/VIS <= 1/4 MILE      5
HAZE                      2

-  INDICATES NEGATIVE NUMBERS.
R  INDICATES RECORD WAS SET OR TIED.
MM INDICATES DATA IS MISSING.
T  INDICATES TRACE AMOUNT.

$$

BOYNE
