000
CXUS53 KARX 010939
CLMRST


CLIMATE REPORT
NATIONAL WEATHER SERVICE LA CROSSE WI
338 AM CST TUE DEC 1 2015

...................................

...THE ROCHESTER MN CLIMATE SUMMARY FOR THE MONTH OF NOVEMBER 2015...

CLIMATE NORMAL PERIOD 1981 TO 2010
CLIMATE RECORD PERIOD 1886 TO 2015

WEATHER         OBSERVED          NORMAL  DEPART  LAST YEAR`S
                 VALUE   DATE(S)  VALUE   FROM    VALUE  DATE(S)
                                          NORMAL
................................................................
TEMPERATURE (F)
RECORD
 HIGH              75   11/10/2012
                        11/03/2008
                        11/08/1999
 LOW              -24   11/28/1887
HIGHEST            68   11/03        MM      MM       55  11/02
LOWEST              9   11/21        MM      MM       -8  11/27
AVG. MAXIMUM     47.8              41.6     6.2     32.7
AVG. MINIMUM     30.9              26.0     4.9     16.8
MEAN             39.3              33.8     5.5     24.7
DAYS MAX >= 90      0               0.0     0.0        0
DAYS MAX <= 32      4               6.1    -2.1       16
DAYS MIN <= 32     16              21.3    -5.3       26
DAYS MIN <= 0       0               0.7    -0.7        3

PRECIPITATION (INCHES)
RECORD
 MAXIMUM         5.91   1909
 MINIMUM         0.01   1917
TOTALS           3.08              1.91    1.17     0.91
DAILY AVG.       0.10              0.06    0.04     0.03
DAYS >= .01         9               9.3    -0.3       14
DAYS >= .10         8               4.1     3.9        4
DAYS >= .50         1               1.2    -0.2        0
DAYS >= 1.00        0               0.3    -0.3        0
GREATEST
 24 HR. TOTAL    1.17   11/11 TO 11/12           11/23 TO 11/24
                                                          11/26 TO 11/26
                                                          11/26 TO 11/26

SNOWFALL (INCHES)
RECORDS
 TOTAL           22.5   1985
 24 HR TOTAL     10.5   11/10/2006 TO 11/10/2006
TOTALS            2.3               6.1    -3.8      9.2
SINCE 7/1         2.5               6.9    -4.4      9.2
SNOWDEPTH AVG.      0                MM      MM        2
DAYS >= TRACE       3               5.2    -2.2       16
DAYS >= 1.0         1               1.8    -0.8        2
GREATEST
 SNOW DEPTH         1   11/30                          5
 24 HR TOTAL      1.3   MM                           2.8

DEGREE_DAYS
HEATING TOTAL     762               936    -174     1202
 SINCE 7/1       1350              1672    -322     1947
COOLING TOTAL       0                 0       0        0
 SINCE 1/1        507               585     -78      491
.......................................................

WIND (MPH)
AVERAGE WIND SPEED              13.6
HIGHEST WIND SPEED/DIRECTION    41/270    DATE  11/19
HIGHEST GUST SPEED/DIRECTION    52/290    DATE  11/19

SKY COVER
POSSIBLE SUNSHINE (PERCENT)   MM
AVERAGE SKY COVER           0.50
NUMBER OF DAYS FAIR           14
NUMBER OF DAYS PC              5
NUMBER OF DAYS CLOUDY         11

AVERAGE RH (PERCENT)     76

WEATHER CONDITIONS. NUMBER OF DAYS WITH
THUNDERSTORM              0     MIXED PRECIP               1
HEAVY RAIN                2     RAIN                       5
LIGHT RAIN                9     FREEZING RAIN              1
LT FREEZING RAIN          2     HAIL                       0
HEAVY SNOW                0     SNOW                       0
LIGHT SNOW                3     SLEET                      0
FOG                      17     FOG W/VIS <= 1/4 MILE      3
HAZE                      1

-  INDICATES NEGATIVE NUMBERS.
R  INDICATES RECORD WAS SET OR TIED.
MM INDICATES DATA IS MISSING.
T  INDICATES TRACE AMOUNT.

$$
