000
CXUS53 KARX 010816
CLMRST


CLIMATE REPORT
NATIONAL WEATHER SERVICE LA CROSSE WI
315 AM CDT TUE NOV 1 2016

...................................

...THE ROCHESTER MN CLIMATE SUMMARY FOR THE MONTH OF OCTOBER 2016...

CLIMATE NORMAL PERIOD 1981 TO 2010
CLIMATE RECORD PERIOD 1886 TO 2016

WEATHER         OBSERVED          NORMAL  DEPART  LAST YEAR`S
                 VALUE   DATE(S)  VALUE   FROM    VALUE  DATE(S)
                                          NORMAL
................................................................
TEMPERATURE (F)
RECORD
 HIGH              93   10/03/1997
 LOW               -6   10/25/1887
HIGHEST            75   10/11        MM      MM       84  10/11
                        10/04
LOWEST             29   10/21        MM      MM       24  10/17
                        10/13
AVG. MAXIMUM     61.8              58.4     3.4     60.9
AVG. MINIMUM     42.2              38.4     3.8     40.0
MEAN             52.0              48.4     3.6     50.5
DAYS MAX >= 90      0               0.1    -0.1        0
DAYS MAX <= 32      0               0.1    -0.1        0
DAYS MIN <= 32      3               8.1    -5.1        3
DAYS MIN <= 0       0               0.0     0.0        0

PRECIPITATION (INCHES)
RECORD
 MAXIMUM         9.11   1911
 MINIMUM         0.01   1952
TOTALS           2.74              2.24    0.50     1.26
DAILY AVG.       0.09              0.07    0.02     0.04
DAYS >= .01         9               9.4    -0.4        8
DAYS >= .10         5               4.8     0.2        4
DAYS >= .50         2               1.4     0.6        0
DAYS >= 1.00        0               0.4    -0.4        0
GREATEST
 24 HR. TOTAL    1.86   10/25 TO 10/26           10/27 TO 10/28
                                                          10/29 TO 10/29
                                                          10/29 TO 10/29

SNOWFALL (INCHES)
RECORDS
 TOTAL           10.0   1887
 24 HR TOTAL      4.2   MM
TOTALS            0.0               0.8    -0.8      0.2
SINCE 7/1         0.0               0.8    -0.8      0.2
SNOWDEPTH AVG.      0                MM      MM        0
DAYS >= TRACE       0               0.9    -0.9        2
DAYS >= 1.0         0               0.2    -0.2        0
GREATEST
 SNOW DEPTH         0   MM                             0
 24 HR TOTAL      0.0   10/31 TO 10/31               0.2

DEGREE_DAYS
HEATING TOTAL     398               521    -123      447
 SINCE 7/1        475               736    -261      588
COOLING TOTAL       1                 6      -5        5
 SINCE 1/1        629               585      44      507
..........................................................

WIND (MPH)
AVERAGE WIND SPEED              10.8
HIGHEST WIND SPEED/DIRECTION    32/300    DATE  10/23
HIGHEST GUST SPEED/DIRECTION    41/190    DATE  10/14

SKY COVER
POSSIBLE SUNSHINE (PERCENT)   MM
AVERAGE SKY COVER           0.40
NUMBER OF DAYS FAIR           18
NUMBER OF DAYS PC              6
NUMBER OF DAYS CLOUDY          7

AVERAGE RH (PERCENT)     76

WEATHER CONDITIONS. NUMBER OF DAYS WITH
THUNDERSTORM              0     MIXED PRECIP               0
HEAVY RAIN                3     RAIN                       6
LIGHT RAIN               13     FREEZING RAIN              0
LT FREEZING RAIN          0     HAIL                       0
HEAVY SNOW                0     SNOW                       0
LIGHT SNOW                0     SLEET                      0
FOG                      14     FOG W/VIS <= 1/4 MILE      3
HAZE                      1

-  INDICATES NEGATIVE NUMBERS.
R  INDICATES RECORD WAS SET OR TIED.
MM INDICATES DATA IS MISSING.
T  INDICATES TRACE AMOUNT.

$$
