000
CXUS53 KARX 010801
CLMRST


CLIMATE REPORT
NATIONAL WEATHER SERVICE LA CROSSE WI
300 AM CDT THU JUN 1 2017

...................................

...THE ROCHESTER MN CLIMATE SUMMARY FOR THE MONTH OF MAY 2017...

CLIMATE NORMAL PERIOD 1981 TO 2010
CLIMATE RECORD PERIOD 1886 TO 2017

WEATHER         OBSERVED          NORMAL  DEPART  LAST YEAR`S
                 VALUE   DATE(S)  VALUE   FROM    VALUE  DATE(S)
                                          NORMAL
................................................................
TEMPERATURE (F)
RECORD
 HIGH             106   05/31/1934
 LOW               20   05/17/1909
HIGHEST            87   05/16        MM      MM       90  05/06
LOWEST             35   05/03        MM      MM       31  05/15
AVG. MAXIMUM     66.1              68.7    -2.6     69.4
AVG. MINIMUM     46.4              47.4    -1.0     48.3
MEAN             56.2              58.1    -1.9     58.9
DAYS MAX >= 90      0               0.4    -0.4        1
DAYS MAX <= 32      0               0.0     0.0        0
DAYS MIN <= 32      0               0.7    -0.7        1
DAYS MIN <= 0       0               0.0     0.0        0

PRECIPITATION (INCHES)
RECORD
 MAXIMUM        12.26   2013
 MINIMUM         0.40   1934
TOTALS           3.07              3.63   -0.56     4.59
DAILY AVG.       0.10              0.12   -0.02     0.15
DAYS >= .01        13              12.4     0.6       13
DAYS >= .10         5               6.9    -1.9       10
DAYS >= .50         3               2.3     0.7        4
DAYS >= 1.00        1               0.8     0.2        0
GREATEST
 24 HR. TOTAL    1.04   05/17 TO 05/17           05/25 TO 05/26
                                                          05/31 TO 05/31
                                                          05/31 TO 05/31

SNOWFALL (INCHES)
RECORDS
 TOTAL           14.5   2013
 24 HR TOTAL       MM
TOTALS            0.0                 T     0.0      0.0
SINCE 7/1        52.7              51.9     0.8     47.9
SNOWDEPTH AVG.      0                MM      MM        0
DAYS >= TRACE       0               0.1    -0.1        0
DAYS >= 1.0         0               0.0     0.0        0
GREATEST
 SNOW DEPTH         0   MM                             0
 24 HR TOTAL      0.0   05/31 TO 05/31               0.0

DEGREE_DAYS
HEATING TOTAL     284               245      39      229
 SINCE 7/1       6868              7670    -802     6775
COOLING TOTAL      20                30     -10       47
 SINCE 1/1         20                34     -14       48
..................................................

WIND (MPH)
AVERAGE WIND SPEED              11.8
HIGHEST WIND SPEED/DIRECTION    45/190    DATE  05/17
HIGHEST GUST SPEED/DIRECTION    66/170    DATE  05/17

SKY COVER
POSSIBLE SUNSHINE (PERCENT)   MM
AVERAGE SKY COVER           0.40
NUMBER OF DAYS FAIR           16
NUMBER OF DAYS PC              8
NUMBER OF DAYS CLOUDY          7

AVERAGE RH (PERCENT)     70

WEATHER CONDITIONS. NUMBER OF DAYS WITH
THUNDERSTORM              0     MIXED PRECIP               0
HEAVY RAIN                2     RAIN                       4
LIGHT RAIN               17     FREEZING RAIN              0
LT FREEZING RAIN          0     HAIL                       0
HEAVY SNOW                0     SNOW                       0
LIGHT SNOW                0     SLEET                      0
FOG                      10     FOG W/VIS <= 1/4 MILE      0
HAZE                      4

-  INDICATES NEGATIVE NUMBERS.
R  INDICATES RECORD WAS SET OR TIED.
MM INDICATES DATA IS MISSING.
T  INDICATES TRACE AMOUNT.

$$
