000
CXUS53 KARX 011104
CLMRST


CLIMATE REPORT
NATIONAL WEATHER SERVICE LA CROSSE WI
603 AM CDT SUN MAY 1 2016

...................................

...THE ROCHESTER MN CLIMATE SUMMARY FOR THE MONTH OF APRIL 2016...

CLIMATE NORMAL PERIOD 1981 TO 2010
CLIMATE RECORD PERIOD 1886 TO 2016

WEATHER         OBSERVED          NORMAL  DEPART  LAST YEAR`S
                 VALUE   DATE(S)  VALUE   FROM    VALUE  DATE(S)
                                          NORMAL
................................................................
TEMPERATURE (F)
RECORD
 HIGH              92   04/24/2009
 LOW                5   04/06/1982
HIGHEST            80   04/16        MM      MM       77  04/17
LOWEST             18   04/09        MM      MM       25  04/23
AVG. MAXIMUM     56.6              57.0    -0.4     58.3
AVG. MINIMUM     37.4              36.4     1.0     37.1
MEAN             47.0              46.7     0.3     47.7
DAYS MAX >= 90      0               0.0     0.0        0
DAYS MAX <= 32      0               0.5    -0.5        0
DAYS MIN <= 32     10               8.6     1.4        4
DAYS MIN <= 0       0               0.0     0.0        0

PRECIPITATION (INCHES)
RECORD
 MAXIMUM         7.30   2001
 MINIMUM         0.46   1946
TOTALS           1.72              3.24   -1.52     4.93
DAILY AVG.       0.06              0.11   -0.05     0.16
DAYS >= .01        14              11.2     2.8       14
DAYS >= .10         4               6.8    -2.8        8
DAYS >= .50         1               2.1    -1.1        3
DAYS >= 1.00        0               0.6    -0.6        2
GREATEST
 24 HR. TOTAL    0.57   04/30 TO 04/30           04/08 TO 04/09
                                                          04/09 TO 04/09
                                                          04/09 TO 04/09

SNOWFALL (INCHES)
RECORDS
 TOTAL           16.4   1983
 24 HR TOTAL       MM
TOTALS            0.5               3.3    -2.8      1.5
SINCE 7/1        47.9              51.9    -4.0     50.4
SNOWDEPTH AVG.      0                MM      MM        0
DAYS >= TRACE       5               2.3     2.7        4
DAYS >= 1.0         0               0.8    -0.8        1
GREATEST
 SNOW DEPTH         0   MM                            -1
 24 HR TOTAL      0.5   04/08 TO 04/08               1.5

DEGREE_DAYS
HEATING TOTAL     531               553     -22      514
 SINCE 7/1       6546              7425    -879     7812
COOLING TOTAL       1                 4      -3        0
 SINCE 1/1          1                 4      -3        0
..........................................................

WIND (MPH)
AVERAGE WIND SPEED              14.2
HIGHEST WIND SPEED/DIRECTION    45/340    DATE  04/02
HIGHEST GUST SPEED/DIRECTION    55/300    DATE  04/02

SKY COVER
POSSIBLE SUNSHINE (PERCENT)   MM
AVERAGE SKY COVER           0.50
NUMBER OF DAYS FAIR            9
NUMBER OF DAYS PC             13
NUMBER OF DAYS CLOUDY          8

AVERAGE RH (PERCENT)     66

WEATHER CONDITIONS. NUMBER OF DAYS WITH
THUNDERSTORM              0     MIXED PRECIP               0
HEAVY RAIN                0     RAIN                       3
LIGHT RAIN               15     FREEZING RAIN              0
LT FREEZING RAIN          1     HAIL                       0
HEAVY SNOW                0     SNOW                       1
LIGHT SNOW                5     SLEET                      0
FOG                      15     FOG W/VIS <= 1/4 MILE      3
HAZE                      5

-  INDICATES NEGATIVE NUMBERS.
R  INDICATES RECORD WAS SET OR TIED.
MM INDICATES DATA IS MISSING.
T  INDICATES TRACE AMOUNT.

$$
