000
CXUS53 KARX 010941
CLMRST


CLIMATE REPORT
NATIONAL WEATHER SERVICE LA CROSSE WI
438 AM CDT SAT AUG 1 2015

...................................

...THE ROCHESTER MN CLIMATE SUMMARY FOR THE MONTH OF JULY 2015...

CLIMATE NORMAL PERIOD 1981 TO 2010
CLIMATE RECORD PERIOD 1886 TO 2015

WEATHER         OBSERVED          NORMAL  DEPART  LAST YEAR`S
                 VALUE   DATE(S)  VALUE   FROM    VALUE  DATE(S)
                                          NORMAL
................................................................
TEMPERATURE (F)
RECORD
 HIGH             108   07/14/1936
 LOW               40   07/17/1911
HIGHEST            89   07/13        MM      MM       86  07/21
LOWEST             50   07/02        MM      MM       50  07/16
AVG. MAXIMUM     79.4              81.4    -2.0     76.9
AVG. MINIMUM     59.6              61.3    -1.7     58.2
MEAN             69.5              71.4    -1.9     67.6
DAYS MAX >= 90      0               2.5    -2.5        0
DAYS MAX <= 32      0               0.0     0.0        0
DAYS MIN <= 32      0               0.0     0.0        0
DAYS MIN <= 0       0               0.0     0.0        0

PRECIPITATION (INCHES)
RECORD
 MAXIMUM        12.33   1978
 MINIMUM         0.41   1946
TOTALS           4.94              4.55    0.39     2.23
DAILY AVG.       0.16              0.15    0.01     0.07
DAYS >= .01         8              10.5    -2.5       10
DAYS >= .10         6               6.8    -0.8        5
DAYS >= .50         3               3.1    -0.1        1
DAYS >= 1.00        2               1.2     0.8        0
GREATEST
 24 HR. TOTAL    1.67   07/27 TO 07/28           07/07 TO 07/07
                        07/28 TO 07/28                    07/06 TO 07/07
                        07/28 TO 07/29                    07/07 TO 07/07

SNOWFALL (INCHES)
RECORDS
 TOTAL             MM   MM
 24 HR TOTAL       MM
TOTALS            0.0               0.0     0.0      0.0
SINCE 7/1         0.0               0.0     0.0      0.0
SNOWDEPTH AVG.      0                MM      MM        0
DAYS >= TRACE       0               0.0     0.0        0
DAYS >= 1.0         0               0.0     0.0        0
GREATEST
 SNOW DEPTH         0   MM                             0
 24 HR TOTAL      0.0   07/31 TO 07/31               0.0

DEGREE_DAYS
HEATING TOTAL      17                11       6       22
 SINCE 7/1         17                11       6       22
COOLING TOTAL     164               207     -43      110
 SINCE 1/1        277               371     -94      280
........................................................

WIND (MPH)
AVERAGE WIND SPEED              9.0
HIGHEST WIND SPEED/DIRECTION    40/350    DATE  07/18
HIGHEST GUST SPEED/DIRECTION    48/350    DATE  07/18

SKY COVER
POSSIBLE SUNSHINE (PERCENT)   MM
AVERAGE SKY COVER           0.20
NUMBER OF DAYS FAIR           22
NUMBER OF DAYS PC              8
NUMBER OF DAYS CLOUDY          1

AVERAGE RH (PERCENT)     76

WEATHER CONDITIONS. NUMBER OF DAYS WITH
THUNDERSTORM              0     MIXED PRECIP               0
HEAVY RAIN                6     RAIN                       6
LIGHT RAIN                9     FREEZING RAIN              0
LT FREEZING RAIN          0     HAIL                       0
HEAVY SNOW                0     SNOW                       0
LIGHT SNOW                0     SLEET                      0
FOG                      16     FOG W/VIS <= 1/4 MILE      1
HAZE                      5

-  INDICATES NEGATIVE NUMBERS.
R  INDICATES RECORD WAS SET OR TIED.
MM INDICATES DATA IS MISSING.
T  INDICATES TRACE AMOUNT.

$$
