000
CXUS53 KARX 010711
CLMRST
CLIMATE REPORT
NATIONAL WEATHER SERVICE LA CROSSE WI
211 AM CDT SUN OCT 01 2023
...................................
...THE ROCHESTER MN CLIMATE SUMMARY FOR THE MONTH OF SEPTEMBER 2023...
CLIMATE NORMAL PERIOD 1991 TO 2020
CLIMATE RECORD PERIOD 1886 TO 2023
WEATHER OBSERVED NORMAL DEPART LAST YEAR`S
VALUE DATE(S) VALUE FROM VALUE DATE(S)
NORMAL
................................................................
TEMPERATURE (F)
RECORD
HIGH 100 09/06/1913
LOW 22 09/28/1942
09/28/1893
HIGHEST 94 09/02 90 09/20
09/03
LOWEST 41 09/13 33 09/28
AVG. MAXIMUM 77.2 71.8 5.4 72.4
AVG. MINIMUM 55.4 50.4 5.0 50.8
MEAN 66.3 61.1 5.2 61.6
DAYS MAX >= 90 4 0.4 3.6 1
DAYS MAX <= 32 0 0.0 0.0 0
DAYS MIN <= 32 0 0.6 -0.6 0
DAYS MIN <= 0 0 0.0 0.0 0
PRECIPITATION (INCHES)
RECORD
MAXIMUM 10.50 1986
TOTALS 3.43 3.60 -0.17 0.97
DAYS >= .01 10 9.3 0.7 6
DAYS >= .10 5 5.9 -0.9 3
DAYS >= .50 2 2.0 0.0 0
DAYS >= 1.00 1 1.0 0.0 0
GREATEST
24 HR. TOTAL 2.66 09/22 TO 09/23 0.53 09/09 TO 09/10
SNOWFALL (INCHES)
RECORDS
TOTAL 0.8 1961
SNOW DEPTH 0 09/09/2020
TOTALS 0.0 0.0 0.0 0.0
SINCE 7/1 0.0 0.0 0.0 MM
SNOWDEPTH AVG. 0 0
DAYS >= TRACE 0 0.0 0.0 0
DAYS >= 1.0 0 0.0 0.0 0
GREATEST
SNOW DEPTH 0 0 MM
DEGREE DAYS
HEATING TOTAL 56 170 -114 143
SINCE 7/1 82 214 -132 MM
COOLING TOTAL 103 53 50 50
SINCE 1/1 666 527 139 MM
................................................................
WIND (MPH)
AVERAGE WIND SPEED 8.8
HIGHEST WIND SPEED/DIRECTION 29/260 DATE 09/09
HIGHEST GUST SPEED/DIRECTION 44/260 DATE 09/09
AVERAGE RH (PERCENT) 74
WEATHER CONDITIONS. NUMBER OF DAYS WITH
THUNDERSTORM 7 MIXED PRECIP 0
HEAVY RAIN 4 RAIN 4
LIGHT RAIN 14 FREEZING RAIN 0
LT FREEZING RAIN 0 HAIL 0
HEAVY SNOW 0 SNOW 0
LIGHT SNOW 0 SLEET 0
FOG 16 FOG W/VIS <= 1/4 MILE 6
HAZE 0
- INDICATES NEGATIVE NUMBERS.
R INDICATES RECORD WAS SET OR TIED.
MM INDICATES DATA IS MISSING.
T INDICATES TRACE AMOUNT.
$$