000
CXUS53 KARX 020446
CLMRST

CLIMATE REPORT
NATIONAL WEATHER SERVICE LA CROSSE WI
518 AM CDT THU SEP 1 2016

...TEMPERATURES AT ROCHESTER, MINNESOTA WERE SLIGHTLY ABOVE NORMAL
AND PRECIPITATION WAS ABOVE NORMAL DURING THE MONTH OF AUGUST...

THE AVERAGE TEMPERATURE WAS 70.1 DEGREES. THIS WAS ONE DEGREE ABOVE
NORMAL. THE AVERAGE HIGH TEMPERATURE WAS 79.7 DEGREES AND THE
AVERAGE LOW TEMPERATURE WAS 60.6 DEGREES. THE HIGHEST TEMPERATURE
FOR THE MONTH WAS 86 DEGREES WHICH OCCURRED ON THE 3RD AND 10TH. THE
COLDEST TEMPERATURE WAS 53 DEGREES WHICH OCCURRED ON THE 21ST, 22ND
AND 26TH.

ROCHESTER RECEIVED 5.74 INCHES OF PRECIPITATION DURING THE MONTH.
THIS WAS 1.22 INCHES ABOVE NORMAL. THE GREATEST 24-HOUR
PRECIPITATION TOTAL WAS 1.88 INCHES WHICH OCCURRED FROM THE 18TH TO
THE 19TH.

...RECORDS...

NO RECORDS WERE SET IN THE MONTH OF AUGUST.

...DISCUSSION...

TEMPERATURES WERE SLIGHTLY ABOVE NORMAL AT ROCHESTER, MINNESOTA
DURING THE MONTH OF AUGUST, ALTHOUGH THERE WERE SOME COOLER
STRETCHES. FROM THE 19TH THROUGH THE 27TH, HIGH TEMPERATURES DID NOT
EXCEED 80 DEGREES, INCLUDING A HIGH OF ONLY 69 ON THE 20TH. THE
WARMEST TEMPERATURE OF THE MONTH WAS 86 DEGREES, WHICH OCCURRED ON
BOTH THE 3RD AND 10TH.

WHILE THERE WERE SOME DRIER PERIODS, ROCHESTER RECEIVED ABOVE NORMAL
PRECIPITATION FOR THE MONTH OF AUGUST. FROM THE 1ST THROUGH THE
10TH, ONLY TWO DAYS CONTAINED MEASURABLE PRECIPITATION, ONE OF WHICH
WAS THE 4TH ON WHICH 1.09 INCHES OF RAIN FELL. THE END OF THE MONTH
WAS ALSO DRY, WITH NO MEASURABLE PRECIPITATION OCCURRING AFTER THE
23RD. THERE WERE FIVE DAYS IN AUGUST WITH AT LEAST HALF AN INCH OF
PRECIPITATION, WHICH IS NEARLY DOUBLE THE MONTHLY NORMAL OF THREE
DAYS. THE GREATEST 24-HOUR PRECIPITATION TOTAL OCCURRED FROM THE
18TH INTO THE 19TH, WHICH WAS 1.88 INCHES.

...................................

...THE ROCHESTER MN CLIMATE SUMMARY FOR THE MONTH OF AUGUST 2016...

CLIMATE NORMAL PERIOD 1981 TO 2010
CLIMATE RECORD PERIOD 1886 TO 2016

WEATHER         OBSERVED          NORMAL  DEPART  LAST YEAR`S
                 VALUE   DATE(S)  VALUE   FROM    VALUE  DATE(S)
                                          NORMAL
................................................................
TEMPERATURE (F)
RECORD
 HIGH             100   08/24/1948
                        08/23/1948
                        08/04/1947
 LOW               32   08/30/1915
HIGHEST            86   08/10        MM      MM       86  08/14
                        08/03
LOWEST             53   08/26        MM      MM       47  08/26
                        08/22
                        08/21
AVG. MAXIMUM     79.7              78.9     0.8     75.9
AVG. MINIMUM     60.6              59.3     1.3     57.2
MEAN             70.1              69.1     1.0     66.5
DAYS MAX >= 90      0               1.4    -1.4        0
DAYS MAX <= 32      0               0.0     0.0        0
DAYS MIN <= 32      0               0.0     0.0        0
DAYS MIN <= 0       0               0.0     0.0        0

PRECIPITATION (INCHES)
RECORD
 MAXIMUM        14.07   2007
 MINIMUM         0.31   1941
TOTALS           5.74              4.52    1.22     3.16
DAILY AVG.       0.19              0.15    0.04     0.10
DAYS >= .01         9              10.0    -1.0        9
DAYS >= .10         8               6.4     1.6        6
DAYS >= .50         5               3.1     1.9        2
DAYS >= 1.00        2               1.2     0.8        1
GREATEST
 24 HR. TOTAL    1.88   08/18 TO 08/19           08/18 TO 08/19
                                                          08/31 TO 08/31
                                                          08/31 TO 08/31

SNOWFALL (INCHES)
RECORDS
 TOTAL             MM   MM
 24 HR TOTAL       MM
TOTALS            0.0               0.0     0.0      0.0
SINCE 7/1         0.0               0.0     0.0      0.0
SNOWDEPTH AVG.      0                MM      MM        0
DAYS >= TRACE       0               0.0     0.0        0
DAYS >= 1.0         0               0.0     0.0        0
GREATEST
 SNOW DEPTH         0   MM                             0
 24 HR TOTAL      0.0   08/31 TO 08/31               0.0

DEGREE_DAYS
HEATING TOTAL       7                27     -20       42
 SINCE 7/1         11                38     -27       59
COOLING TOTAL     173               154      19       98
 SINCE 1/1        573               525      48      375
..................................................

WIND (MPH)
AVERAGE WIND SPEED              7.0
HIGHEST WIND SPEED/DIRECTION    25/180    DATE  08/22
HIGHEST GUST SPEED/DIRECTION    37/280    DATE  08/11

SKY COVER
POSSIBLE SUNSHINE (PERCENT)   MM
AVERAGE SKY COVER           0.30
NUMBER OF DAYS FAIR           20
NUMBER OF DAYS PC              8
NUMBER OF DAYS CLOUDY          3

AVERAGE RH (PERCENT)     81

WEATHER CONDITIONS. NUMBER OF DAYS WITH
THUNDERSTORM              8     MIXED PRECIP               0
HEAVY RAIN                7     RAIN                       6
LIGHT RAIN               14     FREEZING RAIN              0
LT FREEZING RAIN          0     HAIL                       0
HEAVY SNOW                0     SNOW                       0
LIGHT SNOW                0     SLEET                      0
FOG                      20     FOG W/VIS <= 1/4 MILE      6
HAZE                      1

-  INDICATES NEGATIVE NUMBERS.
R  INDICATES RECORD WAS SET OR TIED.
MM INDICATES DATA IS MISSING.
T  INDICATES TRACE AMOUNT.

$$

BOYNE
