000
CXUS53 KARX 011006
CLMRST


CLIMATE REPORT
NATIONAL WEATHER SERVICE LA CROSSE WI
500 AM CDT THU AUG 1 2013

...................................

...THE ROCHESTER CLIMATE SUMMARY FOR THE MONTH OF JULY 2013...

CLIMATE NORMAL PERIOD 1981 TO 2010
CLIMATE RECORD PERIOD 1886 TO 2013

WEATHER         OBSERVED          NORMAL  DEPART  LAST YEAR`S
                 VALUE   DATE(S)  VALUE   FROM    VALUE  DATE(S)
                                          NORMAL
................................................................
TEMPERATURE (F)
RECORD
 HIGH             108   07/14/1936
 LOW               40   07/17/1911
HIGHEST            92   07/18        MM      MM       96  07/06
LOWEST             46   07/28        MM      MM       59  07/20
                                                          07/12
                                                          07/10
AVG. MAXIMUM     81.3              81.4    -0.1     87.5
AVG. MINIMUM     61.5              61.3     0.2     66.7
MEAN             71.4              71.4     0.0     77.1
DAYS MAX >= 90      4               2.5     1.5       11
DAYS MAX <= 32      0               0.0     0.0        0
DAYS MIN <= 32      0               0.0     0.0        0
DAYS MIN <= 0       0               0.0     0.0        0

PRECIPITATION (INCHES)
RECORD
 MAXIMUM        12.33   1978
 MINIMUM         0.41   1946
TOTALS           2.14              4.55   -2.41     3.25
DAILY AVG.       0.07              0.15   -0.08     0.10
DAYS >= .01         9              10.5    -1.5        7
DAYS >= .10         6               6.8    -0.8        5
DAYS >= .50         2               3.1    -1.1        2
DAYS >= 1.00        0               1.2    -1.2        1
GREATEST
 24 HR. TOTAL    0.57   07/13 TO 07/13
                        07/12 TO 07/13
                        07/13 TO 07/13

SNOWFALL (INCHES)
RECORDS
 TOTAL             MM   MM
TOTALS            0.0               0.0     0.0      0.0
SINCE 7/1         0.0               0.0     0.0      0.0
SNOWDEPTH AVG.      0                MM      MM        0
DAYS >= 1.0         0               0.0     0.0        0
GREATEST
 SNOW DEPTH         0   MM                             0  MM
 24 HR TOTAL      0.0   07/31 TO 07/31

DEGREE_DAYS
HEATING TOTAL      23                11      12
 SINCE 7/1         23                11      12
COOLING TOTAL     229               207      22
 SINCE 1/1        385               371      14
.................................................................

WIND (MPH)
AVERAGE WIND SPEED              9.5
HIGHEST WIND SPEED/DIRECTION    31/320    DATE  07/27
HIGHEST GUST SPEED/DIRECTION    41/190    DATE  07/13

SKY COVER
POSSIBLE SUNSHINE (PERCENT)   MM
AVERAGE SKY COVER           0.30
NUMBER OF DAYS FAIR           20
NUMBER OF DAYS PC              9
NUMBER OF DAYS CLOUDY          2

AVERAGE RH (PERCENT)     68

WEATHER CONDITIONS. NUMBER OF DAYS WITH
THUNDERSTORM              0     MIXED PRECIP               0
HEAVY RAIN                6     RAIN                       8
LIGHT RAIN                9     FREEZING RAIN              0
LT FREEZING RAIN          0     HAIL                       0
HEAVY SNOW                0     SNOW                       0
LIGHT SNOW                0     SLEET                      0
FOG                      14     FOG W/VIS <= 1/4 MILE      3
HAZE                      3

-  INDICATES NEGATIVE NUMBERS.
R  INDICATES RECORD WAS SET OR TIED.
MM INDICATES DATA IS MISSING.
T  INDICATES TRACE AMOUNT.

$$
