000
CXUS53 KARX 011712
CLMRST


CLIMATE REPORT
NATIONAL WEATHER SERVICE LA CROSSE WI
1104 AM CST WED JAN 1 2014

...................................

...THE ROCHESTER MN CLIMATE SUMMARY FOR THE MONTH OF DECEMBER 2013...

CLIMATE NORMAL PERIOD 1981 TO 2010
CLIMATE RECORD PERIOD 1886 TO 2013

WEATHER         OBSERVED          NORMAL  DEPART  LAST YEAR`S
                 VALUE   DATE(S)  VALUE   FROM    VALUE  DATE(S)
                                          NORMAL
................................................................
TEMPERATURE (F)
RECORD
 HIGH              63   12/17/1939
 LOW              -33   12/19/1983
HIGHEST            39   12/02        MM      MM       62  12/03
LOWEST            -15   12/30        MM      MM       -3  12/31
AVG. MAXIMUM     20.9              27.1    -6.2     31.6
AVG. MINIMUM      5.4              12.2    -6.8     16.4
MEAN             13.1              19.7    -6.6     24.0
DAYS MAX >= 90      0               0.0     0.0        0
DAYS MAX <= 32     24              19.5     4.5       16
DAYS MIN <= 32     31              29.5     1.5       27
DAYS MIN <= 0      11               6.5     4.5        3

PRECIPITATION (INCHES)
RECORD
 MAXIMUM         3.68   2010
 MINIMUM            T   1943
TOTALS           1.10              1.23   -0.13     1.79
DAILY AVG.       0.04              0.04    0.00     0.06
DAYS >= .01        14               9.7     4.3       11
DAYS >= .10         6               3.6     2.4        6
DAYS >= .50         0               0.4    -0.4        0
DAYS >= 1.00        0               0.1    -0.1        0
GREATEST
 24 HR. TOTAL    0.19   12/24 TO 12/25           12/19 TO 12/20
                                                          12/20 TO 12/20
                                                          12/20 TO 12/20

SNOWFALL (INCHES)
RECORDS
 TOTAL           41.3   2010
 24 HR TOTAL     15.0   12/11/2010 TO 12/11/2010
TOTALS           13.1              12.5     0.6     14.4
SINCE 7/1        14.4              19.4    -5.0     14.5
SNOWDEPTH AVG.      3                 4      -1        3
DAYS >= TRACE      21               9.3    11.7       14
DAYS >= 1.0         6               3.6     2.4        4
GREATEST
 SNOW DEPTH         7   12/26                          7
 24 HR TOTAL      3.4   MM                           5.5

DEGREE_DAYS
HEATING TOTAL    1601              1406     195     1264
 SINCE 7/1       3294              3078     216     2718
COOLING TOTAL       0                 0       0        0
 SINCE 1/1        656               585      71      888
.................................................

WIND (MPH)
AVERAGE WIND SPEED              12.0
HIGHEST WIND SPEED/DIRECTION    33/290    DATE  12/10
HIGHEST GUST SPEED/DIRECTION    42/040    DATE  12/20

SKY COVER
POSSIBLE SUNSHINE (PERCENT)   MM
AVERAGE SKY COVER           0.60
NUMBER OF DAYS FAIR            7
NUMBER OF DAYS PC             13
NUMBER OF DAYS CLOUDY         11

AVERAGE RH (PERCENT)     77

WEATHER CONDITIONS. NUMBER OF DAYS WITH
THUNDERSTORM              0     MIXED PRECIP               0
HEAVY RAIN                2     RAIN                       2
LIGHT RAIN                3     FREEZING RAIN              1
LT FREEZING RAIN          6     HAIL                       0
HEAVY SNOW                2     SNOW                       4
LIGHT SNOW               21     SLEET                      0
FOG                      20     FOG W/VIS <= 1/4 MILE      3
HAZE                     18

-  INDICATES NEGATIVE NUMBERS.
R  INDICATES RECORD WAS SET OR TIED.
MM INDICATES DATA IS MISSING.
T  INDICATES TRACE AMOUNT.

$$
