000
CXUS53 KARX 010703
CLMRST


CLIMATE REPORT
NATIONAL WEATHER SERVICE LA CROSSE WI
103 AM CST MON FEB 1 2016

...................................

...THE ROCHESTER MN CLIMATE SUMMARY FOR THE MONTH OF JANUARY 2016...

CLIMATE NORMAL PERIOD 1981 TO 2010
CLIMATE RECORD PERIOD 1886 TO 2016

WEATHER         OBSERVED          NORMAL  DEPART  LAST YEAR`S
                 VALUE   DATE(S)  VALUE   FROM    VALUE  DATE(S)
                                          NORMAL
................................................................
TEMPERATURE (F)
RECORD
 HIGH              58   01/25/1944
 LOW              -42   01/07/1887
HIGHEST            39   01/30        MM      MM       38  01/26
LOWEST            -21   01/18        MM      MM      -17  01/13
AVG. MAXIMUM     21.9              23.6    -1.7     24.2
AVG. MINIMUM      7.8               7.7     0.1      9.6
MEAN             14.8              15.7    -0.9     16.9
DAYS MAX >= 90      0               0.0     0.0        0
DAYS MAX <= 32     25              22.4     2.6       22
DAYS MIN <= 32     31              30.5     0.5       31
DAYS MIN <= 0       9               9.4    -0.4        9

PRECIPITATION (INCHES)
RECORD
 MAXIMUM         4.40   1886
 MINIMUM         0.07   1961
TOTALS           0.75              0.86   -0.11     0.62
DAILY AVG.       0.02              0.03   -0.01     0.02
DAYS >= .01        10               8.4     1.6       10
DAYS >= .10         2               2.7    -0.7        3
DAYS >= .50         0               0.2    -0.2        0
DAYS >= 1.00        0               0.0     0.0        0
GREATEST
 24 HR. TOTAL    0.35   01/07 TO 01/08           01/04 TO 01/05
                                                          01/05 TO 01/05
                                                          01/05 TO 01/06

SNOWFALL (INCHES)
RECORDS
 TOTAL           30.2   1996
 24 HR TOTAL      8.5   01/21/2005 TO 01/21/2005
TOTALS            5.7              12.0    -6.3     10.0
SINCE 7/1        21.4              31.4   -10.0     27.4
SNOWDEPTH AVG.      7                 6       1        5
DAYS >= TRACE      17               8.6     8.4       14
DAYS >= 1.0         2               3.6    -1.6        5
GREATEST
 SNOW DEPTH         9   01/08                          8
                        01/01
 24 HR TOTAL      1.6   MM                           2.2

DEGREE_DAYS
HEATING TOTAL    1546              1530      16     1481
 SINCE 7/1       3977              4608    -631     4701
COOLING TOTAL       0                 0       0        0
 SINCE 1/1          0                 0       0        0
.......................................................

WIND (MPH)
AVERAGE WIND SPEED              12.4
HIGHEST WIND SPEED/DIRECTION    32/220    DATE  01/27
HIGHEST GUST SPEED/DIRECTION    40/210    DATE  01/27

SKY COVER
POSSIBLE SUNSHINE (PERCENT)   MM
AVERAGE SKY COVER           0.60
NUMBER OF DAYS FAIR            8
NUMBER OF DAYS PC             10
NUMBER OF DAYS CLOUDY         13

AVERAGE RH (PERCENT)     83

WEATHER CONDITIONS. NUMBER OF DAYS WITH
THUNDERSTORM              0     MIXED PRECIP               0
HEAVY RAIN                0     RAIN                       0
LIGHT RAIN                2     FREEZING RAIN              2
LT FREEZING RAIN          2     HAIL                       0
HEAVY SNOW                0     SNOW                       0
LIGHT SNOW               17     SLEET                      0
FOG                      25     FOG W/VIS <= 1/4 MILE      4
HAZE                     11

-  INDICATES NEGATIVE NUMBERS.
R  INDICATES RECORD WAS SET OR TIED.
MM INDICATES DATA IS MISSING.
T  INDICATES TRACE AMOUNT.

$$
