000
CXUS53 KARX 010932
CLMRST


CLIMATE REPORT
NATIONAL WEATHER SERVICE LA CROSSE WI
432 AM CDT TUE OCT 1 2013

...................................

...THE ROCHESTER CLIMATE SUMMARY FOR THE MONTH OF SEPTEMBER 2013...

CLIMATE NORMAL PERIOD 1981 TO 2010
CLIMATE RECORD PERIOD 1886 TO 2013

WEATHER         OBSERVED          NORMAL  DEPART  LAST YEAR`S
                 VALUE   DATE(S)  VALUE   FROM    VALUE  DATE(S)
                                          NORMAL
................................................................
TEMPERATURE (F)
RECORD
 HIGH             100   09/06/1913
 LOW               22   09/28/1942
                        09/28/1893
HIGHEST            92   09/09        MM      MM       93  09/04
LOWEST             41   09/22        MM      MM       32  09/23
AVG. MAXIMUM     75.4              71.4     4.0     75.6
AVG. MINIMUM     52.6              50.4     2.2     48.0
MEAN             64.0              60.9     3.1     61.8
DAYS MAX >= 90      2               0.1     1.9        2
DAYS MAX <= 32      0               0.0     0.0        0
DAYS MIN <= 32      0               0.5    -0.5        1
DAYS MIN <= 0       0               0.0     0.0        0

PRECIPITATION (INCHES)
RECORD
 MAXIMUM        10.50   1986
 MINIMUM         0.33   1953
TOTALS           1.22              3.45   -2.23     1.29
DAILY AVG.       0.04              0.12   -0.08     0.04
DAYS >= .01         5               9.9    -4.9        7
DAYS >= .10         3               5.8    -2.8        3
DAYS >= .50         1               1.9    -0.9        1
DAYS >= 1.00        0               0.9    -0.9        0
GREATEST
 24 HR. TOTAL    0.60   09/14 TO 09/14

SNOWFALL (INCHES)
RECORDS
 TOTAL            0.0   MM
TOTALS            0.0               0.0     0.0      0.0
SINCE 7/1         0.0               0.0     0.0      0.0
SNOWDEPTH AVG.      0                MM      MM        0
DAYS >= 1.0         0               0.0     0.0        0
GREATEST
 SNOW DEPTH         0   MM                             0  MM
 24 HR TOTAL      0.0   09/30 TO 09/30

DEGREE_DAYS
HEATING TOTAL     120               177     -57
 SINCE 7/1        154               215     -61
COOLING TOTAL     100                54      46
 SINCE 1/1        656               579      77
.................................................................

WIND (MPH)
AVERAGE WIND SPEED              10.3
HIGHEST WIND SPEED/DIRECTION    32/180    DATE  09/30
HIGHEST GUST SPEED/DIRECTION    41/180    DATE  09/30

SKY COVER
POSSIBLE SUNSHINE (PERCENT)   MM
AVERAGE SKY COVER           0.20
NUMBER OF DAYS FAIR           21
NUMBER OF DAYS PC              7
NUMBER OF DAYS CLOUDY          2

AVERAGE RH (PERCENT)     71

WEATHER CONDITIONS. NUMBER OF DAYS WITH
THUNDERSTORM              0     MIXED PRECIP               0
HEAVY RAIN                4     RAIN                       5
LIGHT RAIN               10     FREEZING RAIN              0
LT FREEZING RAIN          0     HAIL                       0
HEAVY SNOW                0     SNOW                       0
LIGHT SNOW                0     SLEET                      0
FOG                      13     FOG W/VIS <= 1/4 MILE      1
HAZE                      8

-  INDICATES NEGATIVE NUMBERS.
R  INDICATES RECORD WAS SET OR TIED.
MM INDICATES DATA IS MISSING.
T  INDICATES TRACE AMOUNT.

$$
