290
CXUS53 KARX 050757
CLMRST

CLIMATE REPORT
NATIONAL WEATHER SERVICE LA CROSSE WI
156 AM CST SUN MAR 5 2017

...FEBRUARY AT ROCHESTER MINNESOTA WAS WARMER THAN NORMAL AND
RECEIVED ABOVE NORMAL PRECIPITATION...

THE AVERAGE TEMPERATURE FOR THE MONTH WAS 27.6 DEGREES, WHICH WAS
7.3 DEGREES ABOVE NORMAL. THE AVERAGE HIGH TEMPERATURE WAS 36.2
DEGREES AND THE AVERAGE LOW WAS 19.0 DEGREES. THE HIGHEST
TEMPERATURE FOR THE MONTH WAS 57 DEGREES, WHICH OCCURRED ON THE 19TH
AND THE COLDEST TEMPERATURE WAS 0 DEGREES WHICH OCCURRED ON THE 9TH.

A TOTAL OF 1.66 INCHES OF PRECIPITATION FELL DURING THE MONTH. THIS
WAS EIGHTY THREE HUNDREDTHS OF AN INCH ABOVE NORMAL. THE GREATEST 24
HOUR PRECIPITATION WAS EIGHTY ONE HUNDREDTHS OF AN INCH, WHICH
OCCURRED ON THE 20TH.

A TOTAL OF 10.4 INCHES OF SNOW FELL IN THE MONTH. THE GREATEST 24
HOUR SNOWFALL WAS 8.1 INCHES WHICH OCCURRED FROM THE 23RD THROUGH
THE 24TH.

...RECORDS...

THE TEMPERATURE FELL TO 34 DEGREES ON THE 11TH. THIS BROKE THE
HIGHEST LOW TEMPERATURE OF 33 DEGREES PREVIOUSLY SET IN 1961.

THE TEMPERATURE FELL TO 41 DEGREES ON THE 20TH. THIS BROKE THE
HIGHEST LOW TEMPERATURE OF 34 DEGREES PREVIOUSLY SET IN 1954.

ROCHESTER RECEIVED 6.4 INCHES OF SNOWFALL ON THE 24TH. THIS BROKE
THE DAILY SNOWFALL OF 4.0 INCHES PREVIOUSLY SET IN 1940.

...DISCUSSION...

ROCHESTER WAS WARMER THAN NORMAL IN THE MONTH OF MARCH. THE WARMEST
STRETCH OCCURRED FROM THE 10TH TO THE 24TH...WHERE THE AVERAGE DAILY
TEMPERATURE RANGED FROM 1 TO 23 DEGREES ABOVE THE NORMAL. THERE WERE
8 DAYS WHERE THE AVERAGE DAILY TEMPERATURE WAS BELOW NORMAL.
FEBRUARY WAS THE 7TH WARMEST ON RECORD. THERE WERE 11 DAYS WHERE THE
MAXIMUM TEMPERATURE WERE AT OR BELOW 32 DEGREES.

DURING THE MONTH OF FEBRUARY, PRECIPITATION WAS ABOVE NORMAL. THE
WETTEST STRETCH OCCURRED FROM THE 20TH THROUGH THE 24TH, WHERE 1.61
INCHES OF PRECIPITATION FELL. THERE WERE 5 DAYS OF MEASURABLE
PRECIPITATION IN THE MONTH WITH 1 DAY OF A HALF OF AN INCH OR MORE
OF PRECIPITATION. THE DRIEST STRETCH OCCURRED FROM THE 1ST THROUGH
THE 19TH WHERE FIVE HUNDREDTHS OF AN INCH OF PRECIPITATION FELL.

...................................

...THE ROCHESTER MN CLIMATE SUMMARY FOR THE MONTH OF FEBRUARY 2017...

CLIMATE NORMAL PERIOD 1981 TO 2010
CLIMATE RECORD PERIOD 1886 TO 2017

WEATHER         OBSERVED          NORMAL  DEPART  LAST YEAR`S
                 VALUE   DATE(S)  VALUE   FROM    VALUE  DATE(S)
                                          NORMAL
................................................................
TEMPERATURE (F)
RECORD
 HIGH              63   02/17/1981
 LOW              -35   02/02/1996
HIGHEST            57   02/19        MM      MM       52  02/27
LOWEST              0   02/09        MM      MM      -11  02/13
AVG. MAXIMUM     36.2              28.1     8.1     29.0
AVG. MINIMUM     19.0              12.4     6.6     16.2
MEAN             27.6              20.3     7.3     22.6
DAYS MAX >= 90      0               0.0     0.0        0
DAYS MAX <= 32     11              16.3    -5.3       16
DAYS MIN <= 32     23              26.3    -3.3       28
DAYS MIN <= 0       1               6.0    -5.0        5

PRECIPITATION (INCHES)
RECORD
 MAXIMUM         2.30   1915
 MINIMUM         0.04   1964
TOTALS           1.66              0.83    0.83     0.65
DAILY AVG.       0.06              0.03    0.03     0.02
DAYS >= .01         5               7.9    -2.9        8
DAYS >= .10         3               2.3     0.7        2
DAYS >= .50         1               0.3     0.7        0
DAYS >= 1.00        0               0.0     0.0        0
GREATEST
 24 HR. TOTAL    0.81   02/20 TO 02/20           02/02 TO 02/03

SNOWFALL (INCHES)
RECORDS TOTAL           20.1   2007                       TOTALS
      10.4               8.5     1.9     11.1              SINCE 7/1
       44.3              39.9     4.4     32.5 SNOWDEPTH AVG.      5
                6      -1        7  DAYS >= TRACE       6
   7.5    -1.5       15              DAYS >= 1.0         2
    2.7    -0.7        3              GREATEST SNOW DEPTH        10
 02/27                         13
  02/26
   02/25                                          24 HR TOTAL
6.4   02/24 TO 02/24               6.7

DEGREE_DAYS
HEATING TOTAL    1041              1253    -212     1223
 SINCE 7/1       5044              5861    -817     5200
COOLING TOTAL       0                 0       0        0
 SINCE 1/1          0                 0       0        0
....................................................

WIND (MPH)
AVERAGE WIND SPEED              13.5
HIGHEST WIND SPEED/DIRECTION    31/310    DATE  02/14
HIGHEST GUST SPEED/DIRECTION    39/010    DATE  02/24

SKY COVER
POSSIBLE SUNSHINE (PERCENT)   MM
AVERAGE SKY COVER           0.30
NUMBER OF DAYS FAIR           20
NUMBER OF DAYS PC              3
NUMBER OF DAYS CLOUDY          5

AVERAGE RH (PERCENT)     79

WEATHER CONDITIONS. NUMBER OF DAYS WITH
THUNDERSTORM              2     MIXED PRECIP               0
HEAVY RAIN                1     RAIN                       1
LIGHT RAIN                5     FREEZING RAIN              0
LT FREEZING RAIN          1     HAIL                       0
HEAVY SNOW                2     SNOW                       2
LIGHT SNOW                5     SLEET                      0
FOG                      14     FOG W/VIS <= 1/4 MILE      3
HAZE                      2

-  INDICATES NEGATIVE NUMBERS.
R  INDICATES RECORD WAS SET OR TIED.
MM INDICATES DATA IS MISSING.
T  INDICATES TRACE AMOUNT.

$$

BOYNE
