000
CXUS53 KARX 010702
CLMRST


CLIMATE REPORT
NATIONAL WEATHER SERVICE LA CROSSE WI
155 AM CDT WED OCT 1 2014

...................................

...THE ROCHESTER MN CLIMATE SUMMARY FOR THE MONTH OF SEPTEMBER 2014...

CLIMATE NORMAL PERIOD 1981 TO 2010
CLIMATE RECORD PERIOD 1886 TO 2014

WEATHER         OBSERVED          NORMAL  DEPART  LAST YEAR`S
                 VALUE   DATE(S)  VALUE   FROM    VALUE  DATE(S)
                                          NORMAL
................................................................
TEMPERATURE (F)
RECORD
 HIGH             100   09/06/1913
 LOW               22   09/28/1942
                        09/28/1893
HIGHEST            85   09/04        MM      MM       92  09/09
LOWEST             34   09/13        MM      MM       41  09/22
AVG. MAXIMUM     70.0              71.4    -1.4     75.4
AVG. MINIMUM     49.5              50.4    -0.9     52.6
MEAN             59.8              60.9    -1.1     64.0
DAYS MAX >= 90      0               0.1    -0.1        2
DAYS MAX <= 32      0               0.0     0.0        0
DAYS MIN <= 32      0               0.5    -0.5        0
DAYS MIN <= 0       0               0.0     0.0        0

PRECIPITATION (INCHES)
RECORD
 MAXIMUM        10.50   1986
 MINIMUM         0.33   1953
TOTALS           3.54              3.45    0.09     1.22
DAILY AVG.       0.12              0.12    0.00     0.04
DAYS >= .01         9               9.9    -0.9        5
DAYS >= .10         6               5.8     0.2        3
DAYS >= .50         2               1.9     0.1        1
DAYS >= 1.00        2               0.9     1.1        0
GREATEST
 24 HR. TOTAL    1.61   08/31 TO 09/01           09/14 TO 09/14
                                                          09/30 TO 09/30
                                                          09/30 TO 09/30

SNOWFALL (INCHES)
RECORDS
 TOTAL            0.0   MM
 24 HR TOTAL      0.0   09/30/2002 TO 09/30/2002
                        09/01/2001 TO 09/01/2001
TOTALS            0.0               0.0     0.0      0.0
SINCE 7/1         0.0               0.0     0.0      0.0
SNOWDEPTH AVG.      0                MM      MM        0
DAYS >= TRACE       0               0.0     0.0        0
DAYS >= 1.0         0               0.0     0.0        0
GREATEST
 SNOW DEPTH         0   MM                             0
 24 HR TOTAL      0.0   09/30 TO 09/30               0.0

DEGREE_DAYS
HEATING TOTAL     180               177       3      120
 SINCE 7/1        205               215     -10      154
COOLING TOTAL      31                54     -23      100
 SINCE 1/1        491               579     -88      656
.................................................

WIND (MPH)
AVERAGE WIND SPEED              9.2
HIGHEST WIND SPEED/DIRECTION    31/180    DATE  09/19
HIGHEST GUST SPEED/DIRECTION    43/180    DATE  09/19

SKY COVER
POSSIBLE SUNSHINE (PERCENT)   MM
AVERAGE SKY COVER           0.40
NUMBER OF DAYS FAIR           16
NUMBER OF DAYS PC              9
NUMBER OF DAYS CLOUDY          5

AVERAGE RH (PERCENT)     73

WEATHER CONDITIONS. NUMBER OF DAYS WITH
THUNDERSTORM              0     MIXED PRECIP               0
HEAVY RAIN                3     RAIN                       4
LIGHT RAIN               12     FREEZING RAIN              0
LT FREEZING RAIN          0     HAIL                       0
HEAVY SNOW                0     SNOW                       0
LIGHT SNOW                0     SLEET                      0
FOG                      15     FOG W/VIS <= 1/4 MILE      2
HAZE                      1

-  INDICATES NEGATIVE NUMBERS.
R  INDICATES RECORD WAS SET OR TIED.
MM INDICATES DATA IS MISSING.
T  INDICATES TRACE AMOUNT.

$$
