000
CXUS53 KARX 011315
CLMRST


CLIMATE REPORT
NATIONAL WEATHER SERVICE LA CROSSE WI
714 AM CST THU DEC 1 2016

...................................

...THE ROCHESTER MN CLIMATE SUMMARY FOR THE MONTH OF NOVEMBER 2016...

CLIMATE NORMAL PERIOD 1981 TO 2010
CLIMATE RECORD PERIOD 1886 TO 2016

WEATHER         OBSERVED          NORMAL  DEPART  LAST YEAR`S
                 VALUE   DATE(S)  VALUE   FROM    VALUE  DATE(S)
                                          NORMAL
................................................................
TEMPERATURE (F)
RECORD
 HIGH              75   11/10/2012
                        11/03/2008
                        11/08/1999
 LOW              -24   11/28/1887
HIGHEST            71   11/05        MM      MM       68  11/03
LOWEST             18   11/21        MM      MM        9  11/21
AVG. MAXIMUM     51.7              41.6    10.1     47.8
AVG. MINIMUM     33.8              26.0     7.8     30.9
MEAN             42.8              33.8     9.0     39.3
DAYS MAX >= 90      0               0.0     0.0        0
DAYS MAX <= 32      1               6.1    -5.1        4
DAYS MIN <= 32     13              21.3    -8.3       16
DAYS MIN <= 0       0               0.7    -0.7        0

PRECIPITATION (INCHES)
RECORD
 MAXIMUM         5.91   1909
 MINIMUM         0.01   1917
TOTALS           1.37              1.91   -0.54     3.08
DAILY AVG.       0.05              0.06   -0.01     0.10
DAYS >= .01         7               9.3    -2.3        9
DAYS >= .10         4               4.1    -0.1        8
DAYS >= .50         0               1.2    -1.2        1
DAYS >= 1.00        0               0.3    -0.3        0
GREATEST
 24 HR. TOTAL    0.69   11/22 TO 11/23           11/11 TO 11/12
                                                          11/12 TO 11/12
                                                          11/12 TO 11/12

SNOWFALL (INCHES)
RECORDS
 TOTAL           22.5   1985
 24 HR TOTAL     10.5   11/10/2006 TO 11/10/2006
TOTALS            1.0               6.1    -5.1      2.3
SINCE 7/1         1.0               6.9    -5.9      2.5
SNOWDEPTH AVG.      0                MM      MM        0
DAYS >= TRACE       7               5.2     1.8        3
DAYS >= 1.0         0               1.8    -1.8        1
GREATEST
 SNOW DEPTH         0   MM                             1
 24 HR TOTAL      0.7   MM                           1.3

DEGREE_DAYS
HEATING TOTAL     660               936    -276      762
 SINCE 7/1       1135              1672    -537     1350
COOLING TOTAL       0                 0       0        0
 SINCE 1/1        629               585      44      507
...................................................

WIND (MPH)
AVERAGE WIND SPEED              11.6
HIGHEST WIND SPEED/DIRECTION    41/330    DATE  11/18
HIGHEST GUST SPEED/DIRECTION    53/340    DATE  11/18

SKY COVER
POSSIBLE SUNSHINE (PERCENT)   MM
AVERAGE SKY COVER           0.30
NUMBER OF DAYS FAIR           19
NUMBER OF DAYS PC              2
NUMBER OF DAYS CLOUDY          9

AVERAGE RH (PERCENT)     77

WEATHER CONDITIONS. NUMBER OF DAYS WITH
THUNDERSTORM              0     MIXED PRECIP               0
HEAVY RAIN                0     RAIN                       4
LIGHT RAIN                7     FREEZING RAIN              0
LT FREEZING RAIN          3     HAIL                       0
HEAVY SNOW                0     SNOW                       1
LIGHT SNOW                6     SLEET                      2
FOG                      15     FOG W/VIS <= 1/4 MILE      2
HAZE                      0

-  INDICATES NEGATIVE NUMBERS.
R  INDICATES RECORD WAS SET OR TIED.
MM INDICATES DATA IS MISSING.
T  INDICATES TRACE AMOUNT.

$$
