148
CXUS53 KARX 010659
CLMRST


CLIMATE REPORT
NATIONAL WEATHER SERVICE LA CROSSE WI
158 AM CDT SAT APR 1 2017

...................................

...THE ROCHESTER MN CLIMATE SUMMARY FOR THE MONTH OF MARCH 2017...

CLIMATE NORMAL PERIOD 1981 TO 2010
CLIMATE RECORD PERIOD 1886 TO 2017

WEATHER         OBSERVED          NORMAL  DEPART  LAST YEAR`S
                 VALUE   DATE(S)  VALUE   FROM    VALUE  DATE(S)
                                          NORMAL
................................................................
TEMPERATURE (F)
RECORD
 HIGH              82   03/24/1910
 LOW              -29   03/11/1948
HIGHEST            63   03/06        MM      MM       68  03/08
LOWEST              1   03/14        MM      MM        2  03/02
AVG. MAXIMUM     38.3              40.5    -2.2     46.6
AVG. MINIMUM     24.1              24.3    -0.2     30.4
MEAN             31.2              32.4    -1.2     38.5
DAYS MAX >= 90      0               0.0     0.0        0
DAYS MAX <= 32      8               6.2     1.8        3
DAYS MIN <= 32     20              23.4    -3.4       18
DAYS MIN <= 0       0               1.3    -1.3        0

PRECIPITATION (INCHES)
RECORD
 MAXIMUM         4.02   1888
 MINIMUM            T   1910
TOTALS           2.87              1.88    0.99     3.98
DAILY AVG.       0.09              0.06    0.03     0.13
DAYS >= .01        10              10.2    -0.2       14
DAYS >= .10         5               4.9     0.1        7
DAYS >= .50         2               1.1     0.9        4
DAYS >= 1.00        0               0.2    -0.2        1
GREATEST
 24 HR. TOTAL    0.92   03/06 TO 03/06           03/15 TO 03/16
                                                          03/16 TO 03/16
                                                          03/16 TO 03/16

SNOWFALL (INCHES)
RECORDS
 TOTAL           35.1   1951
 24 HR TOTAL       MM
TOTALS            8.4               8.7    -0.3     14.9
SINCE 7/1        52.7              48.6     4.1     47.4
SNOWDEPTH AVG.      1                 4      -3        1
DAYS >= TRACE       6               6.0     0.0        8
DAYS >= 1.0         2               2.5    -0.5        4
GREATEST
 SNOW DEPTH         7   03/02                         11
                        03/01
 24 HR TOTAL      6.4   03/12 TO 03/12               5.9

DEGREE_DAYS
HEATING TOTAL    1037              1011      26      815
 SINCE 7/1       6081              6872    -791     6015
COOLING TOTAL       0                 0       0        0
 SINCE 1/1          0                 0       0        0
.......................................................

WIND (MPH)
AVERAGE WIND SPEED              13.8
HIGHEST WIND SPEED/DIRECTION    45/290    DATE  03/08
HIGHEST GUST SPEED/DIRECTION    55/290    DATE  03/08

SKY COVER
POSSIBLE SUNSHINE (PERCENT)   MM
AVERAGE SKY COVER           0.50
NUMBER OF DAYS FAIR           11
NUMBER OF DAYS PC             11
NUMBER OF DAYS CLOUDY          9

AVERAGE RH (PERCENT)     74

WEATHER CONDITIONS. NUMBER OF DAYS WITH
THUNDERSTORM              3     MIXED PRECIP               0
HEAVY RAIN                2     RAIN                       4
LIGHT RAIN               11     FREEZING RAIN              0
LT FREEZING RAIN          1     HAIL                       0
HEAVY SNOW                0     SNOW                       2
LIGHT SNOW                6     SLEET                      0
FOG                      14     FOG W/VIS <= 1/4 MILE      3
HAZE                      2

-  INDICATES NEGATIVE NUMBERS.
R  INDICATES RECORD WAS SET OR TIED.
MM INDICATES DATA IS MISSING.
T  INDICATES TRACE AMOUNT.

$$

Boyne
