000
CXUS53 KARX 011041
CLMRST


CLIMATE REPORT
NATIONAL WEATHER SERVICE LA CROSSE WI
531 AM CDT TUE JUL 1 2014

...................................

...THE ROCHESTER MN CLIMATE SUMMARY FOR THE MONTH OF JUNE 2014...

CLIMATE NORMAL PERIOD 1981 TO 2010
CLIMATE RECORD PERIOD 1886 TO 2014

WEATHER         OBSERVED          NORMAL  DEPART  LAST YEAR`S
                 VALUE   DATE(S)  VALUE   FROM    VALUE  DATE(S)
                                          NORMAL
................................................................
TEMPERATURE (F)
RECORD
 HIGH             105   06/27/1934
 LOW               31   06/09/1937
HIGHEST            85   06/06        MM      MM       89  06/20
LOWEST             47   06/13        MM      MM       43  06/03
AVG. MAXIMUM     78.1              78.0     0.1     75.7
AVG. MINIMUM     59.5              57.2     2.3     58.2
MEAN             68.8              67.6     1.2     66.9
DAYS MAX >= 90      0               1.5    -1.5        0
DAYS MAX <= 32      0               0.0     0.0        0
DAYS MIN <= 32      0               0.0     0.0        0
DAYS MIN <= 0       0               0.0     0.0        0

PRECIPITATION (INCHES)
RECORD
 MAXIMUM        12.52   2000
 MINIMUM            T   1910
TOTALS           6.50              4.68    1.82     6.86
DAILY AVG.       0.22              0.16    0.06     0.23
DAYS >= .01        15              11.7     3.3       15
DAYS >= .10         9               7.1     1.9       13
DAYS >= .50         6               3.4     2.6        3
DAYS >= 1.00        2               1.2     0.8        3
GREATEST
 24 HR. TOTAL    1.58   06/16 TO 06/17           06/21 TO 06/22
                                                          06/30 TO 06/30
                                                          06/30 TO 06/30

SNOWFALL (INCHES)
RECORDS
 TOTAL             MM   MM
 24 HR TOTAL       MM
TOTALS            0.0               0.0     0.0      0.0
SINCE 7/1        60.5              51.9     8.6     74.0
SNOWDEPTH AVG.      0                MM      MM        0
DAYS >= TRACE       0               0.0     0.0        0
DAYS >= 1.0         0               0.0     0.0        0
GREATEST
 SNOW DEPTH         0   MM                             0
 24 HR TOTAL      0.0   06/30 TO 06/30               0.0

DEGREE_DAYS
HEATING TOTAL      11                52     -41       60
 SINCE 7/1       8917              7722    1195     7825
COOLING TOTAL     131               130       1      126
 SINCE 1/1        170               164       6      156
.................................................

WIND (MPH)
AVERAGE WIND SPEED              10.4
HIGHEST WIND SPEED/DIRECTION    45/350    DATE  06/16
HIGHEST GUST SPEED/DIRECTION    59/330    DATE  06/16

SKY COVER
POSSIBLE SUNSHINE (PERCENT)   MM
AVERAGE SKY COVER           0.40
NUMBER OF DAYS FAIR           13
NUMBER OF DAYS PC             17
NUMBER OF DAYS CLOUDY          0

AVERAGE RH (PERCENT)     70

WEATHER CONDITIONS. NUMBER OF DAYS WITH
THUNDERSTORM             11     MIXED PRECIP               0
HEAVY RAIN                9     RAIN                       9
LIGHT RAIN               24     FREEZING RAIN              0
LT FREEZING RAIN          0     HAIL                       0
HEAVY SNOW                0     SNOW                       0
LIGHT SNOW                0     SLEET                      0
FOG                      19     FOG W/VIS <= 1/4 MILE      2
HAZE                      2

-  INDICATES NEGATIVE NUMBERS.
R  INDICATES RECORD WAS SET OR TIED.
MM INDICATES DATA IS MISSING.
T  INDICATES TRACE AMOUNT.

$$

BOYNE
