000
CXUS54 KLZK 011330
CF6RUE
PRELIMINARY LOCAL CLIMATOLOGICAL DATA (WS FORM: F-6)
STATION: RUSSELLVILLE
MONTH: NOVEMBER
YEAR: 2022
LATITUDE: 35 15 N
LONGITUDE: 93 6 W
TEMPERATURE IN F: :PCPN: SNOW: WIND :SUNSHINE: SKY :PK WND
================================================================================
1 2 3 4 5 6A 6B 7 8 9 10 11 12 13 14 15 16 17 18
12Z AVG MX 2MIN
DY MAX MIN AVG DEP HDD CDD WTR SNW DPTH SPD SPD DIR MIN PSBL S-S WX SPD DR
================================================================================
1 79 43 61 5 4 0 0.00 M M 0.9 8 180 M M 0 1 12 200
2 76 47 62 6 3 0 0.00 M M 1.6 9 210 M M 0 1 13 210
3 78 50 64 9 1 0 0.00 M M 2.9 12 170 M M 4 1 17 180
4 77 57 67 12 0 2 0.64 M M 6.9 24 250 M M 8 13 36 240
5 59 42 51 -3 14 0 0.00 M M 4.8 18 270 M M 5 23 270
6 76 42 59 5 6 0 0.00 M M 1.8 9 100 M M 0 13 100
7 71 59 65 11 0 0 0.00 M M 5.3 16 60 M M 10 1 19 70
8 77 60 69 16 0 4 0.00 M M 1.8 7 120 M M 5 12 80
9 84 56 70 17 0 5 0.00 M M 1.7 10 180 M M 1 1 14 180
10 76 51 64 12 1 0 0.00 M M 3.5 9 110 M M 0 14 80
11 57 36 47 -5 18 0 0.47 M M 7.4 16 320 M M 8 14 22 340
12 49 31 40 -12 25 0 0.03 M M 8.2 17 260 M M 2 14 24 270
13 45 24 35 -16 30 0 0.00 M M 2.5 10 60 M M 0 14 90
14 48 27 38 -13 27 0 0.18 M M 2.9 13 100 M M 6 14 19 90
15 45 31 38 -13 27 0 0.00 M M 5.5 14 320 M M 8 1 19 280
16 52 27 40 -10 25 0 0.00 M M 6.5 25 270 M M 1 1 32 300
17 52 21 37 -13 28 0 0.00 M M 3.1 16 290 M M 0 20 270
18 44 29 37 -13 28 0 0.00 M M 6.4 14 300 M M 8 17 280
19 47 25 36 -13 29 0 0.00 M M 6.1 16 270 M M 4 23 290
20 46 21 34 -15 31 0 0.00 M M 1.1 7 230 M M 0 11 150
21 55 22 39 -9 26 0 0.00 M M 0.3 7 180 M M 1 18 8 200
22 62 29 46 -2 19 0 0.00 M M 0.7 6 160 M M 1 10 240
23 62 31 47 -1 18 0 0.01 M M 2.2 9 110 M M 5 1 14 170
24 55 49 52 5 13 0 0.72 M M 1.8 9 70 M M 10 1 19 140
25 60 40 50 3 15 0 0.00 M M 4.4 12 40 M M 7 1 15 30
26 52 40 46 -1 19 0 0.73 M M 4.7 14 100 M M 9 128 24 90
27 58 44 51 5 14 0 0.01 M M 9.0 18 260 M M 7 28 270
28 56 34 45 -1 20 0 0.00 M M 0.7 7 320 M M 1 12 10 150
29 75 44 60 14 5 0 0.00 M M 6.6 22 320 M M 2 28 300
30 53 29 41 -5 24 0 0.00 M M 5.5 18 330 M M 0 26 330
================================================================================
SM 1826 1141 470 11 2.79 M 116.8 M 113
================================================================================
AV 60.9 38.0 3.9 FASTST M M 4 MAX(MPH)
MISC ----> 25 270 36 240
================================================================================
NOTES:
# LAST OF SEVERAL OCCURRENCES
COLUMN 17 PEAK WIND IN M.P.H.
PRELIMINARY LOCAL CLIMATOLOGICAL DATA (WS FORM: F-6) , PAGE 2
STATION: RUSSELLVILLE
MONTH: NOVEMBER
YEAR: 2022
LATITUDE: 35 15 N
LONGITUDE: 93 6 W
[TEMPERATURE DATA] [PRECIPITATION DATA] SYMBOLS USED IN COLUMN 16
AVERAGE MONTHLY: 49.4 TOTAL FOR MONTH: 2.79 1 = FOG OR MIST
DPTR FM NORMAL: -1.1 DPTR FM NORMAL: -1.81 2 = FOG REDUCING VISIBILITY
HIGHEST: 84 ON 9 GRTST 24HR 0.74 ON 26-27 TO 1/4 MILE OR LESS
LOWEST: 21 ON 17,20 3 = THUNDER
SNOW, ICE PELLETS, HAIL 4 = ICE PELLETS
TOTAL MONTH: M 5 = HAIL
GRTST 24HR M ON M 6 = FREEZING RAIN OR DRIZZLE
GRTST DEPTH: M ON M 7 = DUSTSTORM OR SANDSTORM:
VSBY 1/2 MILE OR LESS
8 = SMOKE OR HAZE
[NO. OF DAYS WITH] [WEATHER - DAYS WITH] 9 = BLOWING SNOW
X = TORNADO
MAX 32 OR BELOW: 0 0.01 INCH OR MORE: 8
MAX 90 OR ABOVE: 0 0.10 INCH OR MORE: 5
MIN 32 OR BELOW: 13 0.50 INCH OR MORE: 3
MIN 0 OR BELOW: 0 1.00 INCH OR MORE: 0
[HDD (BASE 65) ]
TOTAL THIS MO. 470 CLEAR (SCALE 0-3) 15
DPTR FM NORMAL 29 PTCLDY (SCALE 4-7) 9
TOTAL FM JUL 1 609 CLOUDY (SCALE 8-10) 6
DPTR FM NORMAL -2
[CDD (BASE 65) ]
TOTAL THIS MO. 11
DPTR FM NORMAL 5 [PRESSURE DATA]
TOTAL FM JAN 1 2213 HIGHEST SLP 30.53 ON 20
DPTR FM NORMAL 226 LOWEST SLP 29.51 ON 26
[REMARKS]
#FINAL-11-22#