000
CXUS54 KLZK 011230
CF6RUE
PRELIMINARY LOCAL CLIMATOLOGICAL DATA (WS FORM: F-6)
STATION: RUSSELLVILLE
MONTH: NOVEMBER
YEAR: 2021
LATITUDE: 35 15 N
LONGITUDE: 93 6 W
TEMPERATURE IN F: :PCPN: SNOW: WIND :SUNSHINE: SKY :PK WND
================================================================================
1 2 3 4 5 6A 6B 7 8 9 10 11 12 13 14 15 16 17 18
12Z AVG MX 2MIN
DY MAX MIN AVG DEP HDD CDD WTR SNW DPTH SPD SPD DIR MIN PSBL S-S WX SPD DR
================================================================================
1 62 40 51 -5 14 0 0.04 M M 4.3 13 50 M M 6 17 110
2 51 45 48 -8 17 0 0.10 M M 4.7 10 50 M M 10 15 70
3 51 35 43 -12 22 0 0.34 M M 3.6 12 80 M M 7 1 17 90
4 57 30 44 -11 21 0 0.00 M M 1.5 8 180 M M 1 12 10 190
5 59 29 44 -10 21 0 0.00 M M 0.7 8 70 M M 0 1 10 20
6 64 27 46 -8 19 0 0.00 M M 0.9 7 290 M M 0 1 10 280
7 70 33 52 -2 13 0 0.00 M M 1.2 7 100 M M 0 1 10 70
8 75 37 56 3 9 0 0.00 M M 2.2 10 190 M M 0 1 14 190
9 72 42 57 4 8 0 0.00 M M 1.9 10 190 M M 2 14 200
10 73 49 61 9 4 0 0.16 M M 3.7 28 310 M M 4 123 39 320
11 66 38 52 0 13 0 0.86 M M 7.1 25 320 M M 3 13 33 320
12 58 34 46 -6 19 0 0.07 M M 7.9 23 280 M M 2 1 34 270
13 55 29 42 -9 23 0 0.00 M M 4.0 15 290 M M 0 19 280
14 64 32 48 -3 17 0 0.00 M M 2.7 13 280 M M 0 18 320
15 70 33 52 1 13 0 0.00 M M 1.4 9 180 M M 0 1 13 190
16 74 42 58 8 7 0 0.00 M M 4.5 15 210 M M 4 22 190
17 76 50 63 13 2 0 0.18 M M 7.2 18 350 M M 9 13 27 30
18 60 30 45 -5 20 0 0.01 M M 4.3 17 30 M M 2 3 22 20
19 55 25 40 -9 25 0 0.00 M M 2.0 12 100 M M 0 24 210
20 62 34 48 -1 17 0 0.00 M M 2.4 9 90 M M 3 13 90
21 63 41 52 4 13 0 0.04 M M 1.6 9 350 M M 8 1 12 350
22 60 33 47 -1 18 0 0.00 M M 0.9 7 350 M M 0 1 10 350
23 64 30 47 -1 18 0 0.00 M M 3.3 10 180 M M 0 17 190
24 66 37 52 5 13 0 0.00 M M 3.4 15 190 M M 8 21 190
25 63 30 47 0 18 0 0.34 M M 6.8 16 320 M M 5 1 23 330
26 53 25 39 -8 26 0 0.00 M M 0.8 8 210 M M 0 13 220
27 59 28 44 -2 21 0 0.00 M M 1.2 8 190 M M 0 11 200
28 65 34 50 4 15 0 0.00 M M 3.2 12 350 M M 0 15 340
29 66 30 48 2 17 0 0.00 M M 2.6 12 190 M M 0 17 230
30 74 35 55 9 10 0 0.00 M M 2.3 8 100 M M 0 1 11 100
================================================================================
SM 1907 1037 473 0 2.14 M 94.3 M 74
================================================================================
AV 63.6 34.6 3.1 FASTST M M 2 MAX(MPH)
MISC ----> 28 310 39 320
================================================================================
NOTES:
# LAST OF SEVERAL OCCURRENCES
COLUMN 17 PEAK WIND IN M.P.H.
PRELIMINARY LOCAL CLIMATOLOGICAL DATA (WS FORM: F-6) , PAGE 2
STATION: RUSSELLVILLE
MONTH: NOVEMBER
YEAR: 2021
LATITUDE: 35 15 N
LONGITUDE: 93 6 W
[TEMPERATURE DATA] [PRECIPITATION DATA] SYMBOLS USED IN COLUMN 16
AVERAGE MONTHLY: 49.1 TOTAL FOR MONTH: 2.14 1 = FOG OR MIST
DPTR FM NORMAL: -1.4 DPTR FM NORMAL: -2.46 2 = FOG REDUCING VISIBILITY
HIGHEST: 76 ON 17 GRTST 24HR 0.95 ON 10-11 TO 1/4 MILE OR LESS
LOWEST: 25 ON 19,26 3 = THUNDER
SNOW, ICE PELLETS, HAIL 4 = ICE PELLETS
TOTAL MONTH: M 5 = HAIL
GRTST 24HR M ON M 6 = FREEZING RAIN OR DRIZZLE
GRTST DEPTH: M ON M 7 = DUSTSTORM OR SANDSTORM:
VSBY 1/2 MILE OR LESS
8 = SMOKE OR HAZE
[NO. OF DAYS WITH] [WEATHER - DAYS WITH] 9 = BLOWING SNOW
X = TORNADO
MAX 32 OR BELOW: 0 0.01 INCH OR MORE: 10
MAX 90 OR ABOVE: 0 0.10 INCH OR MORE: 6
MIN 32 OR BELOW: 12 0.50 INCH OR MORE: 1
MIN 0 OR BELOW: 0 1.00 INCH OR MORE: 0
[HDD (BASE 65) ]
TOTAL THIS MO. 473 CLEAR (SCALE 0-3) 20
DPTR FM NORMAL 32 PTCLDY (SCALE 4-7) 8
TOTAL FM JUL 1 560 CLOUDY (SCALE 8-10) 2
DPTR FM NORMAL -51
[CDD (BASE 65) ]
TOTAL THIS MO. 0
DPTR FM NORMAL -6 [PRESSURE DATA]
TOTAL FM JAN 1 2028 HIGHEST SLP 30.53 ON 19
DPTR FM NORMAL 41 LOWEST SLP 29.72 ON 11
[REMARKS]
#FINAL-11-21#