000
CXUS54 KLZK 281230
CF6RUE
PRELIMINARY LOCAL CLIMATOLOGICAL DATA (WS FORM: F-6)
STATION: RUSSELLVILLE
MONTH: MARCH
YEAR: 2024
LATITUDE: 35 15 N
LONGITUDE: 93 6 W
TEMPERATURE IN F: :PCPN: SNOW: WIND :SUNSHINE: SKY :PK WND
================================================================================
1 2 3 4 5 6A 6B 7 8 9 10 11 12 13 14 15 16 17 18
12Z AVG MX 2MIN
DY MAX MIN AVG DEP HDD CDD WTR SNW DPTH SPD SPD DIR MIN PSBL S-S WX SPD DR
================================================================================
1 55 38 47 -1 18 0 0.00 M M 1.8 8 110 M M 5 13 100
2 73 35 54 6 11 0 0.00 M M 4.4 13 100 M M 0 1 21 100
3 76 53 65 16 0 0 0.00 M M 5.5 17 190 M M 2 26 210
4 80 61 71 22 0 6 0.00 M M 5.1 17 190 M M 7 1 27 200
5 78 56 67 18 0 2 0.15 M M 6.6 20 330 M M 4 13 29 320
6 67 47 57 7 8 0 0.00 M M 4.0 14 340 M M 4 18 340
7 63 55 59 9 6 0 0.33 M M 5.4 20 180 M M 7 13 31 190
8 66 53 60 10 5 0 0.82 M M 3.6 16 320 M M 9 1 25 310
9 61 38 50 0 15 0 0.02 M M 8.2 18 280 M M 5 27 270
10 65 32 49 -2 16 0 0.00 M M 2.2 10 280 M M 0 18 280
11 70 34 52 1 13 0 0.00 M M 2.4 13 240 M M 1 8 19 200
12 73 40 57 6 8 0 0.00 M M 4.2 15 230 M M 1 8 22 240
13 74 50 62 10 3 0 0.00 M M 3.4 16 190 M M 5 22 190
14 82 61 72 20 0 7 0.95 M M 6.2 20 350 M M 8 13 33 10
15 66 45 56 4 9 0 0.11 M M 5.7 17 350 M M 6 13 24 340
16 71 40 56 3 9 0 0.00 M M 1.2 12 320 M M 1 12 16 340
17 68 49 59 6 6 0 T M M 6.5 20 320 M M 6 28 290
18 53 32 43 -10 22 0 0.00 M M 7.3 20 290 M M 0 27 290
19 69 27 48 -6 17 0 0.00 M M 3.9 14 190 M M 1 8 20 180
20 78 40 59 5 6 0 0.00 M M 3.0 13 180 M M 1 18 180
21 66 47 57 3 8 0 0.00 M M 4.7 10 100 M M 4 17 80
22 72 54 63 9 2 0 0.00 M M 5.2 22 360 M M 8 32 360
23 62 42 52 -3 13 0 0.00 M M 6.1 13 20 M M 1 19 20
24 66 44 55 0 10 0 T M M 6.1 14 150 M M 2 26 160
25 61 46 54 -1 11 0 2.47 M M 5.8 26 290 M M 9 13 40 300
26 52 36 44 -12 21 0 0.00 M M 10.9 24 270 M M 2 39 270
27 61 31 46 -10 19 0 0.00 M M 1.5 8 250 M M 1 12 240
================================================================================
SM 1828 1186 256 15 4.85 M 130.9 M 100
================================================================================
AV 67.7 43.9 4.8 FASTST M M 4 MAX(MPH)
MISC ----> 26 290 40 300
================================================================================
NOTES:
# LAST OF SEVERAL OCCURRENCES
COLUMN 17 PEAK WIND IN M.P.H.
PRELIMINARY LOCAL CLIMATOLOGICAL DATA (WS FORM: F-6) , PAGE 2
STATION: RUSSELLVILLE
MONTH: MARCH
YEAR: 2024
LATITUDE: 35 15 N
LONGITUDE: 93 6 W
[TEMPERATURE DATA] [PRECIPITATION DATA] SYMBOLS USED IN COLUMN 16
AVERAGE MONTHLY: 55.8 TOTAL FOR MONTH: 4.85 1 = FOG OR MIST
DPTR FM NORMAL: 3.8 DPTR FM NORMAL: 1.04 2 = FOG REDUCING VISIBILITY
HIGHEST: 82 ON 14 GRTST 24HR 2.47 ON 24-25 TO 1/4 MILE OR LESS
LOWEST: 27 ON 19 3 = THUNDER
SNOW, ICE PELLETS, HAIL 4 = ICE PELLETS
TOTAL MONTH: M 5 = HAIL
GRTST 24HR M ON M 6 = FREEZING RAIN OR DRIZZLE
GRTST DEPTH: M ON M 7 = DUSTSTORM OR SANDSTORM:
VSBY 1/2 MILE OR LESS
8 = SMOKE OR HAZE
[NO. OF DAYS WITH] [WEATHER - DAYS WITH] 9 = BLOWING SNOW
X = TORNADO
MAX 32 OR BELOW: 0 0.01 INCH OR MORE: 7
MAX 90 OR ABOVE: 0 0.10 INCH OR MORE: 6
MIN 32 OR BELOW: 4 0.50 INCH OR MORE: 3
MIN 0 OR BELOW: 0 1.00 INCH OR MORE: 1
[HDD (BASE 65) ]
TOTAL THIS MO. 256 CLEAR (SCALE 0-3) 13
DPTR FM NORMAL -104 PTCLDY (SCALE 4-7) 12
TOTAL FM JUL 1 2630 CLOUDY (SCALE 8-10) 2
DPTR FM NORMAL -415
[CDD (BASE 65) ]
TOTAL THIS MO. 15
DPTR FM NORMAL 10 [PRESSURE DATA]
TOTAL FM JAN 1 23 HIGHEST SLP M ON M
DPTR FM NORMAL 16 LOWEST SLP 29.39 ON 25
[REMARKS]