000
CXUS54 KTSA 131517
CF6RVS
PRELIMINARY LOCAL CLIMATOLOGICAL DATA (WS FORM: F-6)
STATION: TULSA-RIVERSIDE OKLAHOMA
MONTH: MAY
YEAR: 2021
LATITUDE: 36 2 N
LONGITUDE: 95 59 W
TEMPERATURE IN F: :PCPN: SNOW: WIND :SUNSHINE: SKY :PK WND
================================================================================
1 2 3 4 5 6A 6B 7 8 9 10 11 12 13 14 15 16 17 18
12Z AVG MX 2MIN
DY MAX MIN AVG DEP HDD CDD WTR SNW DPTH SPD SPD DIR MIN PSBL S-S WX SPD DR
================================================================================
1 76 52 64 -1 1 0 0.00 0.0 M 6.2 17 180 M M 2 1 26 200
2 79 62 71 5 0 6 T 0.0 M 6.8 15 110 M M 5 24 130
3 79 60 70 4 0 5 1.92 0.0 M 7.2 29 30 M M 7 13 40 40
4 65 46 56 -10 9 0 0.60 0.0 M 8.8 20 10 M M 7 13 33 360
5 74 42 58 -8 7 0 T 0.0 M 2.0 14 190 M M 2 1 19 200
6 78 49 64 -3 1 0 0.00 0.0 M 4.6 16 30 M M 0 1 25 30
7 76 49 63 -4 2 0 0.00 0.0 M 6.9 17 110 M M 4 24 120
8 86 62 74 7 0 9 0.01 0.0 M 14.1 30 180 M M 1 3 46 180
9 78 55 67 -1 0 2 0.00 0.0 M 11.5 24 190 M M 9 36 170
10 65 52 59 -9 6 0 0.00 0.0 M 10.8 18 30 M M 6 27 360
11 57 50 54 -14 11 0 0.68 0.0 M 8.7 16 50 M M 8 13 24 70
12 69 51 60 -9 5 0 0.00 0.0 M 6.0 15 50 M M 6 21 60
13 74 47 61 -8 4 0 0.00 0.0 M 2.5 9 30 M M 2 15 350
14 78 48 63 -6 2 0 0.00 0.0 M 5.8 18 170 M M 1 1 28 180
15 82 57 70 0 0 5 0.10 0.0 M 7.5 16 190 M M 4 3 25 180
16 77 65 71 1 0 6 0.07 0.0 M 8.0 17 180 M M 6 1 27 170
17 82 61 72 2 0 7 0.00 0.0 M 2.3 12 180 M M 6 1 16 180
18 79 65 72 2 0 7 0.00 0.0 M 7.7 15 170 M M 6 24 160
19 72 64 68 -3 0 3 0.97 0.0 M 4.3 13 120 M M 7 1 16 120
20 74 65 70 -1 0 5 0.28 0.0 M 4.9 17 160 M M 8 1 28 160
21 76 68 72 0 0 7 0.06 0.0 M 8.8 18 130 M M 9 18 26 120
22 77 68 73 1 0 8 0.03 0.0 M 7.0 14 160 M M 7 1 22 180
23 73 67 70 -2 0 5 0.07 0.0 M 2.3 10 210 M M 7 1 15 210
24 79 66 73 1 0 8 0.02 0.0 M 4.5 16 180 M M 5 1 24 150
25 78 64 71 -2 0 6 0.02 0.0 M 5.8 15 180 M M 7 1 21 170
26 85 61 73 0 0 8 0.00 0.0 M 5.2 13 170 M M 6 12 18 140
27 89 67 78 5 0 13 0.49 0.0 M 8.1 20 190 M M 6 13 30 200
28 75 58 67 -7 0 2 0.00 0.0 M 8.1 14 30 M M 2 1 23 360
29 69 52 61 -13 4 0 0.00 0.0 M 9.6 16 50 M M 1 24 50
30 75 54 65 -9 0 0 0.00 0.0 M 6.4 12 120 M M 4 19 150
31 65 60 63 -12 2 0 0.69 0.0 M 7.5 14 60 M M 6 1 19 60
================================================================================
SM 2341 1787 54 112 6.01 0.0 209.9 M 157
================================================================================
AV 75.5 57.6 6.8 FASTST M M 5 MAX(MPH)
MISC ----> 30 180 46 180
================================================================================
NOTES:
# LAST OF SEVERAL OCCURRENCES
COLUMN 17 PEAK WIND IN M.P.H.
PRELIMINARY LOCAL CLIMATOLOGICAL DATA (WS FORM: F-6) , PAGE 2
STATION: TULSA-RIVERSIDE OKLAHOMA
MONTH: MAY
YEAR: 2021
LATITUDE: 36 2 N
LONGITUDE: 95 59 W
[TEMPERATURE DATA] [PRECIPITATION DATA] SYMBOLS USED IN COLUMN 16
AVERAGE MONTHLY: 66.6 TOTAL FOR MONTH: 6.01 1 = FOG OR MIST
DPTR FM NORMAL: -3.3 DPTR FM NORMAL: -0.07 2 = FOG REDUCING VISIBILITY
HIGHEST: 89 ON 27 GRTST 24HR 2.52 ON 3- 4 TO 1/4 MILE OR LESS
LOWEST: 42 ON 5 3 = THUNDER
SNOW, ICE PELLETS, HAIL 4 = ICE PELLETS
TOTAL MONTH: 0.0 INCH 5 = HAIL
GRTST 24HR 0.0 6 = FREEZING RAIN OR DRIZZLE
GRTST DEPTH: M ON M 7 = DUSTSTORM OR SANDSTORM:
VSBY 1/2 MILE OR LESS
8 = SMOKE OR HAZE
[NO. OF DAYS WITH] [WEATHER - DAYS WITH] 9 = BLOWING SNOW
X = TORNADO
MAX 32 OR BELOW: 0 0.01 INCH OR MORE: 15
MAX 90 OR ABOVE: 0 0.10 INCH OR MORE: 8
MIN 32 OR BELOW: 0 0.50 INCH OR MORE: 5
MIN 0 OR BELOW: 0 1.00 INCH OR MORE: 1
[HDD (BASE 65) ]
TOTAL THIS MO. 54 CLEAR (SCALE 0-3) 8
DPTR FM NORMAL 17 PTCLDY (SCALE 4-7) 21
TOTAL FM JUL 1 3569 CLOUDY (SCALE 8-10) 2
DPTR FM NORMAL 198
[CDD (BASE 65) ]
TOTAL THIS MO. 112
DPTR FM NORMAL -76 [PRESSURE DATA]
TOTAL FM JAN 1 148 HIGHEST SLP 30.40 ON 13
DPTR FM NORMAL -116 LOWEST SLP 29.51 ON 2
[REMARKS]
#FINAL-05-21#