000
CXUS55 KPIH 011645 RRA
CF6RXE
PRELIMINARY LOCAL CLIMATOLOGICAL DATA (WS FORM: F-6)
STATION: REXBURG ID
MONTH: JUNE
YEAR: 2020
LATITUDE: 43 49 N
LONGITUDE: 111 48 W
TEMPERATURE IN F: :PCPN: SNOW: WIND :SUNSHINE: SKY :PK WND
================================================================================
1 2 3 4 5 6A 6B 7 8 9 10 11 12 13 14 15 16 17 18
12Z AVG MX 2MIN
DY MAX MIN AVG DEP HDD CDD WTR SNW DPTH SPD SPD DIR MIN PSBL S-S WX SPD DR
================================================================================
1 81 51 66 9 0 1 0.00 M M 10.4 24 240 M M 0 30 230
2 77 57 67 10 0 2 0.00 M M 10.4 18 210 M M 0 25 180
3 79 54 67 10 0 2 0.02 M M 7.7 32 230 M M 0 3 46 230
4 79 57 68 11 0 3 0.00 M M 13.2 28 200 M M 3 36 200
5 90 50 70 12 0 5 T M M 6.6 21 200 M M 0 3 27 210
6 74 50 62 4 3 0 0.11 M M 12.9 39 210 M M 2 8 51 200
7 57 40 49 -9 16 0 0.13 M M 13.4 21 200 M M 4 1 29 220
8 54 39 47 -11 18 0 0.17 M M 10.2 26 200 M M 7 33 190
9 64 35 50 -8 15 0 0.00 M M 8.7 21 190 M M 3 29 200
10 75 42 59 0 6 0 0.00 M M 7.9 17 200 M M 0 23 200
11 84 45 65 6 0 0 0.00 M M 5.8 16 200 M M 0 25 210
12 89 53 71 12 0 6 0.00 M M 7.7 23 200 M M 0 33 200
13 78 52 65 6 0 0 0.00 M M 12.0 25 230 M M 0 36 220
14 63 48 56 -3 9 0 0.00 M M 16.0 28 210 M M 5 38 210
15 73 40 57 -3 8 0 0.00 M M 6.6 20 200 M M 1 24 200
16 61 50 56 -4 9 0 0.44 M M 10.9 18 230 M M 7 1 26 230
17 50 41 46 -14 19 0 0.19 M M 12.8 25 200 M M 10 1 33 200
18 67 42 55 -5 10 0 0.00 M M 2.1 8 40 M M 3 12 30
19 73 41 57 -3 8 0 0.00 M M 6.3 15 200 M M 0 22 190
20 74 46 60 -1 5 0 0.00 M M 6.2 15 240 M M 3 20 240
21 76 52 64 3 1 0 T M M 6.9 15 220 M M 3 21 240
22 80 50 65 4 0 0 0.00 M M 3.4 12 220 M M 1 18 240
23 85 51 68 6 0 3 0.00 M M 4.4 13 230 M M 0 17 190
24 88 53 71 9 0 6 0.00 M M 5.1 17 220 M M 0 22 220
25 75 56 66 4 0 1 T M M 5.4 13 180 M M 3 17 190
26 84 49 67 5 0 2 0.00 M M 6.4 15 200 M M 0 21 220
27 88 51 70 8 0 5 0.11 M M 10.8 22 210 M M 0 3 32 210
28 65 47 56 -7 9 0 0.62 M M 9.7 20 160 M M 6 13 30 170
29 57 45 51 -12 14 0 0.18 M M 7.0 21 200 M M 8 27 200
30 63 46 55 -8 10 0 0.02 M M 10.2 23 230 M M 7 13 32 230
================================================================================
SM 2203 1433 160 36 1.99 M 257.1 M 76
================================================================================
AV 73.4 47.8 8.6 FASTST M M 3 MAX(MPH)
MISC ----> # 39 210 # 51 200
================================================================================
NOTES:
# LAST OF SEVERAL OCCURRENCES
PRECIPITATION SUSPECT DURING FREEZING/FROZEN EVENTS
COLUMN 17 PEAK WIND IN M.P.H.
PRELIMINARY LOCAL CLIMATOLOGICAL DATA (WS FORM: F-6) , PAGE 2
STATION: REXBURG ID
MONTH: JUNE
YEAR: 2020
LATITUDE: 43 49 N
LONGITUDE: 111 48 W
[TEMPERATURE DATA] [PRECIPITATION DATA] SYMBOLS USED IN COLUMN 16
AVERAGE MONTHLY: 60.6 TOTAL FOR MONTH: 1.99 1 = FOG OR MIST
DPTR FM NORMAL: 0.7 DPTR FM NORMAL: 0.62 2 = FOG REDUCING VISIBILITY
HIGHEST: 90 ON 5 GRTST 24HR 0.62 ON 28-28 TO 1/4 MILE OR LESS
LOWEST: 35 ON 9 3 = THUNDER
SNOW, ICE PELLETS, HAIL 4 = ICE PELLETS
TOTAL MONTH: M 5 = HAIL
GRTST 24HR M ON M 6 = FREEZING RAIN OR DRIZZLE
GRTST DEPTH: M ON M 7 = DUSTSTORM OR SANDSTORM:
VSBY 1/2 MILE OR LESS
8 = SMOKE OR HAZE
[NO. OF DAYS WITH] [WEATHER - DAYS WITH] 9 = BLOWING SNOW
X = TORNADO
MAX 32 OR BELOW: 0 0.01 INCH OR MORE: 10
MAX 90 OR ABOVE: 1 0.10 INCH OR MORE: 8
MIN 32 OR BELOW: 0 0.50 INCH OR MORE: 1
MIN 0 OR BELOW: 0 1.00 INCH OR MORE: 0
[HDD (BASE 65) ]
TOTAL THIS MO. 160 CLEAR (SCALE 0-3) 19
DPTR FM NORMAL -12 PTCLDY (SCALE 4-7) 10
TOTAL FM JUL 1 7985 CLOUDY (SCALE 8-10) 1
DPTR FM NORMAL -145
[CDD (BASE 65) ]
TOTAL THIS MO. 36
DPTR FM NORMAL 18 [PRESSURE DATA]
TOTAL FM JAN 1 47 HIGHEST SLP 30.26 ON 18
DPTR FM NORMAL 25 LOWEST SLP 29.34 ON 6
[REMARKS]
#FINAL-06-20#