000
CXUS56 KSTO 060122
CF6SAC
PRELIMINARY LOCAL CLIMATOLOGICAL DATA (WS FORM: F-6)
STATION: SACRAMENTO EXEC. AIRPORT CA
MONTH: MAY
YEAR: 2020
LATITUDE: 38 31 N
LONGITUDE: 121 30 W
TEMPERATURE IN F: :PCPN: SNOW: WIND :SUNSHINE: SKY :PK WND
================================================================================
1 2 3 4 5 6A 6B 7 8 9 10 11 12 13 14 15 16 17 18
12Z AVG MX 2MIN
DY MAX MIN AVG DEP HDD CDD WTR SNW DPTH SPD SPD DIR MIN PSBL S-S WX SPD DR
================================================================================
1 83 49 66 4 0 1 0.00 0.0 0 7.0 18 220 M M 0 25 220
2 77 54 66 4 0 1 0.00 0.0 0 8.2 18 230 M M 1 23 230
3 79 48 64 1 1 0 0.00 M 0 5.6 20 230 M M 0 23 230
4 86 44 65 2 0 0 0.00 0.0 0 4.6 14 250 M M 0 19 260
5 86 49 68 5 0 3 0.00 0.0 0 7.5 20 230 M M 0 8 26 230
6 87 49 68 5 0 3 0.00 0.0 0 10.5 22 330 M M 0 28 330
7 94 52 73 9 0 8 0.00 0.0 0 5.3 13 290 M M 0 18 340
8 97 53 75 11 0 10 0.00 0.0 0 2.6 9 250 M M 0 17 260
9 93 57 75 11 0 10 0.00 0.0 0 7.2 15 220 M M 0 19 220
10 78 53 66 2 0 1 0.00 0.0 0 11.0 18 210 M M 0 25 200
11 78 53 66 2 0 1 0.05 0.0 0 10.0 22 240 M M 4 1 30 260
12 71 54 63 -2 2 0 0.03 0.0 0 9.5 22 240 M M 3 1 29 240
13 71 51 61 -4 4 0 T 0.0 0 7.2 15 240 M M 5 18 230
14 72 54 63 -2 2 0 T 0.0 0 6.4 14 230 M M 5 18 240
15 81 50 66 1 0 1 0.00 0.0 0 5.8 15 230 M M 0 1 19 220
16 81 57 69 3 0 4 0.01 0.0 0 9.9 23 230 M M 1 29 230
17 76 58 67 1 0 2 0.10 0.0 0 8.6 23 240 M M 7 1 33 220
18 72 53 63 -3 2 0 0.13 0.0 0 9.2 21 240 M M 5 1 26 240
19 75 48 62 -4 3 0 0.00 0.0 0 6.1 18 230 M M 3 8 25 230
20 79 53 66 0 0 1 0.00 0.0 0 5.8 14 240 M M 1 17 230
21 85 51 68 1 0 3 0.00 0.0 0 5.0 18 230 M M 0 23 220
22 81 53 67 0 0 2 0.00 0.0 0 9.3 21 340 M M 0 26 340
23 87 55 71 4 0 6 0.00 0.0 0 9.3 17 340 M M 0 23 310
24 94 52 73 6 0 8 0.00 0.0 0 3.3 14 330 M M 0 19 330
25 99 58 79 12 0 14 0.00 0.0 0 2.4 12 240 M M 0 16 220
26 103 65 84 16 0 19 0.00 0.0 0 3.5 9 210 M M 0 13 210
27 103 68 86 18 0 21 0.00 0.0 0 4.6 13 210 M M 0 18 230
28 102 61 82 14 0 17 0.00 0.0 0 6.8 15 200 M M 0 21 200
29 85 58 72 4 0 7 0.00 0.0 0 10.8 24 220 M M 0 32 200
30 81 60 71 3 0 6 0.00 0.0 0 6.7 21 220 M M 5 26 230
31 80 57 69 0 0 4 0.00 0.0 0 6.2 14 220 M M 2 24 220
================================================================================
SM 2616 1677 14 153 0.32 0.0 215.9 M 42
================================================================================
AV 84.4 54.1 7.0 FASTST M M 1 MAX(MPH)
MISC ----> # 24 220 # 33 220
================================================================================
NOTES:
# LAST OF SEVERAL OCCURRENCES
COLUMN 17 PEAK WIND IN M.P.H.
PRELIMINARY LOCAL CLIMATOLOGICAL DATA (WS FORM: F-6) , PAGE 2
STATION: SACRAMENTO EXEC. AIRPORT CA
MONTH: MAY
YEAR: 2020
LATITUDE: 38 31 N
LONGITUDE: 121 30 W
[TEMPERATURE DATA] [PRECIPITATION DATA] SYMBOLS USED IN COLUMN 16
AVERAGE MONTHLY: 69.2 TOTAL FOR MONTH: 0.32 1 = FOG OR MIST
DPTR FM NORMAL: 3.7 DPTR FM NORMAL: -0.36 2 = FOG REDUCING VISIBILITY
HIGHEST: 103 ON 27,26 GRTST 24HR 0.13 ON 18-18 TO 1/4 MILE OR LESS
LOWEST: 44 ON 4 3 = THUNDER
SNOW, ICE PELLETS, HAIL 4 = ICE PELLETS
TOTAL MONTH: 0.0 INCH 5 = HAIL
GRTST 24HR 0.0 6 = FREEZING RAIN OR DRIZZLE
GRTST DEPTH: 0 7 = DUSTSTORM OR SANDSTORM:
VSBY 1/2 MILE OR LESS
8 = SMOKE OR HAZE
[NO. OF DAYS WITH] [WEATHER - DAYS WITH] 9 = BLOWING SNOW
X = TORNADO
MAX 32 OR BELOW: 0 0.01 INCH OR MORE: 5
MAX 90 OR ABOVE: 8 0.10 INCH OR MORE: 2
MIN 32 OR BELOW: 0 0.50 INCH OR MORE: 0
MIN 0 OR BELOW: 0 1.00 INCH OR MORE: 0
[HDD (BASE 65) ]
TOTAL THIS MO. 14 CLEAR (SCALE 0-3) 25
DPTR FM NORMAL -58 PTCLDY (SCALE 4-7) 6
TOTAL FM JUL 1 2136 CLOUDY (SCALE 8-10) 0
DPTR FM NORMAL -474
[CDD (BASE 65) ]
TOTAL THIS MO. 153
DPTR FM NORMAL 66 [PRESSURE DATA]
TOTAL FM JAN 1 212 HIGHEST SLP 30.19 ON 6
DPTR FM NORMAL 109 LOWEST SLP 29.73 ON 29
[REMARKS]
#FINAL-05-20#