000
CXUS52 KCHS 031337
CF6SAV
PRELIMINARY LOCAL CLIMATOLOGICAL DATA (WS FORM: F-6)
STATION: SAVANNAH GA
MONTH: SEPTEMBER
YEAR: 2022
LATITUDE: 32 7 N
LONGITUDE: 81 12 W
TEMPERATURE IN F: :PCPN: SNOW: WIND :SUNSHINE: SKY :PK WND
================================================================================
1 2 3 4 5 6A 6B 7 8 9 10 11 12 13 14 15 16 17 18
12Z AVG MX 2MIN
DY MAX MIN AVG DEP HDD CDD WTR SNW DPTH SPD SPD DIR MIN PSBL S-S WX SPD DR
================================================================================
1 87 69 78 -2 0 13 0.41 0.0 0 5.0 25 60 M M 8 13 31 60
2 88 71 80 0 0 15 T 0.0 0 6.5 22 110 M M 6 3 27 100
3 88 73 81 1 0 16 0.42 0.0 0 5.8 20 100 M M 7 138 25 100
4 86 71 79 -1 0 14 0.99 0.0 0 6.3 21 230 M M 7 13 27 240
5 90 72 81 1 0 16 0.04 0.0 0 3.4 13 200 M M 7 13 20 230
6 92 75 84 4 0 19 0.00 0.0 0 5.1 14 290 M M 3 18 270
7 91 73 82 2 0 17 0.00 0.0 0 4.9 12 310 M M 5 8 16 270
8 84 71 78 -1 0 13 T 0.0 0 5.0 12 360 M M 7 14 10
9 76 70 73 -6 0 8 2.19 0.0 0 9.2 28 120 M M 10 1 32 130
10 88 72 80 1 0 15 T 0.0 0 4.1 14 220 M M 8 12 17 220
11 89 72 81 2 0 16 0.63 0.0 0 4.7 21 220 M M 7 13 26 230
12 87 73 80 1 0 15 0.00 0.0 0 6.3 12 240 M M 6 15 240
13 86 70 78 0 0 13 0.00 0.0 0 3.9 10 320 M M 5 15 280
14 88 64 76 -2 0 11 0.00 0.0 0 4.3 13 100 M M 3 16 100
15 85 63 74 -4 0 9 0.00 0.0 0 6.6 13 40 M M 3 18 70
16 85 64 75 -3 0 10 0.00 0.0 0 6.7 15 60 M M 3 17 60
17 85 66 76 -2 0 11 0.00 0.0 0 8.8 18 90 M M 4 23 110
18 87 68 78 1 0 13 T 0.0 0 8.4 20 50 M M 5 25 50
19 87 70 79 2 0 14 0.03 0.0 0 7.1 16 30 M M 5 21 40
20 90 68 79 2 0 14 0.00 0.0 0 3.0 12 360 M M 1 1 15 10
21 91 68 80 3 0 15 0.00 0.0 0 4.8 15 120 M M 1 19 120
22 93 68 81 5 0 16 0.00 0.0 0 6.0 15 270 M M 2 18 20 270
23 80 58 69 -7 0 4 T 0.0 0 7.5 20 30 M M 1 27 30
24 82 54 68 -8 0 3 0.00 0.0 0 4.3 13 110 M M 1 17 120
25 86 59 73 -3 0 8 0.00 0.0 0 4.1 14 160 M M 2 15 170
26 89 66 78 3 0 13 0.00 0.0 0 5.5 14 300 M M 4 18 320
27 80 61 71 -4 0 6 0.00 0.0 0 4.8 12 340 M M 6 14 340
28 71 59 65 -10 0 0 0.00 0.0 0 13.3 22 40 M M 7 29 40
29 65 58 62 -12 3 0 0.26 0.0 0 18.5 32 30 M M 10 46 40
30 66 58 62 -12 3 0 0.01 0.0 0 16.6 26 330 M M 10 37 360
================================================================================
SM 2542 2004 6 337 4.98 0.0 200.5 M 154
================================================================================
AV 84.7 66.8 6.7 FASTST M M 5 MAX(MPH)
MISC ----> 32 30 46 40
================================================================================
NOTES:
# LAST OF SEVERAL OCCURRENCES
COLUMN 17 PEAK WIND IN M.P.H.
PRELIMINARY LOCAL CLIMATOLOGICAL DATA (WS FORM: F-6) , PAGE 2
STATION: SAVANNAH GA
MONTH: SEPTEMBER
YEAR: 2022
LATITUDE: 32 7 N
LONGITUDE: 81 12 W
[TEMPERATURE DATA] [PRECIPITATION DATA] SYMBOLS USED IN COLUMN 16
AVERAGE MONTHLY: 75.8 TOTAL FOR MONTH: 4.98 1 = FOG OR MIST
DPTR FM NORMAL: -1.9 DPTR FM NORMAL: 0.63 2 = FOG REDUCING VISIBILITY
HIGHEST: 93 ON 22 GRTST 24HR 2.19 ON 9- 9 TO 1/4 MILE OR LESS
LOWEST: 54 ON 24 3 = THUNDER
SNOW, ICE PELLETS, HAIL 4 = ICE PELLETS
TOTAL MONTH: 0.0 INCH 5 = HAIL
GRTST 24HR 0.0 6 = FREEZING RAIN OR DRIZZLE
GRTST DEPTH: 0 7 = DUSTSTORM OR SANDSTORM:
VSBY 1/2 MILE OR LESS
8 = SMOKE OR HAZE
[NO. OF DAYS WITH] [WEATHER - DAYS WITH] 9 = BLOWING SNOW
X = TORNADO
MAX 32 OR BELOW: 0 0.01 INCH OR MORE: 9
MAX 90 OR ABOVE: 6 0.10 INCH OR MORE: 6
MIN 32 OR BELOW: 0 0.50 INCH OR MORE: 3
MIN 0 OR BELOW: 0 1.00 INCH OR MORE: 1
[HDD (BASE 65) ]
TOTAL THIS MO. 6 CLEAR (SCALE 0-3) 8
DPTR FM NORMAL 5 PTCLDY (SCALE 4-7) 19
TOTAL FM JUL 1 6 CLOUDY (SCALE 8-10) 3
DPTR FM NORMAL 6
[CDD (BASE 65) ]
TOTAL THIS MO. 337
DPTR FM NORMAL -45 [PRESSURE DATA]
TOTAL FM JAN 1 2455 HIGHEST SLP 30.18 ON 16
DPTR FM NORMAL 71 LOWEST SLP 29.67 ON 30
[REMARKS]
#FINAL-09-22#