000
CXUS56 KLOX 011155
CF6SBA
PRELIMINARY LOCAL CLIMATOLOGICAL DATA (WS FORM: F-6)
STATION: SANTA BARBARA AIRPORT CA
MONTH: JULY
YEAR: 2021
LATITUDE: 34 25 N
LONGITUDE: 119 50 W
TEMPERATURE IN F: :PCPN: SNOW: WIND :SUNSHINE: SKY :PK WND
================================================================================
1 2 3 4 5 6A 6B 7 8 9 10 11 12 13 14 15 16 17 18
12Z AVG MX 2MIN
DY MAX MIN AVG DEP HDD CDD WTR SNW DPTH SPD SPD DIR MIN PSBL S-S WX SPD DR
================================================================================
1 73 62 68 4 0 3 0.00 M M 6.1 21 250 M M 5 18 24 260
2 75 62 69 5 0 4 0.00 M M 5.9 12 210 M M 4 14 270
3 74 60 67 2 0 2 0.00 M M 6.5 14 230 M M 3 1 17 240
4 71 58 65 0 0 0 0.00 M M 8.1 15 240 M M 5 18 19 240
5 71 57 64 -1 1 0 0.00 M M 6.1 13 80 M M 4 1 17 250
6 73 57 65 0 0 0 0.00 M M 5.8 12 220 M M 4 15 190
7 74 59 67 2 0 2 0.00 M M 6.3 15 250 M M 2 18 19 250
8 76 59 68 3 0 3 0.00 M M 5.0 12 230 M M 0 1 14 240
9 78 61 70 5 0 5 0.00 M M 5.5 15 250 M M 0 19 260
10 78 61 70 5 0 5 0.00 M M 6.3 15 140 M M 1 18 18 130
11 74 60 67 1 0 2 0.00 M M 4.7 15 250 M M 3 18 18 250
12 74 60 67 1 0 2 0.00 M M 6.8 20 260 M M 3 18 22 260
13 73 62 68 2 0 3 0.00 M M 5.4 15 240 M M 4 1 18 230
14 75 62 69 3 0 4 0.00 M M 5.8 12 260 M M 5 18 15 140
15 74 59 67 1 0 2 0.00 M M 6.0 17 250 M M 5 18 20 260
16 73 62 68 2 0 3 0.00 M M 6.4 16 250 M M 5 18 20 260
17 73 57 65 -1 0 0 0.00 M M 5.7 16 260 M M 4 18 20 260
18 76 60 68 2 0 3 0.00 M M 5.4 15 250 M M 4 18 19 260
19 76 59 68 2 0 3 0.00 M M 5.1 16 260 M M 1 18 19 260
20 78 61 70 4 0 5 0.00 M M 6.2 14 230 M M 3 17 250
21 79 61 70 4 0 5 0.00 M M 5.7 12 230 M M 0 18 15 250
22 76 61 69 3 0 4 0.00 M M 5.0 10 240 M M 0 18 14 200
23 71 59 65 -1 0 0 0.00 M M 5.6 12 240 M M 1 18 17 250
24 68 58 63 -3 2 0 0.00 M M 4.6 12 230 M M 9 1 16 210
25 70 58 64 -2 1 0 0.00 M M 4.7 15 260 M M 5 18 18 260
26 71 57 64 -2 1 0 T M M 3.6 12 250 M M 6 18 14 240
27 72 57 65 -1 0 0 0.00 M M 6.5 20 250 M M 4 1 23 250
28 74 61 68 2 0 3 0.00 M M 6.6 14 260 M M 3 1 18 260
29 75 61 68 2 0 3 0.00 M M 6.3 15 260 M M 4 1 M M
30 71 61 66 0 0 1 0.00 M M 8.7 20 250 M M 4 1 23 250
31 71 59 65 -1 0 0 0.00 M M 6.8 16 260 M M 5 1 19 260
================================================================================
SM 2287 1851 5 67 T M 183.2 M 106
================================================================================
AV 73.8 59.7 5.9 FASTST M M 3 MAX(MPH)
MISC ----> 21 250 24 260
================================================================================
NOTES:
# LAST OF SEVERAL OCCURRENCES
COLUMN 17 PEAK WIND IN M.P.H.
PRELIMINARY LOCAL CLIMATOLOGICAL DATA (WS FORM: F-6) , PAGE 2
STATION: SANTA BARBARA AIRPORT CA
MONTH: JULY
YEAR: 2021
LATITUDE: 34 25 N
LONGITUDE: 119 50 W
[TEMPERATURE DATA] [PRECIPITATION DATA] SYMBOLS USED IN COLUMN 16
AVERAGE MONTHLY: 66.7 TOTAL FOR MONTH: T 1 = FOG OR MIST
DPTR FM NORMAL: 1.0 DPTR FM NORMAL: -0.02 2 = FOG REDUCING VISIBILITY
HIGHEST: 79 ON 21 GRTST 24HR T ON 26-26 TO 1/4 MILE OR LESS
LOWEST: 57 ON 27,26 3 = THUNDER
SNOW, ICE PELLETS, HAIL 4 = ICE PELLETS
TOTAL MONTH: M 5 = HAIL
GRTST 24HR M ON M 6 = FREEZING RAIN OR DRIZZLE
GRTST DEPTH: M ON M 7 = DUSTSTORM OR SANDSTORM:
VSBY 1/2 MILE OR LESS
8 = SMOKE OR HAZE
[NO. OF DAYS WITH] [WEATHER - DAYS WITH] 9 = BLOWING SNOW
X = TORNADO
MAX 32 OR BELOW: 0 0.01 INCH OR MORE: 0
MAX 90 OR ABOVE: 0 0.10 INCH OR MORE: 0
MIN 32 OR BELOW: 0 0.50 INCH OR MORE: 0
MIN 0 OR BELOW: 0 1.00 INCH OR MORE: 0
[HDD (BASE 65) ]
TOTAL THIS MO. 5 CLEAR (SCALE 0-3) 12
DPTR FM NORMAL -24 PTCLDY (SCALE 4-7) 18
TOTAL FM JUL 1 5 CLOUDY (SCALE 8-10) 1
DPTR FM NORMAL -28
[CDD (BASE 65) ]
TOTAL THIS MO. 67
DPTR FM NORMAL 16 [PRESSURE DATA]
TOTAL FM JAN 1 97 HIGHEST SLP 30.07 ON 23
DPTR FM NORMAL 15 LOWEST SLP 29.76 ON 7
[REMARKS]
#FINAL-07-21#