000
CXUS53 KIWX 012013
CF6SBN
PRELIMINARY LOCAL CLIMATOLOGICAL DATA (WS FORM: F-6)
STATION: SOUTH BEND
MONTH: DECEMBER
YEAR: 2021
LATITUDE: 41 42 N
LONGITUDE: 86 19 W
TEMPERATURE IN F: :PCPN: SNOW: WIND :SUNSHINE: SKY :PK WND
================================================================================
1 2 3 4 5 6A 6B 7 8 9 10 11 12 13 14 15 16 17 18
12Z AVG MX 2MIN
DY MAX MIN AVG DEP HDD CDD WTR SNW DPTH SPD SPD DIR MIN PSBL S-S WX SPD DR
================================================================================
1 47 29 38 4 27 0 0.02 0.0 0 7.9 20 220 M M 7 1 27 230
2 57 33 45 11 20 0 T 0.0 0 11.8 28 300 M M 1 18 38 280
3 44 28 36 3 29 0 T 0.0 0 4.0 12 120 M M 8 128 15 110
4 44 24 34 1 31 0 0.00 0.0 0 6.1 22 320 M M 5 12 27 340
5 45 34 40 7 25 0 0.43 0.0 0 11.4 26 120 M M 10 1 37 130
6 44 23 34 2 31 0 0.02 T 0 17.3 28 260 M M 9 1 43 280
7 24 18 21 -11 44 0 T T 0 8.1 16 280 M M 7 24 260
8 32 23 28 -4 37 0 T T 0 8.1 14 240 M M 10 8 19 240
9 43 24 34 3 31 0 T T 0 9.9 22 130 M M 6 29 130
10 57 28 43 12 22 0 0.96 0.0 0 7.4 20 150 M M 8 123 26 150
11 61 31 46 15 19 0 0.73 T 0 18.3 43 240 M M 6 13 58 240
12 48 28 38 8 27 0 0.00 0.0 0 13.7 22 220 M M 0 32 210
13 49 30 40 10 25 0 0.00 0.0 0 9.5 20 220 M M 0 26 210
14 54 27 41 11 24 0 T 0.0 0 10.4 20 140 M M 3 18 26 130
15 64 47 56 26 9 0 0.16 0.0 0 16.0 32 190 M M 10 1 45 210
16 64 34 49 19 16 0 T 0.0 0 19.9 39 210 M M 5 8 54 210
17 41 23 32 3 33 0 0.01 T 0 4.8 13 270 M M 3 4 17 270
18 38 32 35 6 30 0 0.53 T 0 9.0 17 350 M M 10 18 23 100
19 38 30 34 5 31 0 T T 0 4.8 13 190 M M 9 18 15 190
20 41 28 35 7 30 0 0.00 0.0 0 11.3 21 210 M M 1 1 28 220
21 42 23 33 5 32 0 0.00 0.0 0 10.3 26 300 M M 5 128 36 310
22 32 24 28 0 37 0 0.00 0.0 0 11.2 24 310 M M 8 37 320
23 43 22 33 5 32 0 0.00 0.0 0 9.7 17 150 M M 6 1 22 170
24 56 31 44 16 21 0 T 0.0 0 10.3 20 180 M M 8 128 29 160
25 58 27 43 16 22 0 0.25 0.0 0 8.6 17 320 M M 7 18 22 350
26 41 23 32 5 33 0 0.00 0.0 0 6.5 24 110 M M 1 1 37 110
27 45 34 40 13 25 0 0.43 T 0 12.2 32 110 M M 8 123 42 120
28 36 31 34 7 31 0 0.31 1.5 1 8.1 26 110 M M 7 12 34 110
29 38 31 35 9 30 0 0.00 0.0 T 7.0 14 290 M M 9 128 19 310
30 37 30 34 8 31 0 0.01 T 0 6.0 13 30 M M 10 128 16 40
31 49 36 43 17 22 0 0.00 0.0 0 6.3 16 130 M M 10 18 22 250
================================================================================
SM 1412 886 857 0 3.86 1.5 305.9 M 197
================================================================================
AV 45.5 28.6 9.9 FASTST M M 6 MAX(MPH)
MISC ----> 43 240 58 240
================================================================================
NOTES:
# LAST OF SEVERAL OCCURRENCES
COLUMN 17 PEAK WIND IN M.P.H.
PRELIMINARY LOCAL CLIMATOLOGICAL DATA (WS FORM: F-6) , PAGE 2
STATION: SOUTH BEND
MONTH: DECEMBER
YEAR: 2021
LATITUDE: 41 42 N
LONGITUDE: 86 19 W
[TEMPERATURE DATA] [PRECIPITATION DATA] SYMBOLS USED IN COLUMN 16
AVERAGE MONTHLY: 37.1 TOTAL FOR MONTH: 3.86 1 = FOG OR MIST
DPTR FM NORMAL: 7.5 DPTR FM NORMAL: 1.46 2 = FOG REDUCING VISIBILITY
HIGHEST: 64 ON 16,15 GRTST 24HR 1.69 ON 10-11 TO 1/4 MILE OR LESS
LOWEST: 18 ON 7 3 = THUNDER
SNOW, ICE PELLETS, HAIL 4 = ICE PELLETS
TOTAL MONTH: 1.5 INCHES 5 = HAIL
GRTST 24HR 1.5 ON 28-28 6 = FREEZING RAIN OR DRIZZLE
GRTST DEPTH: 1 ON 28 7 = DUSTSTORM OR SANDSTORM:
VSBY 1/2 MILE OR LESS
8 = SMOKE OR HAZE
[NO. OF DAYS WITH] [WEATHER - DAYS WITH] 9 = BLOWING SNOW
X = TORNADO
MAX 32 OR BELOW: 3 0.01 INCH OR MORE: 12
MAX 90 OR ABOVE: 0 0.10 INCH OR MORE: 8
MIN 32 OR BELOW: 25 0.50 INCH OR MORE: 3
MIN 0 OR BELOW: 0 1.00 INCH OR MORE: 0
[HDD (BASE 65) ]
TOTAL THIS MO. 857 CLEAR (SCALE 0-3) 6
DPTR FM NORMAL -239 PTCLDY (SCALE 4-7) 16
TOTAL FM JUL 1 1871 CLOUDY (SCALE 8-10) 9
DPTR FM NORMAL -533
[CDD (BASE 65) ]
TOTAL THIS MO. 0
DPTR FM NORMAL 0 [PRESSURE DATA]
TOTAL FM JAN 1 1167 HIGHEST SLP 30.43 ON 14
DPTR FM NORMAL 444 LOWEST SLP 29.24 ON 11
[REMARKS]
#FINAL-12-21#