000
CXUS56 KLOX 011155
CF6SBP
PRELIMINARY LOCAL CLIMATOLOGICAL DATA (WS FORM: F-6)
STATION: SAN LUIS OBISPO AIRPORT CA
MONTH: AUGUST
YEAR: 2022
LATITUDE: 35 13 N
LONGITUDE: 120 38 W
TEMPERATURE IN F: :PCPN: SNOW: WIND :SUNSHINE: SKY :PK WND
================================================================================
1 2 3 4 5 6A 6B 7 8 9 10 11 12 13 14 15 16 17 18
12Z AVG MX 2MIN
DY MAX MIN AVG DEP HDD CDD WTR SNW DPTH SPD SPD DIR MIN PSBL S-S WX SPD DR
================================================================================
1 85 60 73 6 0 8 0.00 M M 3.7 15 320 M M 1 19 320
2 81 54 68 1 0 3 0.00 M M 5.9 13 300 M M 0 17 230
3 81 54 68 1 0 3 0.00 M M 5.4 12 120 M M 4 1 15 310
4 84 56 70 3 0 5 0.00 M M 4.4 21 310 M M 4 23 310
5 78 55 67 0 0 2 0.00 M M 9.7 21 310 M M 6 23 300
6 75 56 66 -1 0 1 0.00 M M 11.5 23 320 M M 4 1 28 320
7 77 55 66 -1 0 1 0.00 M M 11.4 25 310 M M 1 30 320
8 79 53 66 -1 0 1 0.00 M M 7.0 21 310 M M 0 23 310
9 80 53 67 0 0 2 0.00 M M 8.4 23 310 M M 2 1 26 310
10 83 53 68 1 0 3 0.00 M M 6.9 23 310 M M 2 12 27 310
11 82 53 68 1 0 3 0.00 M M 5.8 20 310 M M 4 18 22 310
12 79 53 66 -1 0 1 0.00 M M 8.7 24 310 M M 0 28 320
13 82 52 67 0 0 2 0.00 M M 8.0 24 310 M M 0 30 320
14 78 51 65 -2 0 0 0.00 M M 5.0 17 310 M M 2 1 20 300
15 80 52 66 -1 0 1 0.00 M M 5.3 13 300 M M 4 1 14 300
16 85 52 69 2 0 4 T M M 3.7 13 320 M M 3 1 16 310
17 83 51 67 0 0 2 0.00 M M 4.8 16 300 M M 0 1 22 320
18 78 52 65 -2 0 0 0.00 M M 8.3 22 310 M M 4 1 26 310
19 81 53 67 0 0 2 0.00 M M 7.8 25 320 M M 4 1 29 310
20 73 54 64 -3 1 0 0.00 M M 6.9 16 220 M M 4 18 220
21 76 56 66 -1 0 1 0.00 M M 6.3 13 320 M M 7 1 16 230
22 87 55 71 4 0 6 0.00 M M 4.6 15 290 M M 4 1 18 290
23 78 53 66 -1 0 1 0.00 M M 9.3 22 310 M M 2 1 25 310
24 81 53 67 0 0 2 0.00 M M 6.5 13 300 M M 4 1 16 310
25 79 51 65 -2 0 0 0.00 M M 5.0 13 300 M M 1 1 17 320
26 81 53 67 0 0 2 0.00 M M 6.9 16 300 M M 4 1 19 320
27 78 54 66 -1 0 1 0.00 M M 6.4 17 300 M M 5 8 20 300
28 73 54 64 -3 1 0 0.00 M M 6.2 17 310 M M 5 1 19 310
29 76 51 64 -3 1 0 0.00 M M 6.6 18 310 M M 0 12 23 310
30 78 M M M M M 0.00 M M 9.1 21 310 M M 0 25 300
31 79 53 66 -1 0 1 0.00 M M 8.0 22 310 M M 0 25 300
================================================================================
SM 2470 1605 3 58 T M 213.5 M 81
================================================================================
AV 79.7 53.5 6.9 FASTST M M 3 MAX(MPH)
MISC ----> # 25 310 # 30 320
================================================================================
NOTES:
# LAST OF SEVERAL OCCURRENCES
COLUMN 17 PEAK WIND IN M.P.H.
PRELIMINARY LOCAL CLIMATOLOGICAL DATA (WS FORM: F-6) , PAGE 2
STATION: SAN LUIS OBISPO AIRPORT CA
MONTH: AUGUST
YEAR: 2022
LATITUDE: 35 13 N
LONGITUDE: 120 38 W
[TEMPERATURE DATA] [PRECIPITATION DATA] SYMBOLS USED IN COLUMN 16
AVERAGE MONTHLY: 66.6 TOTAL FOR MONTH: T 1 = FOG OR MIST
DPTR FM NORMAL: -0.5 DPTR FM NORMAL: -0.01 2 = FOG REDUCING VISIBILITY
HIGHEST: 87 ON 22 GRTST 24HR T ON 31- 1 TO 1/4 MILE OR LESS
LOWEST: 51 ON 29,25 3 = THUNDER
SNOW, ICE PELLETS, HAIL 4 = ICE PELLETS
TOTAL MONTH: M 5 = HAIL
GRTST 24HR M ON M 6 = FREEZING RAIN OR DRIZZLE
GRTST DEPTH: M ON M 7 = DUSTSTORM OR SANDSTORM:
VSBY 1/2 MILE OR LESS
8 = SMOKE OR HAZE
[NO. OF DAYS WITH] [WEATHER - DAYS WITH] 9 = BLOWING SNOW
X = TORNADO
MAX 32 OR BELOW: 0 0.01 INCH OR MORE: 0
MAX 90 OR ABOVE: 0 0.10 INCH OR MORE: 0
MIN 32 OR BELOW: 0 0.50 INCH OR MORE: 0
MIN 0 OR BELOW: 0 1.00 INCH OR MORE: 0
[HDD (BASE 65) ]
TOTAL THIS MO. 3 CLEAR (SCALE 0-3) 15
DPTR FM NORMAL -10 PTCLDY (SCALE 4-7) 16
TOTAL FM JUL 1 12 CLOUDY (SCALE 8-10) 0
DPTR FM NORMAL -17
[CDD (BASE 65) ]
TOTAL THIS MO. 58
DPTR FM NORMAL -20 [PRESSURE DATA]
TOTAL FM JAN 1 250 HIGHEST SLP 30.07 ON 21
DPTR FM NORMAL 61 LOWEST SLP 29.75 ON 23
[REMARKS]
#FINAL-08-22#