000
CXUS56 KSTO 092345
CF6SCK
PRELIMINARY LOCAL CLIMATOLOGICAL DATA (WS FORM: F-6)
STATION: STOCKTON AIRPORT CA
MONTH: JULY
YEAR: 2020
LATITUDE: 37 54 N
LONGITUDE: 121 15 W
TEMPERATURE IN F: :PCPN: SNOW: WIND :SUNSHINE: SKY :PK WND
================================================================================
1 2 3 4 5 6A 6B 7 8 9 10 11 12 13 14 15 16 17 18
12Z AVG MX 2MIN
DY MAX MIN AVG DEP HDD CDD WTR SNW DPTH SPD SPD DIR MIN PSBL S-S WX SPD DR
================================================================================
1 95 60 78 2 0 13 0.00 0.0 0 7.5 17 300 M M 0 31 290
2 90 57 74 -2 0 9 0.00 0.0 0 8.3 15 310 M M 0 8 19 290
3 91 57 74 -2 0 9 0.00 0.0 0 7.6 16 270 M M 0 8 19 270
4 99 58 79 3 0 14 0.00 0.0 0 7.4 16 310 M M 0 8 19 320
5 99 62 81 5 0 16 0.00 0.0 0 9.3 18 270 M M 0 22 280
6 93 59 76 0 0 11 0.00 0.0 0 12.4 26 260 M M 0 32 300
7 93 59 76 0 0 11 0.00 0.0 0 11.3 23 270 M M 0 29 260
8 99 59 79 3 0 14 0.00 0.0 0 8.1 18 270 M M 0 28 240
9 100 58 79 2 0 14 0.00 0.0 0 7.3 16 310 M M 0 8 19 330
10 102 63 83 6 0 18 0.00 0.0 0 7.3 15 300 M M 0 22 300
11 105 60 83 6 0 18 0.00 0.0 0 6.0 17 300 M M 0 20 310
12 106 62 84 7 0 19 0.00 0.0 0 7.1 16 290 M M 0 19 310
13 98 68 83 6 0 18 0.00 0.0 0 11.5 23 270 M M 0 27 270
14 94 59 77 0 0 12 0.00 0.0 0 7.0 18 300 M M 0 20 300
15 97 60 79 2 0 14 0.00 0.0 0 8.2 16 300 M M 0 8 25 290
16 94 61 78 1 0 13 0.00 0.0 0 8.4 16 300 M M 0 19 150
17 94 61 78 1 0 13 0.00 0.0 0 8.3 15 320 M M 0 8 23 70
18 98 62 80 3 0 15 0.00 0.0 0 8.4 17 300 M M 0 20 300
19 94 59 77 0 0 12 0.00 0.0 0 9.2 20 310 M M 0 21 310
20 90 61 76 -1 0 11 0.00 0.0 0 7.8 16 300 M M 0 20 290
21 91 58 75 -2 0 10 0.00 0.0 0 7.4 15 300 M M 0 21 150
22 91 58 75 -2 0 10 0.00 0.0 0 8.9 20 320 M M 0 22 330
23 94 56 75 -2 0 10 0.00 0.0 0 7.7 16 290 M M 0 23 320
24 93 62 78 1 0 13 0.00 0.0 0 8.9 21 280 M M 0 25 280
25 98 58 78 1 0 13 0.00 0.0 0 8.3 17 300 M M 0 21 290
26 98 60 79 2 0 14 0.00 0.0 0 9.2 21 300 M M 0 23 290
27 99 63 81 4 0 16 0.00 0.0 0 9.1 18 300 M M 0 22 270
28 99 59 79 2 0 14 0.00 0.0 0 8.1 17 290 M M 0 22 300
29 98 60 79 2 0 14 0.00 0.0 0 8.0 20 310 M M 0 25 320
30 97 59 78 1 0 13 0.00 0.0 0 8.6 17 320 M M 0 21 310
31 97 58 78 1 0 13 0.00 0.0 0 10.1 22 310 M M 0 26 310
================================================================================
SM 2986 1856 0 414 0.00 0.0 262.7 M 0
================================================================================
AV 96.3 59.9 8.5 FASTST M M 0 MAX(MPH)
MISC ----> # 26 260 # 32 300
================================================================================
NOTES:
# LAST OF SEVERAL OCCURRENCES
COLUMN 17 PEAK WIND IN M.P.H.
PRELIMINARY LOCAL CLIMATOLOGICAL DATA (WS FORM: F-6) , PAGE 2
STATION: STOCKTON AIRPORT CA
MONTH: JULY
YEAR: 2020
LATITUDE: 37 54 N
LONGITUDE: 121 15 W
[TEMPERATURE DATA] [PRECIPITATION DATA] SYMBOLS USED IN COLUMN 16
AVERAGE MONTHLY: 78.1 TOTAL FOR MONTH: 0.00 1 = FOG OR MIST
DPTR FM NORMAL: 1.4 DPTR FM NORMAL: 0.00 2 = FOG REDUCING VISIBILITY
HIGHEST: 106 ON 12 GRTST 24HR 0.00 ON 31-31 TO 1/4 MILE OR LESS
LOWEST: 56 ON 23 3 = THUNDER
SNOW, ICE PELLETS, HAIL 4 = ICE PELLETS
TOTAL MONTH: 0.0 INCH 5 = HAIL
GRTST 24HR 0.0 6 = FREEZING RAIN OR DRIZZLE
GRTST DEPTH: 0 7 = DUSTSTORM OR SANDSTORM:
VSBY 1/2 MILE OR LESS
8 = SMOKE OR HAZE
[NO. OF DAYS WITH] [WEATHER - DAYS WITH] 9 = BLOWING SNOW
X = TORNADO
MAX 32 OR BELOW: 0 0.01 INCH OR MORE: 0
MAX 90 OR ABOVE: 31 0.10 INCH OR MORE: 0
MIN 32 OR BELOW: 0 0.50 INCH OR MORE: 0
MIN 0 OR BELOW: 0 1.00 INCH OR MORE: 0
[HDD (BASE 65) ]
TOTAL THIS MO. 0 CLEAR (SCALE 0-3) 31
DPTR FM NORMAL 0 PTCLDY (SCALE 4-7) 0
TOTAL FM JUL 1 0 CLOUDY (SCALE 8-10) 0
DPTR FM NORMAL 0
[CDD (BASE 65) ]
TOTAL THIS MO. 414
DPTR FM NORMAL 51 [PRESSURE DATA]
TOTAL FM JAN 1 992 HIGHEST SLP M ON M
DPTR FM NORMAL 280 LOWEST SLP 29.69 ON 1
[REMARKS]
#FINAL-07-20#