000
CXUS53 KLMK 010710
CF6SDF
PRELIMINARY LOCAL CLIMATOLOGICAL DATA (WS FORM: F-6)
STATION: LOUISVILLE KY
MONTH: OCTOBER
YEAR: 2022
LATITUDE: 38 10 N
LONGITUDE: 85 44 W
TEMPERATURE IN F: :PCPN: SNOW: WIND :SUNSHINE: SKY :PK WND
================================================================================
1 2 3 4 5 6A 6B 7 8 9 10 11 12 13 14 15 16 17 18
12Z AVG MX 2MIN
DY MAX MIN AVG DEP HDD CDD WTR SNW DPTH SPD SPD DIR MIN PSBL S-S WX SPD DR
================================================================================
1 77 49 63 -3 2 0 0.00 0.0 0 10.6 20 350 M M 3 27 330
2 76 53 65 -1 0 0 0.00 0.0 0 11.0 18 350 M M 2 28 360
3 75 49 62 -4 3 0 0.00 0.0 0 6.5 16 360 M M 1 22 20
4 74 46 60 -5 5 0 0.00 0.0 0 3.4 10 360 M M 1 17 20
5 79 48 64 -1 1 0 0.00 0.0 0 1.4 7 20 M M 3 10 340
6 81 52 67 3 0 2 0.01 0.0 0 3.8 14 220 M M 6 19 220
7 69 50 60 -4 5 0 0.00 0.0 0 10.0 18 10 M M 3 24 340
8 62 41 52 -12 13 0 0.00 0.0 0 6.4 14 320 M M 0 18 360
9 67 37 52 -11 13 0 0.00 0.0 0 4.8 13 270 M M 0 17 250
10 76 43 60 -3 5 0 0.00 0.0 0 4.3 12 190 M M 2 16 190
11 78 48 63 1 2 0 0.00 0.0 0 6.1 14 170 M M 5 18 160
12 81 59 70 8 0 5 T 0.0 0 11.6 23 200 M M 9 33 180
13 69 50 60 -2 5 0 0.00 0.0 0 10.8 26 250 M M 5 36 250
14 72 41 57 -4 8 0 0.00 0.0 0 9.4 25 220 M M 3 37 210
15 70 52 61 0 4 0 0.00 0.0 0 7.6 20 200 M M 5 31 210
16 73 45 59 -1 6 0 0.00 0.0 0 5.7 16 260 M M 6 21 260
17 56 38 47 -13 18 0 0.00 0.0 0 11.8 25 280 M M 6 34 300
18 48 35 42 -18 23 0 0.04 T 0 11.7 20 300 M M 9 1 26 310
19 58 36 47 -12 18 0 0.00 0.0 0 10.9 18 250 M M 2 26 290
20 62 32 47 -12 18 0 0.00 0.0 0 8.3 18 200 M M 3 24 240
21 75 44 60 2 5 0 0.00 0.0 0 8.5 20 190 M M 5 27 200
22 80 53 67 9 0 2 0.00 0.0 0 9.9 22 200 M M 7 29 190
23 80 56 68 10 0 3 0.00 0.0 0 9.3 22 150 M M 4 27 150
24 81 54 68 11 0 3 0.00 0.0 0 7.8 18 160 M M 7 26 170
25 77 60 69 12 0 4 0.58 0.0 0 12.7 25 150 M M 8 1 37 230
26 60 44 52 -4 13 0 T 0.0 0 10.4 31 250 M M 7 1 39 240
27 63 37 50 -6 15 0 0.00 0.0 0 7.1 14 70 M M 2 21 50
28 71 43 57 1 8 0 0.00 0.0 0 2.6 9 40 M M 4 13 40
29 74 44 59 4 6 0 0.00 0.0 0 2.3 9 60 M M 4 13 130
30 63 53 58 3 7 0 0.72 0.0 0 3.0 10 150 M M 9 1 14 150
31 67 59 63 9 2 0 0.19 0.0 0 8.6 16 230 M M 10 18 25 230
================================================================================
SM 2194 1451 205 19 1.54 T 238.3 M 141
================================================================================
AV 70.8 46.8 7.7 FASTST M M 5 MAX(MPH)
MISC ----> 31 250 39 240
================================================================================
NOTES:
# LAST OF SEVERAL OCCURRENCES
COLUMN 17 PEAK WIND IN M.P.H.
PRELIMINARY LOCAL CLIMATOLOGICAL DATA (WS FORM: F-6) , PAGE 2
STATION: LOUISVILLE KY
MONTH: OCTOBER
YEAR: 2022
LATITUDE: 38 10 N
LONGITUDE: 85 44 W
[TEMPERATURE DATA] [PRECIPITATION DATA] SYMBOLS USED IN COLUMN 16
AVERAGE MONTHLY: 58.8 TOTAL FOR MONTH: 1.54 1 = FOG OR MIST
DPTR FM NORMAL: -1.5 DPTR FM NORMAL: -2.18 2 = FOG REDUCING VISIBILITY
HIGHEST: 81 ON 24,12 GRTST 24HR 0.72 ON 30-30 TO 1/4 MILE OR LESS
LOWEST: 32 ON 20 3 = THUNDER
SNOW, ICE PELLETS, HAIL 4 = ICE PELLETS
TOTAL MONTH: T 5 = HAIL
GRTST 24HR T ON 18-18 6 = FREEZING RAIN OR DRIZZLE
GRTST DEPTH: 0 7 = DUSTSTORM OR SANDSTORM:
VSBY 1/2 MILE OR LESS
8 = SMOKE OR HAZE
[NO. OF DAYS WITH] [WEATHER - DAYS WITH] 9 = BLOWING SNOW
X = TORNADO
MAX 32 OR BELOW: 0 0.01 INCH OR MORE: 5
MAX 90 OR ABOVE: 0 0.10 INCH OR MORE: 3
MIN 32 OR BELOW: 1 0.50 INCH OR MORE: 2
MIN 0 OR BELOW: 0 1.00 INCH OR MORE: 0
[HDD (BASE 65) ]
TOTAL THIS MO. 205 CLEAR (SCALE 0-3) 11
DPTR FM NORMAL 7 PTCLDY (SCALE 4-7) 16
TOTAL FM JUL 1 235 CLOUDY (SCALE 8-10) 4
DPTR FM NORMAL 14
[CDD (BASE 65) ]
TOTAL THIS MO. 19
DPTR FM NORMAL -33 [PRESSURE DATA]
TOTAL FM JAN 1 1893 HIGHEST SLP M ON M
DPTR FM NORMAL 154 LOWEST SLP 29.38 ON 31
[REMARKS]
#FINAL-10-22#