000
CXUS55 KPSR 011005
CF6SDL
PRELIMINARY LOCAL CLIMATOLOGICAL DATA (WS FORM: F-6)
STATION: SCOTTSDALE AZ
MONTH: MAY
YEAR: 2023
LATITUDE: 33 37 N
LONGITUDE: 111 54 W
TEMPERATURE IN F: :PCPN: SNOW: WIND :SUNSHINE: SKY :PK WND
================================================================================
1 2 3 4 5 6A 6B 7 8 9 10 11 12 13 14 15 16 17 18
12Z AVG MX 2MIN
DY MAX MIN AVG DEP HDD CDD WTR SNW DPTH SPD SPD DIR MIN PSBL S-S WX SPD DR
================================================================================
1 93 70 82 8 0 17 0.00 0.0 M 8.7 22 190 M M 0 36 180
2 89 65 77 2 0 12 0.00 M M 5.8 15 170 M M 0 26 210
3 87 64 76 1 0 11 0.00 M M 6.4 20 210 M M 0 29 200
4 79 61 70 -5 0 5 0.00 M M 6.0 17 220 M M 1 25 200
5 79 58 69 -7 0 4 0.00 0.0 M 4.2 14 250 M M 0 20 260
6 83 59 71 -5 0 6 0.00 0.0 M 2.4 13 270 M M 0 20 270
7 86 59 73 -3 0 8 0.00 0.0 M 2.9 13 230 M M 0 21 240
8 90 62 76 -1 0 11 0.00 M M 3.8 14 280 M M 0 25 280
9 90 63 77 0 0 12 0.00 M M 4.1 14 260 M M 0 19 260
10 78 64 71 -6 0 6 0.00 M M 4.9 13 270 M M 1 19 140
11 87 59 73 -5 0 8 0.00 M M 3.0 10 250 M M 0 17 220
12 94 63 79 1 0 14 0.00 M M 4.0 10 250 M M 0 8 16 200
13 96 68 82 4 0 17 0.00 M M 4.0 14 240 M M 0 20 250
14 98 73 86 8 0 21 0.00 M M 7.1 17 70 M M 0 27 80
15 99 77 88 9 0 23 0.00 M M 5.3 17 50 M M 0 26 140
16 101 81 91 12 0 26 0.00 M M 8.7 35 40 M M 0 3 45 40
17 97 73 85 5 0 20 0.15 M M 5.4 33 50 M M 1 3 43 50
18 96 72 84 4 0 19 0.02 M M 5.0 30 40 M M 2 43 10
19 90 72 81 1 0 16 T M M 4.2 14 360 M M 1 24 330
20 95 68 82 2 0 17 0.00 M M 2.2 12 170 M M 0 17 180
21 99 71 85 4 0 20 0.00 M M 3.1 13 240 M M 0 19 240
22 98 74 86 5 0 21 0.00 M M 3.6 12 220 M M 0 20 200
23 98 73 86 4 0 21 0.00 M M 3.8 13 200 M M 0 23 210
24 96 72 84 2 0 19 0.00 M M 4.8 13 150 M M 0 21 210
25 97 71 84 2 0 19 0.00 M M 5.6 15 260 M M 0 23 260
26 95 70 83 0 0 18 0.00 M M 5.8 15 230 M M 0 22 260
27 94 68 81 -2 0 16 0.00 M M 3.2 10 260 M M 0 19 290
28 96 68 82 -1 0 17 0.00 M M 4.1 12 140 M M 0 17 290
29 97 71 84 0 0 19 0.00 M M 4.8 15 260 M M 0 22 240
30 96 71 84 0 0 19 0.00 0.0 0 6.3 18 250 M M 0 30 260
31 90 67 79 -5 0 14 0.00 M M 6.2 18 240 M M 0 29 230
================================================================================
SM 2863 2107 0 476 0.17 0.0 149.4 M 6
================================================================================
AV 92.4 68.0 4.8 FASTST M M 0 MAX(MPH)
MISC ----> 35 40 45 40
================================================================================
NOTES:
# LAST OF SEVERAL OCCURRENCES
COLUMN 17 PEAK WIND IN M.P.H.
PRELIMINARY LOCAL CLIMATOLOGICAL DATA (WS FORM: F-6) , PAGE 2
STATION: SCOTTSDALE AZ
MONTH: MAY
YEAR: 2023
LATITUDE: 33 37 N
LONGITUDE: 111 54 W
[TEMPERATURE DATA] [PRECIPITATION DATA] SYMBOLS USED IN COLUMN 16
AVERAGE MONTHLY: 80.2 TOTAL FOR MONTH: 0.17 1 = FOG OR MIST
DPTR FM NORMAL: 0.9 DPTR FM NORMAL: 0.01 2 = FOG REDUCING VISIBILITY
HIGHEST: 101 ON 16 GRTST 24HR 0.17 ON 17-18 TO 1/4 MILE OR LESS
LOWEST: 58 ON 5 3 = THUNDER
SNOW, ICE PELLETS, HAIL 4 = ICE PELLETS
TOTAL MONTH: 0.0 INCH 5 = HAIL
GRTST 24HR 0.0 6 = FREEZING RAIN OR DRIZZLE
GRTST DEPTH: 0 7 = DUSTSTORM OR SANDSTORM:
VSBY 1/2 MILE OR LESS
8 = SMOKE OR HAZE
[NO. OF DAYS WITH] [WEATHER - DAYS WITH] 9 = BLOWING SNOW
X = TORNADO
MAX 32 OR BELOW: 0 0.01 INCH OR MORE: 2
MAX 90 OR ABOVE: 23 0.10 INCH OR MORE: 1
MIN 32 OR BELOW: 0 0.50 INCH OR MORE: 0
MIN 0 OR BELOW: 0 1.00 INCH OR MORE: 0
[HDD (BASE 65) ]
TOTAL THIS MO. 0 CLEAR (SCALE 0-3) 31
DPTR FM NORMAL -1 PTCLDY (SCALE 4-7) 0
TOTAL FM JUL 1 1424 CLOUDY (SCALE 8-10) 0
DPTR FM NORMAL 285
[CDD (BASE 65) ]
TOTAL THIS MO. 476
DPTR FM NORMAL 33 [PRESSURE DATA]
TOTAL FM JAN 1 717 HIGHEST SLP 30.02 ON 20
DPTR FM NORMAL 22 LOWEST SLP 29.55 ON 1
[REMARKS]
#FINAL-05-23#