000
CXUS55 KPSR 011005
CF6SDL
PRELIMINARY LOCAL CLIMATOLOGICAL DATA (WS FORM: F-6)
STATION: SCOTTSDALE AZ
MONTH: JULY
YEAR: 2022
LATITUDE: 33 37 N
LONGITUDE: 111 54 W
TEMPERATURE IN F: :PCPN: SNOW: WIND :SUNSHINE: SKY :PK WND
================================================================================
1 2 3 4 5 6A 6B 7 8 9 10 11 12 13 14 15 16 17 18
12Z AVG MX 2MIN
DY MAX MIN AVG DEP HDD CDD WTR SNW DPTH SPD SPD DIR MIN PSBL S-S WX SPD DR
================================================================================
1 105 85 95 2 0 30 0.00 M M 5.8 21 140 M M 1 33 140
2 104 86 95 2 0 30 T M M 2.7 13 230 M M 0 19 250
3 106 84 95 2 0 30 0.00 M M 6.2 16 190 M M 0 23 180
4 102 84 93 0 0 28 0.00 M M 5.1 16 260 M M 2 23 230
5 102 86 94 1 0 29 0.00 M M 5.7 14 250 M M 3 20 240
6 104 79 92 -1 0 27 0.00 M M 4.6 14 170 M M 0 22 220
7 106 77 92 -1 0 27 0.00 M M 4.2 14 240 M M 0 20 240
8 110 83 97 4 0 32 0.00 M M 5.2 16 260 M M 0 24 260
9 110 87 99 5 0 34 0.00 M M 5.7 21 90 M M 0 35 80
10 110 89 100 6 0 35 0.00 M M 3.8 10 300 M M 0 16 320
11 114 89 102 8 0 37 0.00 M M 6.9 30 40 M M 0 38 40
12 109 90 100 6 0 35 0.00 M M 5.3 18 90 M M 0 27 110
13 110 90 100 6 0 35 0.00 M M 5.1 14 190 M M 0 3 22 190
14 110 87 99 5 0 34 T M M 7.1 28 40 M M 1 3 42 60
15 111 87 99 5 0 34 T M M 5.2 16 360 M M 1 23 350
16 113 90 102 8 0 37 0.01 M M 7.6 28 60 M M 0 38 40 60
17 109 83 96 2 0 31 0.03 M M 5.5 30 150 M M 0 38 47 140
18 105 76 91 -3 0 26 0.17 M M 5.8 15 30 M M 0 3 20 250
19 109 89 99 5 0 34 0.00 M M 7.1 20 250 M M 0 29 250
20 109 90 100 6 0 35 0.00 M M 7.4 16 240 M M 0 24 250
21 108 89 99 5 0 34 0.00 M M 5.3 14 140 M M 0 23 150
22 112 94 103 10 0 38 0.00 M M 4.2 14 240 M M 0 21 250
23 104 83 94 1 0 29 T M M 6.6 24 160 M M 1 8 42 150
24 98 81 90 -3 0 25 T M M 5.6 18 180 M M 2 8 27 180
25 99 81 90 -3 0 25 T M M 4.7 15 280 M M 3 3 23 270
26 97 77 87 -6 0 22 T M M 4.2 13 230 M M 4 3 19 230
27 97 83 90 -3 0 25 T M M 5.4 20 40 M M 2 3 28 280
28 89 77 83 -10 0 18 0.43 M M 3.5 13 240 M M 3 13 18 230
29 96 78 87 -6 0 22 0.00 M M 3.2 13 270 M M 1 3 20 270
30 101 75 88 -5 0 23 0.20 M M 4.9 25 140 M M 1 138 40 140
31 100 78 89 -4 0 24 0.00 M M 4.5 18 260 M M 0 8 26 270
================================================================================
SM 3259 2607 0 925 0.84 M 164.1 M 25
================================================================================
AV105.1 84.1 5.3 FASTST M M 1 MAX(MPH)
MISC ----> # 30 40 47 140
================================================================================
NOTES:
# LAST OF SEVERAL OCCURRENCES
COLUMN 17 PEAK WIND IN M.P.H.
PRELIMINARY LOCAL CLIMATOLOGICAL DATA (WS FORM: F-6) , PAGE 2
STATION: SCOTTSDALE AZ
MONTH: JULY
YEAR: 2022
LATITUDE: 33 37 N
LONGITUDE: 111 54 W
[TEMPERATURE DATA] [PRECIPITATION DATA] SYMBOLS USED IN COLUMN 16
AVERAGE MONTHLY: 94.6 TOTAL FOR MONTH: 0.84 1 = FOG OR MIST
DPTR FM NORMAL: 1.2 DPTR FM NORMAL: -0.06 2 = FOG REDUCING VISIBILITY
HIGHEST: 114 ON 11 GRTST 24HR 0.43 ON 28-28 TO 1/4 MILE OR LESS
LOWEST: 75 ON 30 3 = THUNDER
SNOW, ICE PELLETS, HAIL 4 = ICE PELLETS
TOTAL MONTH: M 5 = HAIL
GRTST 24HR M ON M 6 = FREEZING RAIN OR DRIZZLE
GRTST DEPTH: M ON M 7 = DUSTSTORM OR SANDSTORM:
VSBY 1/2 MILE OR LESS
8 = SMOKE OR HAZE
[NO. OF DAYS WITH] [WEATHER - DAYS WITH] 9 = BLOWING SNOW
X = TORNADO
MAX 32 OR BELOW: 0 0.01 INCH OR MORE: 5
MAX 90 OR ABOVE: 30 0.10 INCH OR MORE: 3
MIN 32 OR BELOW: 0 0.50 INCH OR MORE: 0
MIN 0 OR BELOW: 0 1.00 INCH OR MORE: 0
[HDD (BASE 65) ]
TOTAL THIS MO. 0 CLEAR (SCALE 0-3) 30
DPTR FM NORMAL 0 PTCLDY (SCALE 4-7) 1
TOTAL FM JUL 1 0 CLOUDY (SCALE 8-10) 0
DPTR FM NORMAL 0
[CDD (BASE 65) ]
TOTAL THIS MO. 925
DPTR FM NORMAL 46 [PRESSURE DATA]
TOTAL FM JAN 1 2614 HIGHEST SLP 29.99 ON 31
DPTR FM NORMAL 317 LOWEST SLP 29.60 ON 22
[REMARKS]
#FINAL-07-22#