000
CXUS56 KOTX 010910
CF6SFF
PRELIMINARY LOCAL CLIMATOLOGICAL DATA (WS FORM: F-6)
STATION: SPOKANE WA FELTS AIRPORT
MONTH: SEPTEMBER
YEAR: 2023
LATITUDE: 47 40 N
LONGITUDE: 117 20 W
TEMPERATURE IN F: :PCPN: SNOW: WIND :SUNSHINE: SKY :PK WND
================================================================================
1 2 3 4 5 6A 6B 7 8 9 10 11 12 13 14 15 16 17 18
12Z AVG MX 2MIN
DY MAX MIN AVG DEP HDD CDD WTR SNW DPTH SPD SPD DIR MIN PSBL S-S WX SPD DR
================================================================================
1 79 54 67 1 0 2 0.00 M M 1.5 9 130 M M 2 12 200
2 87 53 70 4 0 5 0.00 M M 2.0 9 200 M M 0 14 110
3 81 62 72 7 0 7 0.03 M M 4.6 18 230 M M 7 25 200
4 70 54 62 -3 3 0 0.03 M M 5.2 12 190 M M 7 1 14 220
5 76 50 63 -2 2 0 0.00 M M 2.3 13 230 M M 2 18 220
6 74 49 62 -2 3 0 0.00 M M 3.0 15 300 M M 1 15 340
7 80 46 63 -1 2 0 0.00 M M 2.7 14 230 M M 2 17 230
8 80 52 66 2 0 1 0.00 M M 2.0 10 220 M M 1 15 230
9 85 49 67 3 0 2 0.00 M M 2.2 9 100 M M 0 13 70
10 89 50 70 7 0 5 0.00 M M 1.5 10 90 M M 0 14 120
11 83 53 68 5 0 3 0.00 M M 1.6 8 80 M M 1 11 100
12 79 55 67 4 0 2 0.00 M M 5.1 13 220 M M 1 18 170
13 79 53 66 4 0 1 0.00 M M 4.1 15 220 M M 1 21 210
14 81 47 64 2 1 0 0.00 M M 1.7 8 340 M M 0 14 280
15 85 46 66 4 0 1 0.00 M M 2.0 7 50 M M 0 11 290
16 91 47 69 8 0 4 0.00 M M 1.7 7 60 M M 0 9 110
17 80 51 66 5 0 1 0.00 M M 6.4 18 230 M M 0 23 220
18 76 51 64 3 1 0 0.00 M M 9.1 24 230 M M 1 8 31 220
19 68 44 56 -4 9 0 0.00 M M 4.4 17 220 M M 2 22 240
20 59 48 54 -6 11 0 0.20 M M 1.7 10 330 M M 6 1 16 350
21 72 49 61 1 4 0 0.00 M M 4.5 20 70 M M 4 25 80
22 58 48 53 -6 12 0 0.00 M M 4.6 15 210 M M 7 8 18 220
23 74 45 60 1 5 0 0.00 M M 3.0 15 210 M M 2 1 22 190
24 69 53 61 2 4 0 0.04 M M 2.7 15 260 M M 6 22 260
25 82 56 69 11 0 4 0.01 M M 4.2 20 250 M M 3 30 280
26 64 47 56 -2 9 0 0.13 M M 5.4 16 260 M M 6 23 260
27 59 47 53 -4 12 0 0.23 M M 6.6 25 240 M M 7 1 36 220
28 61 43 52 -5 13 0 0.10 M M 5.7 16 290 M M 7 1 25 290
29 58 40 49 -8 16 0 0.00 M M 1.4 6 350 M M 9 128 10 330
30 59 43 51 -5 14 0 0.00 M M 2.2 12 120 M M 7 13 120
================================================================================
SM 2238 1485 121 38 0.77 M 105.1 M 92
================================================================================
AV 74.6 49.5 3.5 FASTST M M 3 MAX(MPH)
MISC ----> 25 240 36 220
================================================================================
NOTES:
# LAST OF SEVERAL OCCURRENCES
COLUMN 17 PEAK WIND IN M.P.H.
PRELIMINARY LOCAL CLIMATOLOGICAL DATA (WS FORM: F-6) , PAGE 2
STATION: SPOKANE WA FELTS AIRPORT
MONTH: SEPTEMBER
YEAR: 2023
LATITUDE: 47 40 N
LONGITUDE: 117 20 W
[TEMPERATURE DATA] [PRECIPITATION DATA] SYMBOLS USED IN COLUMN 16
AVERAGE MONTHLY: 62.1 TOTAL FOR MONTH: 0.77 1 = FOG OR MIST
DPTR FM NORMAL: 0.6 DPTR FM NORMAL: 0.09 2 = FOG REDUCING VISIBILITY
HIGHEST: 91 ON 16 GRTST 24HR 0.26 ON 26-27 TO 1/4 MILE OR LESS
LOWEST: 40 ON 29 3 = THUNDER
SNOW, ICE PELLETS, HAIL 4 = ICE PELLETS
TOTAL MONTH: M 5 = HAIL
GRTST 24HR M ON M 6 = FREEZING RAIN OR DRIZZLE
GRTST DEPTH: M ON M 7 = DUSTSTORM OR SANDSTORM:
VSBY 1/2 MILE OR LESS
8 = SMOKE OR HAZE
[NO. OF DAYS WITH] [WEATHER - DAYS WITH] 9 = BLOWING SNOW
X = TORNADO
MAX 32 OR BELOW: 0 0.01 INCH OR MORE: 8
MAX 90 OR ABOVE: 1 0.10 INCH OR MORE: 4
MIN 32 OR BELOW: 0 0.50 INCH OR MORE: 0
MIN 0 OR BELOW: 0 1.00 INCH OR MORE: 0
[HDD (BASE 65) ]
TOTAL THIS MO. 121 CLEAR (SCALE 0-3) 18
DPTR FM NORMAL -25 PTCLDY (SCALE 4-7) 11
TOTAL FM JUL 1 137 CLOUDY (SCALE 8-10) 1
DPTR FM NORMAL -42
[CDD (BASE 65) ]
TOTAL THIS MO. 38
DPTR FM NORMAL 0 [PRESSURE DATA]
TOTAL FM JAN 1 771 HIGHEST SLP M ON M
DPTR FM NORMAL 264 LOWEST SLP 29.75 ON 3
[REMARKS]
#FINAL-09-23#