000
CXUS53 KSGF 010710
CF6SGF
PRELIMINARY LOCAL CLIMATOLOGICAL DATA (WS FORM: F-6)
STATION: SPRINGFIELD MO
MONTH: SEPTEMBER
YEAR: 2021
LATITUDE: 37 13 N
LONGITUDE: 93 23 W
TEMPERATURE IN F: :PCPN: SNOW: WIND :SUNSHINE: SKY :PK WND
================================================================================
1 2 3 4 5 6A 6B 7 8 9 10 11 12 13 14 15 16 17 18
12Z AVG MX 2MIN
DY MAX MIN AVG DEP HDD CDD WTR SNW DPTH SPD SPD DIR MIN PSBL S-S WX SPD DR
================================================================================
1 86 67 77 2 0 12 0.00 0.0 0 7.9 14 100 M M 4 20 80
2 85 67 76 1 0 11 0.00 0.0 0 11.5 18 160 M M 1 27 150
3 88 69 79 4 0 14 0.10 0.0 0 11.1 17 160 M M 2 13 23 160
4 87 70 79 5 0 14 0.47 0.0 0 8.6 20 340 M M 8 13 24 330
5 83 62 73 -1 0 8 0.00 0.0 0 6.5 13 30 M M 3 19 40
6 87 59 73 -1 0 8 0.00 0.0 0 5.7 12 180 M M 0 14 190
7 90 63 77 4 0 12 0.00 0.0 0 9.1 17 200 M M 1 8 24 200
8 83 58 71 -2 0 6 0.00 0.0 0 9.7 24 360 M M 1 34 350
9 84 54 69 -4 0 4 0.00 0.0 0 4.1 10 150 M M 1 15 280
10 90 63 77 5 0 12 0.00 0.0 0 10.1 18 240 M M 0 24 250
11 92 65 79 7 0 14 0.00 0.0 0 12.1 22 210 M M 0 27 180
12 90 64 77 5 0 12 0.00 0.0 0 10.3 16 160 M M 0 22 190
13 92 62 77 6 0 12 0.00 0.0 0 11.4 22 200 M M 1 30 200
14 90 68 79 8 0 14 0.00 0.0 0 9.7 20 20 M M 2 26 260
15 85 64 75 4 0 10 0.30 0.0 0 8.1 22 40 M M 3 13 27 30
16 88 63 76 6 0 11 0.00 0.0 0 8.5 15 110 M M 0 20 100
17 88 64 76 6 0 11 0.00 0.0 0 5.4 16 30 M M 1 1 21 30
18 90 63 77 8 0 12 0.00 0.0 0 7.2 17 40 M M 1 26 50
19 85 66 76 7 0 11 0.00 0.0 0 7.4 15 160 M M 2 21 160
20 92 68 80 11 0 15 0.64 0.0 0 12.7 26 340 M M 1 13 36 340
21 70 50 60 -8 5 0 0.22 0.0 0 11.8 24 340 M M 6 13 30 350
22 72 48 60 -8 5 0 0.00 0.0 0 7.5 21 340 M M 0 28 330
23 75 44 60 -8 5 0 0.00 0.0 0 3.3 12 270 M M 0 15 20
24 82 52 67 0 0 2 0.00 0.0 0 8.7 20 230 M M 0 27 220
25 77 51 64 -3 1 0 0.00 0.0 0 3.9 15 360 M M 0 20 360
26 88 54 71 5 0 6 0.00 0.0 0 12.6 22 220 M M 0 31 220
27 88 60 74 8 0 9 0.00 0.0 0 9.8 21 210 M M 0 26 210
28 86 59 73 7 0 8 0.00 0.0 0 6.9 16 140 M M 0 22 180
29 87 66 77 12 0 12 0.00 0.0 0 9.2 21 150 M M 2 26 150
30 82 67 75 10 0 10 0.06 0.0 0 10.2 21 120 M M 6 1 27 120
================================================================================
SM 2562 1830 16 270 1.79 0.0 261.0 M 46
================================================================================
AV 85.4 61.0 8.7 FASTST M M 2 MAX(MPH)
MISC ----> 26 340 36 340
================================================================================
NOTES:
# LAST OF SEVERAL OCCURRENCES
COLUMN 17 PEAK WIND IN M.P.H.
PRELIMINARY LOCAL CLIMATOLOGICAL DATA (WS FORM: F-6) , PAGE 2
STATION: SPRINGFIELD MO
MONTH: SEPTEMBER
YEAR: 2021
LATITUDE: 37 13 N
LONGITUDE: 93 23 W
[TEMPERATURE DATA] [PRECIPITATION DATA] SYMBOLS USED IN COLUMN 16
AVERAGE MONTHLY: 73.2 TOTAL FOR MONTH: 1.79 1 = FOG OR MIST
DPTR FM NORMAL: 2.9 DPTR FM NORMAL: -2.52 2 = FOG REDUCING VISIBILITY
HIGHEST: 92 ON 20,13 GRTST 24HR 0.86 ON 20-21 TO 1/4 MILE OR LESS
LOWEST: 44 ON 23 3 = THUNDER
SNOW, ICE PELLETS, HAIL 4 = ICE PELLETS
TOTAL MONTH: 0.0 INCH 5 = HAIL
GRTST 24HR 0.0 6 = FREEZING RAIN OR DRIZZLE
GRTST DEPTH: 0 7 = DUSTSTORM OR SANDSTORM:
VSBY 1/2 MILE OR LESS
8 = SMOKE OR HAZE
[NO. OF DAYS WITH] [WEATHER - DAYS WITH] 9 = BLOWING SNOW
X = TORNADO
MAX 32 OR BELOW: 0 0.01 INCH OR MORE: 6
MAX 90 OR ABOVE: 8 0.10 INCH OR MORE: 5
MIN 32 OR BELOW: 0 0.50 INCH OR MORE: 1
MIN 0 OR BELOW: 0 1.00 INCH OR MORE: 0
[HDD (BASE 65) ]
TOTAL THIS MO. 16 CLEAR (SCALE 0-3) 25
DPTR FM NORMAL -22 PTCLDY (SCALE 4-7) 5
TOTAL FM JUL 1 16 CLOUDY (SCALE 8-10) 0
DPTR FM NORMAL -22
[CDD (BASE 65) ]
TOTAL THIS MO. 270
DPTR FM NORMAL 74 [PRESSURE DATA]
TOTAL FM JAN 1 1528 HIGHEST SLP M ON M
DPTR FM NORMAL 31 LOWEST SLP 29.74 ON 20
[REMARKS]
#FINAL-09-21#