000
CXUS54 KHGX 072354
CF6SGR
PRELIMINARY LOCAL CLIMATOLOGICAL DATA (WS FORM: F-6)
STATION: SUGAR LAND/HULL FLD
MONTH: JULY
YEAR: 2021
LATITUDE: 29 37 N
LONGITUDE: 95 39 W
TEMPERATURE IN F: :PCPN: SNOW: WIND :SUNSHINE: SKY :PK WND
================================================================================
1 2 3 4 5 6A 6B 7 8 9 10 11 12 13 14 15 16 17 18
12Z AVG MX 2MIN
DY MAX MIN AVG DEP HDD CDD WTR SNW DPTH SPD SPD DIR MIN PSBL S-S WX SPD DR
================================================================================
1 93 75 84 0 0 19 0.00 0.0 0 3.6 13 140 M M 1 1 17 150
2 94 76 85 1 0 20 T 0.0 0 3.5 14 180 M M 1 17 180
3 90 79 85 0 0 20 0.53 0.0 0 3.4 16 350 M M 5 13 18 350
4 91 77 84 -1 0 19 0.51 0.0 0 3.6 15 140 M M 4 13 18 230
5 90 76 83 -2 0 18 0.63 0.0 0 5.3 21 120 M M 3 138 29 110
6 88 76 82 -3 0 17 0.08 0.0 0 7.3 16 150 M M 4 20 150
7 88 76 82 -3 0 17 0.02 0.0 0 7.1 20 150 M M 5 24 150
8 85 77 81 -4 0 16 0.46 0.0 0 9.1 21 130 M M 8 1 27 130
9 80 73 77 -8 0 12 1.83 0.0 0 6.7 24 160 M M 7 1 31 170
10 93 79 86 1 0 21 0.00 0.0 0 9.5 21 170 M M 5 25 170
11 93 77 85 0 0 20 0.00 0.0 0 6.6 15 180 M M 6 19 180
12 92 75 84 -1 0 19 0.07 0.0 0 5.7 23 350 M M 4 3 29 350
13 94 75 85 0 0 20 0.00 0.0 0 4.3 15 290 M M 2 3 20 280
14 91 75 83 -2 0 18 0.23 0.0 0 5.8 20 100 M M 1 3 25 100
15 92 77 85 0 0 20 0.30 0.0 0 8.0 20 170 M M 2 38 24 190
16 91 80 86 1 0 21 0.03 0.0 0 7.8 17 180 M M 2 3 20 170
17 95 77 86 0 0 21 0.00 0.0 0 7.4 15 160 M M 1 19 140
18 96 78 87 1 0 22 0.08 0.0 0 4.2 22 180 M M 1 3 26 180
19 96 77 87 1 0 22 0.01 0.0 0 4.6 16 310 M M 2 3 21 300
20 92 76 84 -2 0 19 0.05 0.0 0 5.5 15 20 M M 4 13 21 20
21 90 76 83 -3 0 18 0.00 0.0 0 4.6 16 130 M M 2 3 20 130
22 93 76 85 -1 0 20 T 0.0 0 5.0 14 220 M M 1 19 230
23 97 78 88 2 0 23 0.00 0.0 0 8.9 16 180 M M 1 22 180
24 97 78 88 2 0 23 0.00 0.0 0 7.5 14 170 M M 0 17 200
25 96 75 86 0 0 21 0.00 0.0 0 4.7 12 200 M M 1 15 160
26 97 75 86 0 0 21 0.00 0.0 0 2.9 10 160 M M 1 1 13 180
27 96 78 87 1 0 22 0.13 0.0 0 4.6 21 90 M M 1 3 24 80
28 98 76 87 1 0 22 0.00 0.0 0 4.4 13 140 M M 2 15 80
29 98 79 89 3 0 24 T 0.0 0 4.9 18 180 M M 2 38 22 150
30 99 77 88 2 0 23 0.00 0.0 0 3.0 22 80 M M 2 3 27 80
31 98 78 88 2 0 23 0.00 0.0 0 5.3 20 180 M M 1 38 24 170
================================================================================
SM 2883 2377 0 621 4.96 0.0 174.8 M 82
================================================================================
AV 93.0 76.7 5.6 FASTST M M 3 MAX(MPH)
MISC ----> 24 160 31 170
================================================================================
NOTES:
# LAST OF SEVERAL OCCURRENCES
COLUMN 17 PEAK WIND IN M.P.H.
PRELIMINARY LOCAL CLIMATOLOGICAL DATA (WS FORM: F-6) , PAGE 2
STATION: SUGAR LAND/HULL FLD
MONTH: JULY
YEAR: 2021
LATITUDE: 29 37 N
LONGITUDE: 95 39 W
[TEMPERATURE DATA] [PRECIPITATION DATA] SYMBOLS USED IN COLUMN 16
AVERAGE MONTHLY: 84.8 TOTAL FOR MONTH: 4.96 1 = FOG OR MIST
DPTR FM NORMAL: -0.6 DPTR FM NORMAL: 0.80 2 = FOG REDUCING VISIBILITY
HIGHEST: 99 ON 30 GRTST 24HR 2.20 ON 8- 9 TO 1/4 MILE OR LESS
LOWEST: 73 ON 9 3 = THUNDER
SNOW, ICE PELLETS, HAIL 4 = ICE PELLETS
TOTAL MONTH: 0.0 INCH 5 = HAIL
GRTST 24HR 0.0 6 = FREEZING RAIN OR DRIZZLE
GRTST DEPTH: 0 7 = DUSTSTORM OR SANDSTORM:
VSBY 1/2 MILE OR LESS
8 = SMOKE OR HAZE
[NO. OF DAYS WITH] [WEATHER - DAYS WITH] 9 = BLOWING SNOW
X = TORNADO
MAX 32 OR BELOW: 0 0.01 INCH OR MORE: 15
MAX 90 OR ABOVE: 27 0.10 INCH OR MORE: 8
MIN 32 OR BELOW: 0 0.50 INCH OR MORE: 4
MIN 0 OR BELOW: 0 1.00 INCH OR MORE: 1
[HDD (BASE 65) ]
TOTAL THIS MO. 0 CLEAR (SCALE 0-3) 20
DPTR FM NORMAL 0 PTCLDY (SCALE 4-7) 11
TOTAL FM JUL 1 0 CLOUDY (SCALE 8-10) 0
DPTR FM NORMAL 0
[CDD (BASE 65) ]
TOTAL THIS MO. 621
DPTR FM NORMAL -10 [PRESSURE DATA]
TOTAL FM JAN 1 2020 HIGHEST SLP 30.19 ON 14
DPTR FM NORMAL 98 LOWEST SLP 29.87 ON 20
[REMARKS]
#FINAL-07-21#