734
CXUS55 KBYZ 011100
CF6SHR
PRELIMINARY LOCAL CLIMATOLOGICAL DATA (WS FORM: F-6)
STATION: SHERIDAN WY
MONTH: JANUARY
YEAR: 2021
LATITUDE: 44 46 N
LONGITUDE: 106 58 W
TEMPERATURE IN F: :PCPN: SNOW: WIND :SUNSHINE: SKY :PK WND
================================================================================
1 2 3 4 5 6A 6B 7 8 9 10 11 12 13 14 15 16 17 18
12Z AVG MX 2MIN
DY MAX MIN AVG DEP HDD CDD WTR SNW DPTH SPD SPD DIR MIN PSBL S-S WX SPD DR
================================================================================
1 48 16 32 9 33 0 0.00 M M 4.3 17 140 M M 0 21 140
2 43 15 29 6 36 0 0.00 M M 2.9 21 280 M M 3 25 280
3 48 17 33 10 32 0 0.00 M M 5.5 35 330 M M 3 43 330
4 50 15 33 10 32 0 0.00 M M 4.6 15 120 M M 1 22 130
5 42 22 32 9 33 0 0.04 M M 9.9 28 300 M M 5 1 33 310
6 47 16 32 9 33 0 0.00 M M 3.4 10 340 M M 0 11 340
7 42 18 30 7 35 0 0.24 M M 5.6 15 310 M M 7 1 17 310
8 35 24 30 7 35 0 0.01 M M 6.5 16 320 M M 10 1 19 330
9 37 17 27 3 38 0 0.00 M M 1.7 6 220 M M 9 1 6 210
10 31 7 19 -5 46 0 0.00 M M 2.0 9 190 M M 1 12 10 200
11 46 17 32 8 33 0 0.00 M M 4.6 10 340 M M 0 11 120
12 55 23 39 15 26 0 0.00 M M 4.0 10 190 M M 1 12 240
13 66 28 47 23 18 0 T M M 20.9 53 320 M M 3 67 320
14 37 27 32 8 33 0 T M M 29.2 45 310 M M 6 57 320
15 46 19 33 9 32 0 T M M 7.6 31 310 M M 3 41 310
16 43 21 32 8 33 0 0.01 M M 15.7 32 310 M M 6 39 330
17 46 22 34 10 31 0 0.08 M M 11.0 46 310 M M 7 1 57 330
18 34 28 31 7 34 0 0.02 M M 18.7 36 310 M M 9 12 41 310
19 36 15 26 2 39 0 0.00 M M 8.0 24 320 M M 2 29 320
20 48 18 33 9 32 0 0.00 M M 5.8 20 340 M M 0 25 330
21 32 19 26 2 39 0 0.01 M M 4.0 16 300 M M 8 1 19 300
22 31 18 25 1 40 0 0.04 M M 3.6 12 120 M M 8 1 17 290
23 26 6 16 -8 49 0 0.01 M M 6.1 14 310 M M 7 1 16 310
24 28 1 15 -9 50 0 T M M 1.8 7 180 M M 0 1 8 290
25 30 4 17 -7 48 0 0.00 M M 5.0 10 40 M M 3 14 350
26 29 9 19 -5 46 0 0.00 M M 6.3 16 130 M M 8 25 140
27 33 3 18 -6 47 0 0.00 M M 2.5 10 200 M M 0 11 150
28 47 11 29 5 36 0 0.00 M M 3.2 12 310 M M 0 19 340
29 51 22 37 13 28 0 0.00 M M 5.3 15 210 M M 3 18 210
30 40 24 32 8 33 0 T M M 8.8 20 300 M M 8 23 300
31 50 17 34 10 31 0 0.00 M M 4.4 16 130 M M 0 21 130
================================================================================
SM 1277 519 1111 0 0.46 M 222.9 M 121
================================================================================
AV 41.2 16.7 7.2 FASTST M M 4 MAX(MPH)
MISC ----> 53 320 67 320
================================================================================
NOTES:
# LAST OF SEVERAL OCCURRENCES
COLUMN 17 PEAK WIND IN M.P.H.
PRELIMINARY LOCAL CLIMATOLOGICAL DATA (WS FORM: F-6) , PAGE 2
STATION: SHERIDAN WY
MONTH: JANUARY
YEAR: 2021
LATITUDE: 44 46 N
LONGITUDE: 106 58 W
[TEMPERATURE DATA] [PRECIPITATION DATA] SYMBOLS USED IN COLUMN 16
AVERAGE MONTHLY: 29.0 TOTAL FOR MONTH: 0.46 1 = FOG OR MIST
DPTR FM NORMAL: 5.2 DPTR FM NORMAL: -0.10 2 = FOG REDUCING VISIBILITY
HIGHEST: 66 ON 13 GRTST 24HR 0.24 ON 7- 7 TO 1/4 MILE OR LESS
LOWEST: 1 ON 24 3 = THUNDER
SNOW, ICE PELLETS, HAIL 4 = ICE PELLETS
TOTAL MONTH: M 5 = HAIL
GRTST 24HR M ON M 6 = FREEZING RAIN OR DRIZZLE
GRTST DEPTH: M ON M 7 = DUSTSTORM OR SANDSTORM:
VSBY 1/2 MILE OR LESS
8 = SMOKE OR HAZE
[NO. OF DAYS WITH] [WEATHER - DAYS WITH] 9 = BLOWING SNOW
X = TORNADO
MAX 32 OR BELOW: 7 0.01 INCH OR MORE: 9
MAX 90 OR ABOVE: 0 0.10 INCH OR MORE: 1
MIN 32 OR BELOW: 31 0.50 INCH OR MORE: 0
MIN 0 OR BELOW: 0 1.00 INCH OR MORE: 0
[HDD (BASE 65) ]
TOTAL THIS MO. 1111 CLEAR (SCALE 0-3) 14
DPTR FM NORMAL -169 PTCLDY (SCALE 4-7) 13
TOTAL FM JUL 1 3829 CLOUDY (SCALE 8-10) 4
DPTR FM NORMAL -632
[CDD (BASE 65) ]
TOTAL THIS MO. 0
DPTR FM NORMAL 0 [PRESSURE DATA]
TOTAL FM JAN 1 0 HIGHEST SLP 30.52 ON 19
DPTR FM NORMAL 0 LOWEST SLP 29.53 ON 13
[REMARKS]
#FINAL-01-21#