000
CXUS55 KBYZ 011100
CF6SHR
PRELIMINARY LOCAL CLIMATOLOGICAL DATA (WS FORM: F-6)
STATION: SHERIDAN WY
MONTH: JANUARY
YEAR: 2024
LATITUDE: 44 46 N
LONGITUDE: 106 58 W
TEMPERATURE IN F: :PCPN: SNOW: WIND :SUNSHINE: SKY :PK WND
================================================================================
1 2 3 4 5 6A 6B 7 8 9 10 11 12 13 14 15 16 17 18
12Z AVG MX 2MIN
DY MAX MIN AVG DEP HDD CDD WTR SNW DPTH SPD SPD DIR MIN PSBL S-S WX SPD DR
================================================================================
1 47 19 33 10 32 0 0.00 M M 5.4 18 330 M M 0 24 320
2 47 14 31 8 34 0 0.00 M M 2.0 8 280 M M 0 10 10
3 44 12 28 4 37 0 0.00 M M 2.1 9 300 M M 0 11 300
4 44 13 29 5 36 0 0.00 M M 3.7 23 340 M M 1 29 340
5 42 23 33 9 32 0 0.02 M M 9.8 30 320 M M 8 1 38 330
6 41 11 26 2 39 0 0.00 M M 4.1 10 150 M M 3 15 150
7 35 13 24 0 41 0 0.01 M M 9.7 24 320 M M 10 128 32 330
8 31 3 17 -7 48 0 T M M 4.2 21 290 M M 3 18 25 290
9 41 5 23 -1 42 0 0.00 M M 5.5 24 330 M M 2 30 330
10 36 8 22 -2 43 0 0.08 M M 10.7 25 310 M M 7 1 33 300
11 10 1 6 -18 59 0 T M M 7.2 20 310 M M 9 8 23 320
12 1 -22 -10 -34 75 0 0.02 M M 13.9 23 310 M M 10 8 29 310
13 -9 -31 -20 -44 85 0 0.00 M M 4.3 16 310 M M 2 8 21 320
14 -3 -24 -13 -37 78 0 0.09 M M 4.6 18 310 M M 6 8 22 310
15 -2 -21 -11 -35 76 0 T M M 6.4 21 300 M M 3 8 27 300
16 31 -20 6 -18 59 0 0.00 M M 2.3 9 200 M M 5 10 200
17 29 8 19 -5 46 0 0.00 M M 2.3 12 330 M M 4 12 330
18 18 -6 6 -18 59 0 0.05 M M 13.6 33 310 M M 7 18 42 310
19 18 -10 4 -20 61 0 0.00 M M 2.8 9 120 M M 7 13 120
20 36 8 22 -2 43 0 0.00 M M 2.4 9 190 M M 3 11 150
21 52 26 39 15 26 0 0.00 M M 3.5 10 170 M M 5 14 340
22 51 22 37 13 28 0 0.00 M M 2.3 8 20 M M 2 9 10
23 55 20 38 14 27 0 0.00 M M 1.2 7 310 M M 3 11 220
24 53 25 39 15 26 0 0.00 M M 2.0 7 200 M M 8 9 250
25 53 21 37 13 28 0 0.00 M M 2.4 8 190 M M 2 9 310
26 48 20 34 10 31 0 0.00 M M 3.3 13 330 M M 0 16 340
27 55 17 36 12 29 0 0.00 M M 2.2 13 150 M M 0 17 150
28 66 28 47 23 18 0 0.00 M M 3.0 9 240 M M 3 10 190
29 61 30 46 22 19 0 0.00 M M 4.4 16 340 M M 3 20 340
30 68 29 49 25 16 0 0.00 M M 2.8 10 150 M M 0 14 160
31 65 26 46 22 19 0 0.00 M M 2.9 12 180 M M 0 14 20
================================================================================
SM 1164 268 1292 0 0.27 M 147.0 M 116
================================================================================
AV 37.5 8.6 4.7 FASTST M M 4 MAX(MPH)
MISC ----> 33 310 42 310
================================================================================
NOTES:
# LAST OF SEVERAL OCCURRENCES
COLUMN 17 PEAK WIND IN M.P.H.
PRELIMINARY LOCAL CLIMATOLOGICAL DATA (WS FORM: F-6) , PAGE 2
STATION: SHERIDAN WY
MONTH: JANUARY
YEAR: 2024
LATITUDE: 44 46 N
LONGITUDE: 106 58 W
[TEMPERATURE DATA] [PRECIPITATION DATA] SYMBOLS USED IN COLUMN 16
AVERAGE MONTHLY: 23.1 TOTAL FOR MONTH: 0.27 1 = FOG OR MIST
DPTR FM NORMAL: -0.9 DPTR FM NORMAL: -0.34 2 = FOG REDUCING VISIBILITY
HIGHEST: 68 ON 30 GRTST 24HR 0.10 ON 17-18 TO 1/4 MILE OR LESS
LOWEST: -31 ON 13 3 = THUNDER
SNOW, ICE PELLETS, HAIL 4 = ICE PELLETS
TOTAL MONTH: M 5 = HAIL
GRTST 24HR M ON M 6 = FREEZING RAIN OR DRIZZLE
GRTST DEPTH: M ON M 7 = DUSTSTORM OR SANDSTORM:
VSBY 1/2 MILE OR LESS
8 = SMOKE OR HAZE
[NO. OF DAYS WITH] [WEATHER - DAYS WITH] 9 = BLOWING SNOW
X = TORNADO
MAX 32 OR BELOW: 10 0.01 INCH OR MORE: 6
MAX 90 OR ABOVE: 0 0.10 INCH OR MORE: 0
MIN 32 OR BELOW: 31 0.50 INCH OR MORE: 0
MIN 0 OR BELOW: 7 1.00 INCH OR MORE: 0
[HDD (BASE 65) ]
TOTAL THIS MO. 1292 CLEAR (SCALE 0-3) 16
DPTR FM NORMAL 21 PTCLDY (SCALE 4-7) 11
TOTAL FM JUL 1 3753 CLOUDY (SCALE 8-10) 4
DPTR FM NORMAL -609
[CDD (BASE 65) ]
TOTAL THIS MO. 0
DPTR FM NORMAL 0 [PRESSURE DATA]
TOTAL FM JAN 1 0 HIGHEST SLP 30.76 ON 15
DPTR FM NORMAL 0 LOWEST SLP 29.38 ON 10
[REMARKS]
#FINAL-01-24#