000
CXUS56 KMTR 011100
CF6SJC
PRELIMINARY LOCAL CLIMATOLOGICAL DATA (WS FORM: F-6)
STATION: SAN JOSE AIRPORT
MONTH: JANUARY
YEAR: 2022
LATITUDE: 37 21 N
LONGITUDE: 121 55 W
TEMPERATURE IN F: :PCPN: SNOW: WIND :SUNSHINE: SKY :PK WND
================================================================================
1 2 3 4 5 6A 6B 7 8 9 10 11 12 13 14 15 16 17 18
12Z AVG MX 2MIN
DY MAX MIN AVG DEP HDD CDD WTR SNW DPTH SPD SPD DIR MIN PSBL S-S WX SPD DR
================================================================================
1 56 33 45 -5 20 0 0.00 M M 2.3 9 290 M M 2 18 12 270
2 60 32 46 -4 19 0 0.00 M M 3.2 14 310 M M 2 19 220
3 56 44 50 0 15 0 0.00 M M 9.2 16 150 M M 9 20 130
4 63 48 56 6 9 0 T M M 4.6 12 330 M M 7 1 14 330
5 64 50 57 7 8 0 0.00 M M 4.0 13 310 M M 8 15 310
6 60 52 56 6 9 0 0.00 M M 3.7 12 300 M M 9 1 13 300
7 59 49 54 4 11 0 T M M 5.8 15 340 M M 8 8 20 340
8 59 43 51 1 14 0 0.00 M M 3.3 9 310 M M 5 11 310
9 63 38 51 1 14 0 0.00 M M 2.2 9 300 M M 3 1 11 300
10 66 42 54 4 11 0 0.00 M M 2.7 10 320 M M 2 14 350
11 66 41 54 4 11 0 0.00 M M 2.0 12 320 M M 4 18 13 320
12 66 40 53 2 12 0 0.00 M M 2.2 8 330 M M 5 10 330
13 63 45 54 3 11 0 0.00 M M 3.0 10 330 M M 7 18 12 320
14 66 43 55 4 10 0 0.00 M M 3.7 15 320 M M 7 12 18 320
15 68 40 54 3 11 0 T M M 1.5 7 320 M M 6 18 8 200
16 65 48 57 6 8 0 0.00 M M 2.3 7 320 M M 8 10 360
17 64 42 53 2 12 0 0.00 M M 1.8 10 330 M M 7 8 13 360
18 59 42 51 0 14 0 0.00 M M 2.8 12 340 M M 6 128 14 340
19 63 46 55 4 10 0 0.00 M M 3.0 10 330 M M 6 18 12 320
20 67 41 54 3 11 0 0.00 M M 1.5 12 320 M M 2 14 320
21 68 42 55 4 10 0 0.00 M M 6.2 22 350 M M 5 30 10
22 68 45 57 6 8 0 0.00 M M 6.7 20 350 M M 2 31 10
23 66 37 52 1 13 0 0.00 M M 3.5 8 310 M M 1 12 330
24 65 35 50 -1 15 0 0.00 M M 4.0 14 330 M M 1 18 17 320
25 63 38 51 0 14 0 0.00 M M 3.0 14 330 M M 2 18 17 330
26 62 42 52 1 13 0 0.00 M M 2.6 8 340 M M 5 128 10 330
27 68 37 53 2 12 0 0.00 M M 3.5 10 310 M M 1 18 13 320
28 68 38 53 2 12 0 0.00 M M 2.0 9 330 M M 5 10 320
29 65 40 53 2 12 0 0.00 M M 2.2 8 340 M M 3 8 11 330
30 63 34 49 -3 16 0 0.00 M M 4.6 12 320 M M 2 8 17 20
31 57 40 49 -3 16 0 0.00 M M 2.6 10 320 M M 6 128 13 350
================================================================================
SM 1966 1287 381 0 T M 105.7 M 146
================================================================================
AV 63.4 41.5 3.4 FASTST M M 5 MAX(MPH)
MISC ----> 22 350 31 10
================================================================================
NOTES:
# LAST OF SEVERAL OCCURRENCES
COLUMN 17 PEAK WIND IN M.P.H.
PRELIMINARY LOCAL CLIMATOLOGICAL DATA (WS FORM: F-6) , PAGE 2
STATION: SAN JOSE AIRPORT
MONTH: JANUARY
YEAR: 2022
LATITUDE: 37 21 N
LONGITUDE: 121 55 W
[TEMPERATURE DATA] [PRECIPITATION DATA] SYMBOLS USED IN COLUMN 16
AVERAGE MONTHLY: 52.5 TOTAL FOR MONTH: T 1 = FOG OR MIST
DPTR FM NORMAL: 1.7 DPTR FM NORMAL: -2.80 2 = FOG REDUCING VISIBILITY
HIGHEST: 68 ON 28,27 GRTST 24HR 0.09 ON 3- 3 TO 1/4 MILE OR LESS
LOWEST: 32 ON 2 3 = THUNDER
SNOW, ICE PELLETS, HAIL 4 = ICE PELLETS
TOTAL MONTH: M 5 = HAIL
GRTST 24HR M ON M 6 = FREEZING RAIN OR DRIZZLE
GRTST DEPTH: M ON M 7 = DUSTSTORM OR SANDSTORM:
VSBY 1/2 MILE OR LESS
8 = SMOKE OR HAZE
[NO. OF DAYS WITH] [WEATHER - DAYS WITH] 9 = BLOWING SNOW
X = TORNADO
MAX 32 OR BELOW: 0 0.01 INCH OR MORE: 0
MAX 90 OR ABOVE: 0 0.10 INCH OR MORE: 0
MIN 32 OR BELOW: 1 0.50 INCH OR MORE: 0
MIN 0 OR BELOW: 0 1.00 INCH OR MORE: 0
[HDD (BASE 65) ]
TOTAL THIS MO. 381 CLEAR (SCALE 0-3) 11
DPTR FM NORMAL -59 PTCLDY (SCALE 4-7) 17
TOTAL FM JUL 1 1099 CLOUDY (SCALE 8-10) 3
DPTR FM NORMAL -152
[CDD (BASE 65) ]
TOTAL THIS MO. 0
DPTR FM NORMAL 0 [PRESSURE DATA]
TOTAL FM JAN 1 0 HIGHEST SLP 30.46 ON 10
DPTR FM NORMAL 0 LOWEST SLP 29.92 ON 7
[REMARKS]
#FINAL-01-22#