000
CXUS56 KFGZ 010900
CF6SJN
PRELIMINARY LOCAL CLIMATOLOGICAL DATA (WS FORM: F-6)
STATION: SAINT JOHNS AZ AIRPORT
MONTH: NOVEMBER
YEAR: 2020
LATITUDE: 34 31 N
LONGITUDE: 109 23 W
TEMPERATURE IN F: :PCPN: SNOW: WIND :SUNSHINE: SKY :PK WND
================================================================================
1 2 3 4 5 6A 6B 7 8 9 10 11 12 13 14 15 16 17 18
12Z AVG MX 2MIN
DY MAX MIN AVG DEP HDD CDD WTR SNW DPTH SPD SPD DIR MIN PSBL S-S WX SPD DR
================================================================================
1 77 36 57 9 8 0 0.00 M M 3.4 9 330 M M 0 12 330
2 76 38 57 9 8 0 0.00 M M 2.9 13 290 M M 0 15 280
3 73 38 56 8 9 0 0.01 M M 5.3 20 280 M M 1 3 26 280
4 74 44 59 12 6 0 T M M 3.5 12 10 M M 1 15 360
5 80 34 57 10 8 0 0.00 M M 4.2 14 150 M M 0 20 140
6 75 41 58 12 7 0 0.00 M M 10.6 22 170 M M 1 29 170
7 65 42 54 8 11 0 0.16 M M 16.3 35 180 M M 3 45 180
8 57 38 48 2 17 0 T M M 14.0 29 230 M M 4 39 210
9 44 28 36 -9 29 0 0.17 M M 10.7 24 270 M M 7 1 30 200
10 45 21 33 -12 32 0 0.00 M M 4.0 12 340 M M 0 13 330
11 54 20 37 -7 28 0 0.00 M M 3.6 12 340 M M 0 14 330
12 59 21 40 -4 25 0 0.00 M M 2.5 9 40 M M 0 12 30
13 64 26 45 2 20 0 0.00 M M 5.1 18 250 M M 0 23 250
14 59 32 46 3 19 0 0.00 M M 12.0 31 270 M M 0 40 270
15 64 21 43 0 22 0 0.00 M M 3.8 12 180 M M 0 15 340
16 72 21 47 5 18 0 0.00 M M 2.7 12 70 M M 0 8 14 80
17 76 25 51 9 14 0 0.00 M M 3.0 9 160 M M 0 8 11 130
18 77 34 56 15 9 0 0.00 M M 10.1 32 250 M M 0 43 240
19 75 39 57 16 8 0 0.00 M M 13.3 32 250 M M 0 43 270
20 71 34 53 12 12 0 0.00 M M 5.8 17 270 M M 0 22 260
21 72 34 53 13 12 0 0.00 M M 4.2 14 320 M M 0 16 310
22 66 33 50 10 15 0 0.00 M M 3.1 10 330 M M 0 13 150
23 68 35 52 12 13 0 0.00 M M 8.2 28 240 M M 0 38 260
24 51 29 40 1 25 0 0.00 M M 11.0 26 300 M M 2 33 310
25 59 16 38 -1 27 0 0.00 M M 3.8 16 290 M M 0 20 290
26 58 23 41 3 24 0 0.00 M M 4.8 13 330 M M 0 M M
27 35 23 29 -9 36 0 0.34 M M 4.3 16 310 M M 9 12 19 310
28 39 24 32 -6 33 0 0.00 M M 2.3 8 340 M M 6 12 9 340
29 49 17 33 -4 32 0 0.00 M M 2.1 9 120 M M 0 18 10 330
30 49 17 33 -4 32 0 0.00 M M 3.3 10 200 M M 0 15 300
================================================================================
SM 1883 884 559 0 0.68 M 183.9 M 34
================================================================================
AV 62.8 29.5 6.1 FASTST M M 1 MAX(MPH)
MISC ----> # 35 180 # 45 180
================================================================================
NOTES:
# LAST OF SEVERAL OCCURRENCES
COLUMN 17 PEAK WIND IN M.P.H.
PRELIMINARY LOCAL CLIMATOLOGICAL DATA (WS FORM: F-6) , PAGE 2
STATION: SAINT JOHNS AZ AIRPORT
MONTH: NOVEMBER
YEAR: 2020
LATITUDE: 34 31 N
LONGITUDE: 109 23 W
[TEMPERATURE DATA] [PRECIPITATION DATA] SYMBOLS USED IN COLUMN 16
AVERAGE MONTHLY: 46.1 TOTAL FOR MONTH: 0.68 1 = FOG OR MIST
DPTR FM NORMAL: 3.6 DPTR FM NORMAL: -0.24 2 = FOG REDUCING VISIBILITY
HIGHEST: 80 ON 5 GRTST 24HR 0.34 ON 27-27 TO 1/4 MILE OR LESS
LOWEST: 16 ON 25 3 = THUNDER
SNOW, ICE PELLETS, HAIL 4 = ICE PELLETS
TOTAL MONTH: M 5 = HAIL
GRTST 24HR M ON M 6 = FREEZING RAIN OR DRIZZLE
GRTST DEPTH: M ON M 7 = DUSTSTORM OR SANDSTORM:
VSBY 1/2 MILE OR LESS
8 = SMOKE OR HAZE
[NO. OF DAYS WITH] [WEATHER - DAYS WITH] 9 = BLOWING SNOW
X = TORNADO
MAX 32 OR BELOW: 0 0.01 INCH OR MORE: 4
MAX 90 OR ABOVE: 0 0.10 INCH OR MORE: 3
MIN 32 OR BELOW: 16 0.50 INCH OR MORE: 0
MIN 0 OR BELOW: 0 1.00 INCH OR MORE: 0
[HDD (BASE 65) ]
TOTAL THIS MO. 559 CLEAR (SCALE 0-3) 25
DPTR FM NORMAL -117 PTCLDY (SCALE 4-7) 4
TOTAL FM JUL 1 866 CLOUDY (SCALE 8-10) 1
DPTR FM NORMAL -150
[CDD (BASE 65) ]
TOTAL THIS MO. 0
DPTR FM NORMAL 0 [PRESSURE DATA]
TOTAL FM JAN 1 1234 HIGHEST SLP M ON M
DPTR FM NORMAL 273 LOWEST SLP 29.43 ON 7
[REMARKS]
#FINAL-11-20#