000
CXUS56 KPQR 011155
CF6SLE
PRELIMINARY LOCAL CLIMATOLOGICAL DATA (WS FORM: F-6)
STATION: SALEM OR
MONTH: APRIL
YEAR: 2021
LATITUDE: 44 55 N
LONGITUDE: 123 0 W
TEMPERATURE IN F: :PCPN: SNOW: WIND :SUNSHINE: SKY :PK WND
================================================================================
1 2 3 4 5 6A 6B 7 8 9 10 11 12 13 14 15 16 17 18
12Z AVG MX 2MIN
DY MAX MIN AVG DEP HDD CDD WTR SNW DPTH SPD SPD DIR MIN PSBL S-S WX SPD DR
================================================================================
1 70 40 55 6 10 0 0.00 M M 5.1 14 190 M M 0 23 180
2 62 35 49 0 16 0 0.00 M M 3.1 10 320 M M 0 13 310
3 65 38 52 3 13 0 0.00 M M 2.4 12 310 M M 0 14 300
4 60 35 48 -1 17 0 0.00 M M 6.7 20 310 M M 3 25 300
5 57 29 43 -6 22 0 0.00 M M 4.3 12 40 M M 0 15 20
6 64 34 49 0 16 0 0.00 M M 4.0 10 30 M M 0 13 10
7 51 36 44 -5 21 0 0.00 M M 8.6 18 240 M M 8 23 240
8 57 38 48 -1 17 0 0.05 M M 6.7 18 200 M M 6 1 22 200
9 59 31 45 -4 20 0 0.00 M M 6.9 21 320 M M 2 23 310
10 52 34 43 -7 22 0 0.06 M M 11.5 21 310 M M 8 1 27 310
11 58 29 44 -6 21 0 0.00 M M 8.5 18 10 M M 0 23 350
12 65 34 50 0 15 0 0.00 M M 10.4 25 360 M M 0 32 360
13 65 35 50 0 15 0 0.00 M M 10.8 28 30 M M 0 37 30
14 69 34 52 2 13 0 0.00 M M 6.2 21 350 M M 0 29 340
15 78 37 58 8 7 0 0.00 M M 5.8 18 340 M M 0 23 350
16 82 40 61 11 4 0 0.00 M M 8.3 22 50 M M 0 28 360
17 85 42 64 14 1 0 0.00 M M 3.5 13 320 M M 0 16 310
18 85 45 65 15 0 0 0.00 M M 4.5 16 290 M M 0 21 290
19 77 43 60 9 5 0 0.00 M M 5.6 16 340 M M 0 20 350
20 76 49 63 12 2 0 0.00 M M 8.0 22 10 M M 1 27 360
21 78 43 61 10 4 0 0.00 M M 5.9 21 290 M M 0 26 280
22 68 41 55 4 10 0 0.00 M M 7.9 17 310 M M 3 22 310
23 62 41 52 1 13 0 0.00 M M 5.2 13 310 M M 5 15 310
24 55 46 51 -1 14 0 0.21 M M 8.2 16 180 M M 9 21 180
25 61 47 54 2 11 0 0.47 M M 4.8 16 260 M M 9 1 20 270
26 63 46 55 3 10 0 T M M 5.3 14 280 M M 9 19 180
27 68 41 55 3 10 0 0.00 M M 2.8 12 50 M M 2 14 40
28 75 40 58 6 7 0 0.00 M M 2.7 9 340 M M 0 11 70
29 79 46 63 10 2 0 0.00 M M 3.9 17 320 M M 0 20 320
30 74 50 62 9 3 0 0.48 M M 7.0 14 350 M M 9 1 17 190
================================================================================
SM 2020 1179 341 0 1.27 M 184.6 M 74
================================================================================
AV 67.3 39.3 6.2 FASTST M M 2 MAX(MPH)
MISC ----> 28 30 37 30
================================================================================
NOTES:
# LAST OF SEVERAL OCCURRENCES
COLUMN 17 PEAK WIND IN M.P.H.
PRELIMINARY LOCAL CLIMATOLOGICAL DATA (WS FORM: F-6) , PAGE 2
STATION: SALEM OR
MONTH: APRIL
YEAR: 2021
LATITUDE: 44 55 N
LONGITUDE: 123 0 W
[TEMPERATURE DATA] [PRECIPITATION DATA] SYMBOLS USED IN COLUMN 16
AVERAGE MONTHLY: 53.3 TOTAL FOR MONTH: 1.27 1 = FOG OR MIST
DPTR FM NORMAL: 2.9 DPTR FM NORMAL: -1.54 2 = FOG REDUCING VISIBILITY
HIGHEST: 85 ON 18,17 GRTST 24HR 0.50 ON 24-25 TO 1/4 MILE OR LESS
LOWEST: 29 ON 11, 5 3 = THUNDER
SNOW, ICE PELLETS, HAIL 4 = ICE PELLETS
TOTAL MONTH: M 5 = HAIL
GRTST 24HR M ON M 6 = FREEZING RAIN OR DRIZZLE
GRTST DEPTH: M ON M 7 = DUSTSTORM OR SANDSTORM:
VSBY 1/2 MILE OR LESS
8 = SMOKE OR HAZE
[NO. OF DAYS WITH] [WEATHER - DAYS WITH] 9 = BLOWING SNOW
X = TORNADO
MAX 32 OR BELOW: 0 0.01 INCH OR MORE: 5
MAX 90 OR ABOVE: 0 0.10 INCH OR MORE: 3
MIN 32 OR BELOW: 3 0.50 INCH OR MORE: 0
MIN 0 OR BELOW: 0 1.00 INCH OR MORE: 0
[HDD (BASE 65) ]
TOTAL THIS MO. 341 CLEAR (SCALE 0-3) 22
DPTR FM NORMAL -99 PTCLDY (SCALE 4-7) 4
TOTAL FM JUL 1 3993 CLOUDY (SCALE 8-10) 4
DPTR FM NORMAL -250
[CDD (BASE 65) ]
TOTAL THIS MO. 0
DPTR FM NORMAL 0 [PRESSURE DATA]
TOTAL FM JAN 1 0 HIGHEST SLP 30.35 ON 11
DPTR FM NORMAL 0 LOWEST SLP 29.72 ON 25
[REMARKS]
#FINAL-04-21#