000
CXUS56 KPQR 011210
CF6SLE
PRELIMINARY LOCAL CLIMATOLOGICAL DATA (WS FORM: F-6)
STATION: SALEM OR
MONTH: JANUARY
YEAR: 2021
LATITUDE: 44 55 N
LONGITUDE: 123 0 W
TEMPERATURE IN F: :PCPN: SNOW: WIND :SUNSHINE: SKY :PK WND
================================================================================
1 2 3 4 5 6A 6B 7 8 9 10 11 12 13 14 15 16 17 18
12Z AVG MX 2MIN
DY MAX MIN AVG DEP HDD CDD WTR SNW DPTH SPD SPD DIR MIN PSBL S-S WX SPD DR
================================================================================
1 54 46 50 10 15 0 0.43 M M 12.4 22 190 M M 10 1 31 190
2 51 46 49 9 16 0 1.31 M M 17.9 28 180 M M 10 1 40 170
3 51 43 47 7 18 0 0.48 M M 9.0 31 180 M M 8 1 40 200
4 53 42 48 8 17 0 0.82 M M 9.3 23 270 M M 8 18 30 270
5 51 38 45 5 20 0 T M M 8.5 17 180 M M 6 23 180
6 51 44 48 8 17 0 0.89 M M 6.4 16 160 M M 10 18 23 200
7 51 38 45 5 20 0 T M M 3.1 16 190 M M 3 1 20 190
8 52 31 42 2 23 0 0.45 M M 4.2 15 180 M M 6 12 19 170
9 39 31 35 -6 30 0 0.04 M M 1.9 14 300 M M 10 12 17 310
10 48 37 43 2 22 0 0.10 M M 2.5 9 140 M M 9 12 11 100
11 52 37 45 4 20 0 0.27 M M 8.7 24 180 M M 9 12 33 170
12 59 51 55 14 10 0 1.93 M M 20.8 32 180 M M 10 1 43 190
13 59 41 50 9 15 0 0.05 M M 5.0 26 280 M M 2 1 37 270
14 53 36 45 4 20 0 0.00 M M 2.4 10 140 M M 1 12 140
15 51 45 48 7 17 0 0.08 M M 3.8 10 20 M M 10 1 13 30
16 47 43 45 4 20 0 0.00 M M 3.9 9 350 M M 10 1 12 350
17 52 36 44 3 21 0 0.02 M M 3.4 13 160 M M 8 12 17 140
18 48 32 40 -2 25 0 0.00 M M 4.9 15 10 M M 6 128 18 20
19 52 30 41 -1 24 0 0.00 M M 3.2 13 360 M M 0 1 14 350
20 48 27 38 -4 27 0 T M M 1.3 7 130 M M 2 8 130
21 47 39 43 1 22 0 0.01 M M 4.6 10 340 M M 9 18 13 10
22 50 31 41 -1 24 0 0.00 M M 6.7 15 350 M M 1 19 350
23 47 26 37 -5 28 0 0.00 M M 1.5 8 140 M M 3 8 140
24 39 33 36 -6 29 0 0.27 M M 6.4 18 180 M M 10 1 23 180
25 44 33 39 -3 26 0 0.02 M M 6.0 15 170 M M 9 1 18 170
26 40 32 36 -6 29 0 0.51 M M 5.1 17 180 M M 8 1 23 160
27 45 30 38 -4 27 0 0.22 M M 5.2 17 160 M M 9 12 23 170
28 47 38 43 1 22 0 0.03 M M 4.2 12 160 M M 10 15 150
29 47 38 43 1 22 0 0.23 M M 6.1 16 270 M M 9 18 21 270
30 51 41 46 4 19 0 0.09 M M 9.2 17 160 M M 10 18 22 160
31 52 46 49 7 16 0 0.25 M M 8.1 17 190 M M 10 1 25 200
================================================================================
SM 1531 1161 661 0 8.50 M 195.7 M 226
================================================================================
AV 49.4 37.5 6.3 FASTST M M 7 MAX(MPH)
MISC ----> 32 180 43 190
================================================================================
NOTES:
# LAST OF SEVERAL OCCURRENCES
COLUMN 17 PEAK WIND IN M.P.H.
PRELIMINARY LOCAL CLIMATOLOGICAL DATA (WS FORM: F-6) , PAGE 2
STATION: SALEM OR
MONTH: JANUARY
YEAR: 2021
LATITUDE: 44 55 N
LONGITUDE: 123 0 W
[TEMPERATURE DATA] [PRECIPITATION DATA] SYMBOLS USED IN COLUMN 16
AVERAGE MONTHLY: 43.4 TOTAL FOR MONTH: 8.50 1 = FOG OR MIST
DPTR FM NORMAL: 2.2 DPTR FM NORMAL: 2.54 2 = FOG REDUCING VISIBILITY
HIGHEST: 59 ON 13,12 GRTST 24HR 2.53 ON 11-12 TO 1/4 MILE OR LESS
LOWEST: 26 ON 23 3 = THUNDER
SNOW, ICE PELLETS, HAIL 4 = ICE PELLETS
TOTAL MONTH: M 5 = HAIL
GRTST 24HR M ON M 6 = FREEZING RAIN OR DRIZZLE
GRTST DEPTH: M ON M 7 = DUSTSTORM OR SANDSTORM:
VSBY 1/2 MILE OR LESS
8 = SMOKE OR HAZE
[NO. OF DAYS WITH] [WEATHER - DAYS WITH] 9 = BLOWING SNOW
X = TORNADO
MAX 32 OR BELOW: 0 0.01 INCH OR MORE: 22
MAX 90 OR ABOVE: 0 0.10 INCH OR MORE: 14
MIN 32 OR BELOW: 9 0.50 INCH OR MORE: 5
MIN 0 OR BELOW: 0 1.00 INCH OR MORE: 2
[HDD (BASE 65) ]
TOTAL THIS MO. 661 CLEAR (SCALE 0-3) 7
DPTR FM NORMAL -77 PTCLDY (SCALE 4-7) 6
TOTAL FM JUL 1 2393 CLOUDY (SCALE 8-10) 18
DPTR FM NORMAL -234
[CDD (BASE 65) ]
TOTAL THIS MO. 0
DPTR FM NORMAL 0 [PRESSURE DATA]
TOTAL FM JAN 1 0 HIGHEST SLP 30.54 ON 17
DPTR FM NORMAL 0 LOWEST SLP 29.39 ON 26
[REMARKS]
#FINAL-01-21#